000
CXUS54 KHUN 021816
CF6HSV
PRELIMINARY LOCAL CLIMATOLOGICAL DATA (WS FORM: F-6)
STATION: HUNTSVILLE
MONTH: JULY
YEAR: 2022
LATITUDE: 34 39 N
LONGITUDE: 86 46 W
TEMPERATURE IN F: :PCPN: SNOW: WIND :SUNSHINE: SKY :PK WND
================================================================================
1 2 3 4 5 6A 6B 7 8 9 10 11 12 13 14 15 16 17 18
12Z AVG MX 2MIN
DY MAX MIN AVG DEP HDD CDD WTR SNW DPTH SPD SPD DIR MIN PSBL S-S WX SPD DR
================================================================================
1 95 73 84 3 0 19 T 0.0 0 4.0 20 160 M M 4 3 25 170
2 94 73 84 3 0 19 0.02 0.0 0 5.6 17 180 M M 5 13 24 260
3 96 73 85 4 0 20 T 0.0 0 4.6 17 80 M M 4 3 21 70
4 98 74 86 5 0 21 0.00 0.0 0 4.1 12 170 M M 3 16 230
5 100 76 88 7 0 23 T 0.0 0 3.6 16 160 M M 3 3 21 160
6 98 76 87 6 0 22 0.00 0.0 0 5.0 16 320 M M 4 3 26 310
7 98 77 88 7 0 23 T 0.0 0 6.0 16 110 M M 5 3 23 330
8 99 75 87 6 0 22 0.00 0.0 0 5.7 15 260 M M 3 3 21 260
9 97 73 85 4 0 20 0.32 0.0 0 6.0 20 360 M M 7 138 29 10
10 89 71 80 -1 0 15 0.00 0.0 0 6.7 15 10 M M 7 19 30
11 94 70 82 1 0 17 0.00 0.0 0 5.3 14 140 M M 3 19 120
12 95 73 84 3 0 19 T 0.0 0 6.0 32 350 M M 5 3 43 350
13 85 70 78 -3 0 13 0.71 0.0 0 3.4 23 330 M M 8 13 36 340
14 93 72 83 2 0 18 0.00 0.0 0 3.5 14 20 M M 4 12 17 20
15 96 68 82 1 0 17 0.00 0.0 0 2.8 13 20 M M 2 16 30
16 96 72 84 3 0 19 0.00 0.0 0 4.8 10 230 M M 3 15 260
17 95 74 85 4 0 20 0.00 0.0 0 6.5 14 220 M M 4 21 210
18 84 75 80 -1 0 15 0.06 0.0 0 6.6 16 180 M M 7 1 22 240
19 91 73 82 1 0 17 0.30 0.0 0 6.6 17 220 M M 5 13 25 220
20 98 74 86 5 0 21 0.00 0.0 0 7.9 16 230 M M 5 25 200
21 96 77 87 6 0 22 0.01 0.0 0 6.9 18 180 M M 7 38 27 180
22 93 73 83 2 0 18 0.00 0.0 0 4.7 13 230 M M 4 19 210
23 95 72 84 3 0 19 T 0.0 0 4.9 20 140 M M 3 3 29 140
24 96 74 85 4 0 20 0.00 0.0 0 5.7 15 220 M M 4 20 260
25 96 75 86 5 0 21 0.00 0.0 0 5.8 16 170 M M 7 21 210
26 95 75 85 4 0 20 0.00 0.0 0 7.1 15 220 M M 6 23 210
27 96 76 86 5 0 21 0.00 0.0 0 7.8 15 240 M M 4 23 200
28 98 76 87 6 0 22 0.00 0.0 0 6.3 17 220 M M 4 26 190
29 97 77 87 6 0 22 0.00 0.0 0 6.1 20 320 M M 7 27 320
30 91 76 84 3 0 19 0.08 0.0 0 4.8 20 150 M M 9 13 25 140
31 92 74 83 2 0 18 0.12 0.0 0 6.7 17 220 M M 9 13 24 200
================================================================================
SM 2936 2287 0 602 1.62 0.0 171.5 M 155
================================================================================
AV 94.7 73.8 5.5 FASTST M M 5 MAX(MPH)
MISC ----> 32 350 43 350
================================================================================
NOTES:
# LAST OF SEVERAL OCCURRENCES
COLUMN 17 PEAK WIND IN M.P.H.
PRELIMINARY LOCAL CLIMATOLOGICAL DATA (WS FORM: F-6) , PAGE 2
STATION: HUNTSVILLE
MONTH: JULY
YEAR: 2022
LATITUDE: 34 39 N
LONGITUDE: 86 46 W
[TEMPERATURE DATA] [PRECIPITATION DATA] SYMBOLS USED IN COLUMN 16
AVERAGE MONTHLY: 84.2 TOTAL FOR MONTH: 1.62 1 = FOG OR MIST
DPTR FM NORMAL: 2.9 DPTR FM NORMAL: -2.87 2 = FOG REDUCING VISIBILITY
HIGHEST: 100 ON 5 GRTST 24HR 0.71 ON 12-13 TO 1/4 MILE OR LESS
LOWEST: 68 ON 15 3 = THUNDER
SNOW, ICE PELLETS, HAIL 4 = ICE PELLETS
TOTAL MONTH: 0.0 INCH 5 = HAIL
GRTST 24HR 0.0 6 = FREEZING RAIN OR DRIZZLE
GRTST DEPTH: 0 7 = DUSTSTORM OR SANDSTORM:
VSBY 1/2 MILE OR LESS
8 = SMOKE OR HAZE
[NO. OF DAYS WITH] [WEATHER - DAYS WITH] 9 = BLOWING SNOW
X = TORNADO
MAX 32 OR BELOW: 0 0.01 INCH OR MORE: 8
MAX 90 OR ABOVE: 28 0.10 INCH OR MORE: 4
MIN 32 OR BELOW: 0 0.50 INCH OR MORE: 1
MIN 0 OR BELOW: 0 1.00 INCH OR MORE: 0
[HDD (BASE 65) ]
TOTAL THIS MO. 0 CLEAR (SCALE 0-3) 7
DPTR FM NORMAL 0 PTCLDY (SCALE 4-7) 22
TOTAL FM JUL 1 0 CLOUDY (SCALE 8-10) 2
DPTR FM NORMAL 0
[CDD (BASE 65) ]
TOTAL THIS MO. 602
DPTR FM NORMAL 97 [PRESSURE DATA]
TOTAL FM JAN 1 1397 HIGHEST SLP 30.18 ON 31
DPTR FM NORMAL 177 LOWEST SLP 29.80 ON 20
[REMARKS]
#FINAL-07-22#