000
CXUS51 KRLX 012341
CLMHTS
CLIMATE REPORT
NATIONAL WEATHER SERVICE CHARLESTON WV
641 PM EST THU FEB 01 2024
...................................
...THE HUNTINGTON WV CLIMATE SUMMARY FOR THE MONTH OF JANUARY 2024...
CLIMATE NORMAL PERIOD: 1991 TO 2020
CLIMATE RECORD PERIOD: 1897 TO 2024
WEATHER OBSERVED NORMAL DEPART LAST YEAR`S
VALUE DATE(S) VALUE FROM VALUE
NORMAL
..............................................................
TEMPERATURE (F)
RECORD
HIGH 79 01/25/1950
LOW -21 01/19/1994
HIGHEST 65 01/26 71
LOWEST 6 01/17 17
AVG. MAXIMUM 42.5 43.2 -0.7 49.7
AVG. MINIMUM 28.2 26.4 1.8 33.5
MEAN 35.4 34.8 0.6 41.6
DAYS MAX >= 90 0 0.0 0.0 0
DAYS MAX <= 32 7 6.9 0.1 0
DAYS MAX >= 80 0 0
DAYS MAX >= 100 0 0
DAYS MIN <= 32 19 22.4 -3.4 16
DAYS MIN <= 0 0 0.5 -0.5 0
DAYS MIN <= 10 0 0
PRECIPITATION (INCHES)
RECORD
MAXIMUM 12.07 1937
MINIMUM 0.64 1981
TOTALS 4.99 3.10 1.89 3.45
DAILY AVG. 0.16 0.10 0.06 0.11
DAYS >= .01 20 13.4 6.6 18
DAYS >= .10 9 7.0 2.0 8
DAYS >= .50 3 2.1 0.9 1
DAYS >= 1.00 1 0.6 0.4 0
GREATEST
24 HR. TOTAL 1.12 01/09 TO 01/10 0.87
SNOWFALL (INCHES)
RECORDS
TOTAL 30.3 1978
24 HR TOTAL 14.0 01/19/1936 TO 01/19/1936
SNOW DEPTH 20 01/20/1978
TOTALS 8.8 6.0 2.8 0.5
SINCE 7/1 9.0 9.4 -0.4 MM
SNOWDEPTH AVG. 1 0
DAYS >= TRACE 10 4.4 5.6 7
DAYS >= 1.0 3 1.8 1.2 0
GREATEST
SNOW DEPTH 5 01/20 MM
01/21
24 HR TOTAL 3.4 01/19 TO 01/19 0.4
DEGREE DAYS
HEATING TOTAL 912 936 -24 716
SINCE 7/1 2261 2616 -355 MM
COOLING TOTAL 0 0 0 0
SINCE 1/1 0 0 0 MM
..............................................................
WIND (MPH)
AVERAGE WIND SPEED 6.3
HIGHEST WIND SPEED/DIRECTION 31/240 DATE 01/09
HIGHEST GUST SPEED/DIRECTION 45/230 DATE 01/09
SKY COVER
AVERAGE SKY COVER 0.70
NUMBER OF DAYS FAIR 5
NUMBER OF DAYS PC 6
NUMBER OF DAYS CLOUDY 20
AVERAGE RH (PERCENT) 70
WEATHER CONDITIONS. NUMBER OF DAYS WITH
THUNDERSTORM 1 MIXED PRECIP 0
HEAVY RAIN 3 RAIN 7
LIGHT RAIN 15 FREEZING RAIN 0
LT FREEZING RAIN 0 HAIL 0
HEAVY SNOW 0 SNOW 3
LIGHT SNOW 10 SLEET 0
FOG 16 FOG W/VIS <= 1/4 MILE 3
HAZE 4
- INDICATES NEGATIVE NUMBERS.
R INDICATES RECORD WAS SET OR TIED.
MM INDICATES DATA IS MISSING.
T INDICATES TRACE AMOUNT.
$$