000
CXUS51 KRLX 041123
CLSHTS
CLIMATE REPORT
NATIONAL WEATHER SERVICE CHARLESTON WV
723 AM EDT SAT SEP 04 2021
...................................
...THE HUNTINGTON WV CLIMATE SUMMARY FOR THE SEASON, FROM
6/1/2021 TO 8/31/2021...
CLIMATE NORMAL PERIOD: 1991 TO 2020
CLIMATE RECORD PERIOD: 1897 TO 2021
WEATHER OBSERVED NORMAL DEPART LAST YEAR`S
VALUE DATE(S) VALUE FROM VALUE
NORMAL
..............................................................
TEMPERATURE (F)
RECORD
HIGH 108 07/28/1930
LOW 39 06/06/1945
HIGHEST 94 06/28 96
LOWEST 47 06/23 46
AVG. MAXIMUM 84.5 85.0 -0.5 86.4
AVG. MINIMUM 65.7 64.5 1.2 65.6
MEAN 75.1 74.8 0.3 76.0
DAYS MAX >= 90 16 20.7 -4.7 29
DAYS MAX <= 32 0 0.0 0.0 0
DAYS MAX >= 80 75 82
DAYS MAX >= 100 0 0
DAYS MIN <= 32 0 0.0 0.0 0
DAYS MIN <= 0 0 0.0 0.0 0
DAYS MIN <= 10 0 0
PRECIPITATION (INCHES)
RECORD
MAXIMUM 20.67 1979
MINIMUM 5.09 1930
TOTALS 22.05 13.23 8.82 10.97
DAILY AVG. 0.24 0.14 0.10 0.12
DAYS >= .01 40 34.6 5.4 33
DAYS >= .10 31 23.0 8.0 22
DAYS >= .50 17 9.2 7.8 6
DAYS >= 1.00 8 3.5 4.5 2
GREATEST
24 HR. TOTAL 2.57 06/30 TO 07/01 1.78
SNOWFALL (INCHES)
RECORDS
TOTAL MM MM
24 HR TOTAL MM
TOTALS 0.0 0.0 0.0 0.0
SINCE 7/1 0.0 0.0 0.0 MM
DAYS >= TRACE 0 0.0 0.0 0
DAYS >= 1.0 0 0.0 0.0 0
DAYS >= 3.0 0 0
GREATEST
SNOW DEPTH 0 0
24 HR TOTAL 0.0 0.0
DEGREE DAYS
HEATING TOTAL 5 10 -5 5
SINCE 7/1 0 0 0 MM
COOLING TOTAL 957 913 44 1027
SINCE 1/1 1063 1054 9 MM
..............................................................
WIND (MPH)
AVERAGE WIND SPEED 3.9
HIGHEST WIND SPEED/DIRECTION 44/190 DATE 06/08
HIGHEST GUST SPEED/DIRECTION 55/190 DATE 06/08
SKY COVER
POSSIBLE SUNSHINE (PERCENT) MM
AVERAGE SKY COVER 0.33
NUMBER OF DAYS FAIR 57
NUMBER OF DAYS PC 29
NUMBER OF DAYS CLOUDY 6
AVERAGE RH (PERCENT) 76
WEATHER CONDITIONS. NUMBER OF DAYS WITH
THUNDERSTORM 31 MIXED PRECIP 0
HEAVY RAIN 27 RAIN 29
LIGHT RAIN 43 FREEZING RAIN 0
LT FREEZING RAIN 0 HAIL 0
HEAVY SNOW 0 SNOW 0
LIGHT SNOW 0 SLEET 0
FOG 66 FOG W/VIS <= 1/4 MILE 23
HAZE 24
- INDICATES NEGATIVE NUMBERS.
R INDICATES RECORD WAS SET OR TIED.
MM INDICATES DATA IS MISSING.
T INDICATES TRACE AMOUNT.
$$