000
CXUS53 KIND 010700
CF6HUF
PRELIMINARY LOCAL CLIMATOLOGICAL DATA (WS FORM: F-6)
STATION: TERRE HAUTE IN
MONTH: JANUARY
YEAR: 2024
LATITUDE: 39 27 N
LONGITUDE: 87 18 W
TEMPERATURE IN F: :PCPN: SNOW: WIND :SUNSHINE: SKY :PK WND
================================================================================
1 2 3 4 5 6A 6B 7 8 9 10 11 12 13 14 15 16 17 18
12Z AVG MX 2MIN
DY MAX MIN AVG DEP HDD CDD WTR SNW DPTH SPD SPD DIR MIN PSBL S-S WX SPD DR
================================================================================
1 38 33 36 6 29 0 T M M 8.1 15 310 M M 10 1 24 300
2 37 28 33 3 32 0 0.00 M M 8.2 15 240 M M 6 20 210
3 37 21 29 0 36 0 0.00 M M 6.0 15 340 M M 5 1 20 340
4 39 20 30 1 35 0 0.00 M M 3.6 8 60 M M 9 12 20
5 40 19 30 1 35 0 T M M 4.8 13 140 M M 1 19 140
6 39 33 36 7 29 0 0.20 M M 4.0 9 280 M M 10 1 14 300
7 37 33 35 6 30 0 0.01 M M 7.2 14 270 M M 10 1 20 260
8 40 29 35 6 30 0 0.17 M M 8.4 18 120 M M 4 1 27 120
9 47 34 41 12 24 0 0.74 M M 14.7 24 250 M M 10 1 33 100
10 36 32 34 5 31 0 0.01 M M 11.8 22 270 M M 9 1 32 260
11 41 30 36 8 29 0 0.00 M M 8.5 17 200 M M 6 27 170
12 48 23 36 8 29 0 1.31 M M 15.4 31 260 M M 9 1 43 240
13 24 11 18 -10 47 0 T M M 17.0 30 250 M M 10 18 40 260
14 10 -5 3 -25 62 0 T M M 9.5 20 290 M M 5 18 30 300
15 8 -5 2 -26 63 0 T M M 5.8 12 300 M M 3 15 330
16 10 1 6 -22 59 0 T M M 9.2 16 250 M M 4 18 21 260
17 28 3 16 -12 49 0 0.00 M M 11.4 21 200 M M 1 29 220
18 34 24 29 1 36 0 0.01 M M 5.7 14 200 M M 5 1 19 190
19 27 4 16 -12 49 0 0.02 M M 12.7 23 310 M M 8 18 35 340
20 14 0 7 -21 58 0 0.00 M M 6.9 14 300 M M 0 19 330
21 24 -6 9 -19 56 0 0.00 M M 4.6 13 140 M M 0 16 130
22 38 19 29 1 36 0 0.06 M M 9.4 15 180 M M 9 23 180
23 44 34 39 11 26 0 0.79 M M 7.0 15 190 M M 10 12 22 200
24 54 42 48 20 17 0 0.47 M M 5.1 13 190 M M 10 12 18 180
25 52 42 47 18 18 0 0.53 M M 2.9 13 320 M M 10 12 20 300
26 45 40 43 14 22 0 0.00 M M 7.6 20 250 M M 10 1 26 260
27 M M M M M M 0.28 M M 7.8 18 10 M M 10 18 25 10
28 42 36 39 10 26 0 0.21 M M 13.0 22 340 M M 10 1 31 320
29 37 32 35 6 30 0 T M M 7.2 15 190 M M 10 1 21 170
30 42 33 38 9 27 0 0.06 M M 9.4 15 170 M M 9 1 21 180
31 47 32 40 11 25 0 0.00 M M 5.7 14 250 M M 5 1 18 250
================================================================================
SM 1059 672 1075 0 4.87 M 258.6 M 218
================================================================================
AV 35.3 22.4 8.3 FASTST M M 7 MAX(MPH)
MISC ----> 31 260 43 240
================================================================================
NOTES:
# LAST OF SEVERAL OCCURRENCES
COLUMN 17 PEAK WIND IN M.P.H.
PRELIMINARY LOCAL CLIMATOLOGICAL DATA (WS FORM: F-6) , PAGE 2
STATION: TERRE HAUTE IN
MONTH: JANUARY
YEAR: 2024
LATITUDE: 39 27 N
LONGITUDE: 87 18 W
[TEMPERATURE DATA] [PRECIPITATION DATA] SYMBOLS USED IN COLUMN 16
AVERAGE MONTHLY: 28.9 TOTAL FOR MONTH: 4.87 1 = FOG OR MIST
DPTR FM NORMAL: 0.1 DPTR FM NORMAL: 2.27 2 = FOG REDUCING VISIBILITY
HIGHEST: 54 ON 24 GRTST 24HR 1.31 ON 12-12 TO 1/4 MILE OR LESS
LOWEST: -6 ON 21 3 = THUNDER
SNOW, ICE PELLETS, HAIL 4 = ICE PELLETS
TOTAL MONTH: M 5 = HAIL
GRTST 24HR M ON M 6 = FREEZING RAIN OR DRIZZLE
GRTST DEPTH: M ON M 7 = DUSTSTORM OR SANDSTORM:
VSBY 1/2 MILE OR LESS
8 = SMOKE OR HAZE
[NO. OF DAYS WITH] [WEATHER - DAYS WITH] 9 = BLOWING SNOW
X = TORNADO
MAX 32 OR BELOW: 8 0.01 INCH OR MORE: 15
MAX 90 OR ABOVE: 0 0.10 INCH OR MORE: 9
MIN 32 OR BELOW: 20 0.50 INCH OR MORE: 4
MIN 0 OR BELOW: 4 1.00 INCH OR MORE: 1
[HDD (BASE 65) ]
TOTAL THIS MO. 1075 CLEAR (SCALE 0-3) 5
DPTR FM NORMAL -50 PTCLDY (SCALE 4-7) 8
TOTAL FM JUL 1 2686 CLOUDY (SCALE 8-10) 18
DPTR FM NORMAL -478
[CDD (BASE 65) ]
TOTAL THIS MO. 0
DPTR FM NORMAL 0 [PRESSURE DATA]
TOTAL FM JAN 1 0 HIGHEST SLP M ON M
DPTR FM NORMAL 0 LOWEST SLP 29.00 ON 9
[REMARKS]
#FINAL-01-24#