629
CXUS53 KIND 010700
CF6HUF
PRELIMINARY LOCAL CLIMATOLOGICAL DATA (WS FORM: F-6)
STATION: TERRE HAUTE IN
MONTH: FEBRUARY
YEAR: 2021
LATITUDE: 39 27 N
LONGITUDE: 87 18 W
TEMPERATURE IN F: :PCPN: SNOW: WIND :SUNSHINE: SKY :PK WND
================================================================================
1 2 3 4 5 6A 6B 7 8 9 10 11 12 13 14 15 16 17 18
12Z AVG MX 2MIN
DY MAX MIN AVG DEP HDD CDD WTR SNW DPTH SPD SPD DIR MIN PSBL S-S WX SPD DR
================================================================================
1 33 25 29 0 36 0 0.01 M M 11.9 20 320 M M 8 1 29 330
2 34 23 29 0 36 0 0.00 M M 7.5 15 330 M M 8 19 310
3 38 21 30 0 35 0 0.00 M M 4.0 8 330 M M 3 1 11 160
4 40 29 35 5 30 0 0.24 M M 14.5 30 270 M M 6 1 42 270
5 35 23 29 -1 36 0 T M M 13.0 28 300 M M 7 41 310
6 31 16 24 -6 41 0 T M M 6.0 14 10 M M 2 18 21 350
7 20 3 12 -18 53 0 0.00 M M 7.2 16 330 M M 4 22 330
8 25 11 18 -12 47 0 T M M 5.4 10 90 M M 10 1 13 110
9 26 19 23 -8 42 0 0.01 M M 8.0 13 360 M M 10 18 18 30
10 25 20 23 -8 42 0 T M M 10.4 17 30 M M 9 18 22 20
11 26 20 23 -8 42 0 T M M 12.7 21 50 M M 9 18 26 60
12 28 15 22 -9 43 0 0.00 M M 9.7 16 340 M M 8 21 340
13 25 10 18 -14 47 0 0.00 M M 9.8 16 320 M M 9 22 330
14 19 2 11 -21 54 0 T M M 11.3 17 360 M M 7 25 360
15 15 6 11 -21 54 0 M M M 12.7 20 350 M M 10 128 30 360
16 18 -7 6 -26 59 0 T M M 7.1 14 350 M M 5 18 18 350
17 23 -8 8 -25 57 0 0.00 M M 4.2 14 50 M M 6 18 17 50
18 27 10 19 -14 46 0 T M M 7.1 14 310 M M 7 18 18 320
19 25 -4 11 -23 54 0 0.00 M M 3.9 14 260 M M 2 18 19 270
20 31 2 17 -17 48 0 0.00 M M 5.9 17 200 M M 5 21 200
21 45 16 31 -3 34 0 0.03 M M 13.1 29 200 M M 3 1 42 150
22 41 33 37 3 28 0 0.01 M M 12.6 25 240 M M 6 1 36 240
23 55 34 45 10 20 0 0.00 M M 9.2 18 230 M M 1 28 220
24 57 34 46 11 19 0 0.00 M M 10.8 21 260 M M 1 31 330
25 48 26 37 1 28 0 0.00 M M 4.0 14 10 M M 1 12 19 330
26 49 25 37 1 28 0 0.08 M M 9.3 17 110 M M 4 1 22 130
27 57 37 47 11 18 0 0.10 M M 5.9 13 190 M M 4 12 19 190
28 61 39 50 13 15 0 1.08 M M 9.8 24 300 M M 10 1 39 290
================================================================================
SM 957 480 1092 0 1.56 M 247.0 M 165
================================================================================
AV 34.2 17.1 8.8 FASTST M M 6 MAX(MPH)
MISC ----> 30 270 # 42 270
================================================================================
NOTES:
# LAST OF SEVERAL OCCURRENCES
COLUMN 17 PEAK WIND IN M.P.H.
PRELIMINARY LOCAL CLIMATOLOGICAL DATA (WS FORM: F-6) , PAGE 2
STATION: TERRE HAUTE IN
MONTH: FEBRUARY
YEAR: 2021
LATITUDE: 39 27 N
LONGITUDE: 87 18 W
[TEMPERATURE DATA] [PRECIPITATION DATA] SYMBOLS USED IN COLUMN 16
AVERAGE MONTHLY: 25.7 TOTAL FOR MONTH: 1.56 1 = FOG OR MIST
DPTR FM NORMAL: -6.7 DPTR FM NORMAL: -0.37 2 = FOG REDUCING VISIBILITY
HIGHEST: 61 ON 28 GRTST 24HR 1.08 ON 27-28 TO 1/4 MILE OR LESS
LOWEST: -8 ON 17 3 = THUNDER
SNOW, ICE PELLETS, HAIL 4 = ICE PELLETS
TOTAL MONTH: M 5 = HAIL
GRTST 24HR M ON M 6 = FREEZING RAIN OR DRIZZLE
GRTST DEPTH: M ON M 7 = DUSTSTORM OR SANDSTORM:
VSBY 1/2 MILE OR LESS
8 = SMOKE OR HAZE
[NO. OF DAYS WITH] [WEATHER - DAYS WITH] 9 = BLOWING SNOW
X = TORNADO
MAX 32 OR BELOW: 15 0.01 INCH OR MORE: 8
MAX 90 OR ABOVE: 0 0.10 INCH OR MORE: 3
MIN 32 OR BELOW: 23 0.50 INCH OR MORE: 1
MIN 0 OR BELOW: 3 1.00 INCH OR MORE: 1
[HDD (BASE 65) ]
TOTAL THIS MO. 1092 CLEAR (SCALE 0-3) 7
DPTR FM NORMAL 179 PTCLDY (SCALE 4-7) 13
TOTAL FM JUL 1 3940 CLOUDY (SCALE 8-10) 8
DPTR FM NORMAL -223
[CDD (BASE 65) ]
TOTAL THIS MO. 0
DPTR FM NORMAL 0 [PRESSURE DATA]
TOTAL FM JAN 1 0 HIGHEST SLP M ON M
DPTR FM NORMAL 0 LOWEST SLP 29.45 ON 4
[REMARKS]
#FINAL-02-21#