250
CXUS51 KCAR 010600
CF6HUL
PRELIMINARY LOCAL CLIMATOLOGICAL DATA (WS FORM: F-6)
STATION: HOULTON ME
MONTH: AUGUST
YEAR: 2020
LATITUDE: 46 7 N
LONGITUDE: 67 48 W
TEMPERATURE IN F: :PCPN: SNOW: WIND :SUNSHINE: SKY :PK WND
================================================================================
1 2 3 4 5 6A 6B 7 8 9 10 11 12 13 14 15 16 17 18
12Z AVG MX 2MIN
DY MAX MIN AVG DEP HDD CDD WTR SNW DPTH SPD SPD DIR MIN PSBL S-S WX SPD DR
================================================================================
1 78 52 65 -1 0 0 0.00 M M 4.3 14 360 M M 3 1 17 30
2 88 52 70 4 0 5 T M M 5.6 16 230 M M 3 23 210
3 87 67 77 11 0 12 T M M 9.7 22 250 M M 6 1 29 250
4 81 61 71 5 0 6 0.25 M M 4.6 13 80 M M 1 1 19 110
5 85 64 75 10 0 10 0.11 M M 8.8 21 220 M M 6 1 29 130
6 79 55 67 2 0 2 0.00 M M 8.2 22 240 M M 2 31 260
7 84 52 68 3 0 3 0.00 M M 4.6 17 230 M M 1 25 220
8 86 53 70 5 0 5 0.00 M M 3.8 14 260 M M 1 19 250
9 88 55 72 7 0 7 0.00 M M 5.2 17 230 M M 1 22 230
10 87 63 75 10 0 10 0.00 M M 3.5 13 230 M M 7 17 260
11 91 67 79 14 0 14 0.00 M M 7.8 17 230 M M 2 1 23 210
12 92 57 75 10 0 10 0.00 M M 5.1 15 280 M M 3 23 280
13 87 53 70 6 0 5 0.00 M M 3.0 14 360 M M 2 20 360
14 85 53 69 5 0 4 T M M 6.3 20 10 M M 4 23 100
15 79 54 67 3 0 2 0.00 M M 6.1 15 20 M M 2 20 20
16 80 51 66 2 0 1 0.00 M M 2.1 8 220 M M 5 13 330
17 80 56 68 4 0 3 0.01 M M 3.5 9 220 M M 4 1 15 130
18 71 55 63 -1 2 0 0.51 M M 5.4 14 220 M M 6 13 19 210
19 76 52 64 0 1 0 0.00 M M 7.2 17 240 M M 1 25 250
20 76 48 62 -1 3 0 0.00 M M 6.2 18 280 M M 2 27 270
21 66 49 58 -5 7 0 0.03 M M 3.9 12 240 M M 9 12 14 220
22 78 47 63 0 2 0 0.00 M M 1.7 13 330 M M 5 12 21 340
23 78 46 62 -1 3 0 0.00 M M 5.3 17 230 M M 3 22 240
24 81 49 65 3 0 0 T M M 2.4 14 230 M M 5 1 16 230
25 78 57 68 6 0 3 0.31 M M 7.5 22 220 M M 8 13 29 230
26 65 48 57 -5 8 0 T M M 11.5 23 270 M M 2 37 320
27 70 44 57 -5 8 0 0.00 M M 9.0 20 280 M M 0 27 280
28 72 41 57 -5 8 0 0.00 M M 5.8 21 250 M M 2 28 310
29 62 39 51 -10 14 0 0.24 M M 5.3 14 90 M M 6 1 21 110
30 67 51 59 -2 6 0 0.01 M M 9.6 24 310 M M 10 1 39 300
31 69 43 56 -5 9 0 0.00 M M 3.8 15 330 M M 4 22 320
================================================================================
SM 2446 1634 71 102 1.47 M 176.8 M 116
================================================================================
AV 78.9 52.7 5.7 FASTST M M 4 MAX(MPH)
MISC ----> # 24 310 # 39 300
================================================================================
NOTES:
# LAST OF SEVERAL OCCURRENCES
COLUMN 17 PEAK WIND IN M.P.H.
PRELIMINARY LOCAL CLIMATOLOGICAL DATA (WS FORM: F-6) , PAGE 2
STATION: HOULTON ME
MONTH: AUGUST
YEAR: 2020
LATITUDE: 46 7 N
LONGITUDE: 67 48 W
[TEMPERATURE DATA] [PRECIPITATION DATA] SYMBOLS USED IN COLUMN 16
AVERAGE MONTHLY: 65.8 TOTAL FOR MONTH: 1.47 1 = FOG OR MIST
DPTR FM NORMAL: 2.0 DPTR FM NORMAL: -2.21 2 = FOG REDUCING VISIBILITY
HIGHEST: 92 ON 12 GRTST 24HR 0.51 ON 18-18 TO 1/4 MILE OR LESS
LOWEST: 39 ON 29 3 = THUNDER
SNOW, ICE PELLETS, HAIL 4 = ICE PELLETS
TOTAL MONTH: M 5 = HAIL
GRTST 24HR M ON M 6 = FREEZING RAIN OR DRIZZLE
GRTST DEPTH: M ON M 7 = DUSTSTORM OR SANDSTORM:
VSBY 1/2 MILE OR LESS
8 = SMOKE OR HAZE
[NO. OF DAYS WITH] [WEATHER - DAYS WITH] 9 = BLOWING SNOW
X = TORNADO
MAX 32 OR BELOW: 0 0.01 INCH OR MORE: 8
MAX 90 OR ABOVE: 2 0.10 INCH OR MORE: 5
MIN 32 OR BELOW: 0 0.50 INCH OR MORE: 1
MIN 0 OR BELOW: 0 1.00 INCH OR MORE: 0
[HDD (BASE 65) ]
TOTAL THIS MO. 71 CLEAR (SCALE 0-3) 17
DPTR FM NORMAL -25 PTCLDY (SCALE 4-7) 12
TOTAL FM JUL 1 100 CLOUDY (SCALE 8-10) 2
DPTR FM NORMAL -56
[CDD (BASE 65) ]
TOTAL THIS MO. 102
DPTR FM NORMAL 44 [PRESSURE DATA]
TOTAL FM JAN 1 390 HIGHEST SLP 30.23 ON 15
DPTR FM NORMAL 212 LOWEST SLP 29.28 ON 30
[REMARKS]
#FINAL-08-20#