000
CXUS51 KCAR 021849
CLMHUL
CLIMATE REPORT
NATIONAL WEATHER SERVICE CARIBOU ME
249 PM EDT SAT SEP 02 2023
...................................
...THE HOULTON ME CLIMATE SUMMARY FOR THE MONTH OF AUGUST 2023...
CLIMATE NORMAL PERIOD: 1991 TO 2020
CLIMATE RECORD PERIOD: 1948 TO 2023
WEATHER OBSERVED NORMAL DEPART LAST YEAR`S
VALUE DATE(S) VALUE FROM VALUE DATE(S)
NORMAL
................................................................
TEMPERATURE (F)
RECORD
HIGH 99 08/02/1975
LOW 30 08/28/1978
08/25/1978
HIGHEST 80 08/10 MM MM 91 08/07
LOWEST 40 08/23 MM MM 42 08/28
AVG. MAXIMUM 72.6 76.7 -4.1 76.8
AVG. MINIMUM 52.7 52.1 0.6 56.3
MEAN 62.7 64.4 -1.7 66.5
DAYS MAX >= 90 0 0.8 -0.8 1
DAYS MAX <= 32 0 0.0 0.0 0
DAYS MIN <= 32 0 0.0 0.0 0
DAYS MIN <= 0 0 0.0 0.0 0
PRECIPITATION (INCHES)
RECORD
MAXIMUM 5.57 2022
MINIMUM 1.47 2020
TOTALS 5.38 1.86
DAILY AVG. 0.17 0.11 0.06 0.18
DAYS >= .01 15 11.8 3.2 13
DAYS >= .10 12 6.7 5.3 7
DAYS >= .50 3 2.5 0.5 4
DAYS >= 1.00 1 0.8 0.2 2
GREATEST
24 HR. TOTAL 1.66 08/10 TO 08/11 1.55 08/08 TO 08/09
SNOWFALL (INCHES)
RECORDS
TOTAL MM MM
TOTALS MM MM MM MM
SINCE 7/1 MM MM MM MM
SNOWDEPTH AVG. MM MM
DAYS >= 1.0 MM MM MM MM
GREATEST
SNOW DEPTH MM MM MM
24 HR TOTAL MM MM
DEGREE DAYS
HEATING TOTAL 83 81 2
................................................................
WIND (MPH)
AVERAGE WIND SPEED 4.8
HIGHEST WIND SPEED/DIRECTION 23/010 DATE 08/22
23/360 08/31
HIGHEST GUST SPEED/DIRECTION 35/340 DATE 08/31
SKY COVER
POSSIBLE SUNSHINE (PERCENT) MM
AVERAGE SKY COVER 0.57
NUMBER OF DAYS FAIR 8
NUMBER OF DAYS PC 14
NUMBER OF DAYS CLOUDY 9
AVERAGE RH (PERCENT) 77
WEATHER CONDITIONS. NUMBER OF DAYS WITH
THUNDERSTORM 5 MIXED PRECIP 0
HEAVY RAIN 9 RAIN 10
LIGHT RAIN 16 FREEZING RAIN 0
LT FREEZING RAIN 0 HAIL 0
HEAVY SNOW 0 SNOW 0
LIGHT SNOW 0 SLEET 0
FOG 29 FOG W/VIS <= 1/4 MILE 4
HAZE 1
- INDICATES NEGATIVE NUMBERS.
* INDICATES RECORD WAS SET OR TIED.
MM INDICATES DATA IS MISSING.
T INDICATES TRACE AMOUNT.
$$