000
CXUS54 KHGX 021208
CF6IAH
PRELIMINARY LOCAL CLIMATOLOGICAL DATA (WS FORM: F-6)
STATION: HOUSTON INTERCONTINENTAL
MONTH: APRIL
YEAR: 2023
LATITUDE: 29 58 N
LONGITUDE: 95 21 W
TEMPERATURE IN F: :PCPN: SNOW: WIND :SUNSHINE: SKY :PK WND
================================================================================
1 2 3 4 5 6A 6B 7 8 9 10 11 12 13 14 15 16 17 18
12Z AVG MX 2MIN
DY MAX MIN AVG DEP HDD CDD WTR SNW DPTH SPD SPD DIR MIN PSBL S-S WX SPD DR
================================================================================
1 89 65 77 10 0 12 0.00 0.0 0 6.2 16 10 M M 7 1 27 40
2 83 63 73 6 0 8 0.00 0.0 0 8.8 22 160 M M 8 31 150
3 87 74 81 14 0 16 0.00 0.0 0 10.2 21 150 M M 9 18 32 140
4 83 73 78 10 0 13 0.00 0.0 0 13.3 25 160 M M 10 35 160
5 81 55 68 0 0 3 0.80 0.0 0 13.0 22 150 M M 10 13 31 150
6 64 55 60 -8 5 0 0.82 0.0 0 12.4 29 40 M M 10 13 40 50
7 59 54 57 -11 8 0 0.99 0.0 0 10.7 22 20 M M 10 13 28 80
8 72 54 63 -5 2 0 0.00 0.0 0 8.0 15 10 M M 9 1 22 350
9 72 57 65 -3 0 0 0.00 0.0 0 6.1 14 90 M M 8 19 60
10 68 57 63 -6 2 0 0.00 0.0 0 6.5 13 20 M M 8 17 70
11 77 58 68 -1 0 3 0.00 0.0 0 8.2 17 30 M M 5 27 30
12 76 55 66 -3 0 1 T 0.0 0 5.6 23 50 M M 3 3 30 50
13 79 53 66 -3 0 1 0.00 0.0 0 4.0 16 140 M M 2 20 140
14 78 57 68 -2 0 3 0.00 0.0 0 8.6 21 160 M M 7 28 160
15 90 69 80 10 0 15 0.06 0.0 0 8.9 25 360 M M 8 3 33 10
16 76 55 66 -4 0 1 0.00 0.0 0 11.2 22 10 M M 2 31 20
17 76 50 63 -7 2 0 0.00 0.0 0 6.8 17 140 M M 2 26 150
18 78 60 69 -1 0 4 0.05 0.0 0 8.5 23 120 M M 8 30 170
19 84 65 75 4 0 10 0.00 0.0 0 12.6 24 150 M M 5 33 130
20 78 64 71 0 0 6 1.26 0.0 0 12.0 30 330 M M 9 13 45 340
21 78 63 71 0 0 6 1.10 0.0 0 7.8 29 110 M M 6 13 38 110
22 77 56 67 -4 0 2 0.00 0.0 0 11.0 22 110 M M 2 30 120
23 65 56 61 -11 4 0 0.05 0.0 0 12.8 23 50 M M 9 3 29 50
24 74 54 64 -8 1 0 0.00 0.0 0 10.1 16 110 M M 8 24 70
25 78 60 69 -3 0 4 T 0.0 0 11.3 24 150 M M 8 28 150
26 81 65 73 1 0 8 0.15 0.0 0 13.1 23 10 M M 8 1 29 140
27 76 60 68 -4 0 3 0.25 0.0 0 8.3 20 110 M M 6 13 27 110
28 82 56 69 -4 0 4 0.34 0.0 0 9.9 28 110 M M 3 13 35 110
29 70 56 63 -10 2 0 0.00 0.0 0 12.4 24 310 M M 7 33 330
30 85 53 69 -4 0 4 0.00 0.0 0 6.4 14 240 M M 0 22 250
================================================================================
SM 2316 1772 26 127 5.87 0.0 284.7 M 197
================================================================================
AV 77.2 59.1 9.5 FASTST M M 7 MAX(MPH)
MISC ----> 30 330 45 340
================================================================================
NOTES:
# LAST OF SEVERAL OCCURRENCES
COLUMN 17 PEAK WIND IN M.P.H.
PRELIMINARY LOCAL CLIMATOLOGICAL DATA (WS FORM: F-6) , PAGE 2
STATION: HOUSTON INTERCONTINENTAL
MONTH: APRIL
YEAR: 2023
LATITUDE: 29 58 N
LONGITUDE: 95 21 W
[TEMPERATURE DATA] [PRECIPITATION DATA] SYMBOLS USED IN COLUMN 16
AVERAGE MONTHLY: 68.1 TOTAL FOR MONTH: 5.87 1 = FOG OR MIST
DPTR FM NORMAL: -1.9 DPTR FM NORMAL: 1.92 2 = FOG REDUCING VISIBILITY
HIGHEST: 90 ON 15 GRTST 24HR 2.36 ON 20-21 TO 1/4 MILE OR LESS
LOWEST: 50 ON 17 3 = THUNDER
SNOW, ICE PELLETS, HAIL 4 = ICE PELLETS
TOTAL MONTH: 0.0 INCH 5 = HAIL
GRTST 24HR 0.0 6 = FREEZING RAIN OR DRIZZLE
GRTST DEPTH: 0 7 = DUSTSTORM OR SANDSTORM:
VSBY 1/2 MILE OR LESS
8 = SMOKE OR HAZE
[NO. OF DAYS WITH] [WEATHER - DAYS WITH] 9 = BLOWING SNOW
X = TORNADO
MAX 32 OR BELOW: 0 0.01 INCH OR MORE: 11
MAX 90 OR ABOVE: 1 0.10 INCH OR MORE: 8
MIN 32 OR BELOW: 0 0.50 INCH OR MORE: 5
MIN 0 OR BELOW: 0 1.00 INCH OR MORE: 2
[HDD (BASE 65) ]
TOTAL THIS MO. 26 CLEAR (SCALE 0-3) 5
DPTR FM NORMAL -5 PTCLDY (SCALE 4-7) 15
TOTAL FM JUL 1 1120 CLOUDY (SCALE 8-10) 10
DPTR FM NORMAL -144
[CDD (BASE 65) ]
TOTAL THIS MO. 127
DPTR FM NORMAL -52 [PRESSURE DATA]
TOTAL FM JAN 1 414 HIGHEST SLP 30.26 ON 10
DPTR FM NORMAL 101 LOWEST SLP 29.65 ON 4
[REMARKS]
#FINAL-04-23#