000
CXUS53 KUNR 010945
CF6ICR
PRELIMINARY LOCAL CLIMATOLOGICAL DATA (WS FORM: F-6)
STATION: WINNER REGIONAL AIRPORT SD
MONTH: APRIL
YEAR: 2020
LATITUDE: 43 23 N
LONGITUDE: 99 50 W
TEMPERATURE IN F: :PCPN: SNOW: WIND :SUNSHINE: SKY :PK WND
================================================================================
1 2 3 4 5 6A 6B 7 8 9 10 11 12 13 14 15 16 17 18
12Z AVG MX 2MIN
DY MAX MIN AVG DEP HDD CDD WTR SNW DPTH SPD SPD DIR MIN PSBL S-S WX SPD DR
================================================================================
1 69 28 49 6 16 0 0.07 M M 12.6 32 330 M M 6 36 42 330
2 28 17 23 -20 42 0 0.07 M M 24.0 32 330 M M 10 169 43 340
3 34 11 23 -20 42 0 T M M 12.7 26 310 M M 2 32 320
4 59 21 40 -4 25 0 0.00 M M 18.9 32 170 M M 2 45 170
5 66 35 51 7 14 0 0.00 M M 15.4 30 180 M M 4 8 42 160
6 81 45 63 19 2 0 0.00 M M 14.3 31 190 M M 1 42 190
7 76 43 60 15 5 0 0.00 M M 7.7 23 310 M M 0 29 310
8 56 30 43 -2 22 0 T M M 15.0 31 330 M M 3 39 320
9 43 21 32 -13 33 0 0.00 M M 16.9 39 320 M M 1 52 340
10 69 23 46 0 19 0 0.00 M M 12.3 25 190 M M 0 34 170
11 54 32 43 -3 22 0 0.34 M M 9.4 25 20 M M 8 1 33 20
12 32 19 26 -20 39 0 M M M 20.0 29 330 M M 7 12 37 330
13 31 15 23 -24 42 0 T M M 16.1 26 310 M M 4 8 36 260
14 35 14 25 -22 40 0 0.00 M M 9.8 17 290 M M 1 23 290
15 45 18 32 -16 33 0 T M M 6.6 18 60 M M 4 24 60
16 39 24 32 -16 33 0 T M M 6.4 14 220 M M 6 12 19 210
17 54 27 41 -7 24 0 0.00 M M 10.1 22 240 M M 1 28 260
18 69 39 54 5 11 0 0.00 M M 13.4 24 350 M M 1 32 310
19 50 31 41 -8 24 0 0.02 M M 4.6 14 60 M M 7 17 60
20 69 36 53 4 12 0 0.00 M M 15.3 37 320 M M 3 47 320
21 78 34 56 6 9 0 0.00 M M 8.8 21 250 M M 2 26 260
22 79 44 62 12 3 0 T M M 10.3 26 340 M M 1 42 300
23 74 43 59 9 6 0 0.06 M M 8.8 33 300 M M 3 50 290
24 69 39 54 3 11 0 T M M 9.9 26 30 M M 4 33 20
25 64 39 52 1 13 0 T M M 13.3 29 320 M M 3 38 320
26 76 38 57 5 8 0 0.00 M M 13.8 24 160 M M 0 33 140
27 80 44 62 10 3 0 0.00 M M 10.2 23 190 M M 1 33 180
28 70 45 58 6 7 0 0.03 M M 17.2 44 340 M M 5 59 340
29 63 40 52 -1 13 0 0.00 M M 13.7 30 320 M M 6 39 330
30 81 39 60 7 5 0 T M M 15.0 29 160 M M 0 38 160
================================================================================
SM 1793 934 578 0 0.59 M 382.5 M 96
================================================================================
AV 59.8 31.1 12.7 FASTST M M 3 MAX(MPH)
MISC ----> # 44 340 # 59 340
================================================================================
NOTES:
# LAST OF SEVERAL OCCURRENCES
COLUMN 17 PEAK WIND IN M.P.H.
PRELIMINARY LOCAL CLIMATOLOGICAL DATA (WS FORM: F-6) , PAGE 2
STATION: WINNER REGIONAL AIRPORT SD
MONTH: APRIL
YEAR: 2020
LATITUDE: 43 23 N
LONGITUDE: 99 50 W
[TEMPERATURE DATA] [PRECIPITATION DATA] SYMBOLS USED IN COLUMN 16
AVERAGE MONTHLY: 45.5 TOTAL FOR MONTH: 0.59 1 = FOG OR MIST
DPTR FM NORMAL: -2.2 DPTR FM NORMAL: -1.90 2 = FOG REDUCING VISIBILITY
HIGHEST: 81 ON 30, 6 GRTST 24HR 0.34 ON 11-11 TO 1/4 MILE OR LESS
LOWEST: 11 ON 3 3 = THUNDER
SNOW, ICE PELLETS, HAIL 4 = ICE PELLETS
TOTAL MONTH: M 5 = HAIL
GRTST 24HR M ON M 6 = FREEZING RAIN OR DRIZZLE
GRTST DEPTH: M ON M 7 = DUSTSTORM OR SANDSTORM:
VSBY 1/2 MILE OR LESS
8 = SMOKE OR HAZE
[NO. OF DAYS WITH] [WEATHER - DAYS WITH] 9 = BLOWING SNOW
X = TORNADO
MAX 32 OR BELOW: 3 0.01 INCH OR MORE: 6
MAX 90 OR ABOVE: 0 0.10 INCH OR MORE: 1
MIN 32 OR BELOW: 15 0.50 INCH OR MORE: 0
MIN 0 OR BELOW: 0 1.00 INCH OR MORE: 0
[HDD (BASE 65) ]
TOTAL THIS MO. 578 CLEAR (SCALE 0-3) 17
DPTR FM NORMAL 59 PTCLDY (SCALE 4-7) 12
TOTAL FM JUL 1 6227 CLOUDY (SCALE 8-10) 1
DPTR FM NORMAL -177
[CDD (BASE 65) ]
TOTAL THIS MO. 0
DPTR FM NORMAL -2 [PRESSURE DATA]
TOTAL FM JAN 1 0 HIGHEST SLP 30.41 ON 3
DPTR FM NORMAL -2 LOWEST SLP 29.56 ON 6
[REMARKS]
#FINAL-04-20#