000
CXUS55 KVEF 012007
CF6IGM
PRELIMINARY LOCAL CLIMATOLOGICAL DATA (WS FORM: F-6)
STATION: KINGMAN AZ
MONTH: MARCH
YEAR: 2022
LATITUDE: 35 16 N
LONGITUDE: 113 57 W
TEMPERATURE IN F: :PCPN: SNOW: WIND :SUNSHINE: SKY :PK WND
================================================================================
1 2 3 4 5 6A 6B 7 8 9 10 11 12 13 14 15 16 17 18
12Z AVG MX 2MIN
DY MAX MIN AVG DEP HDD CDD WTR SNW DPTH SPD SPD DIR MIN PSBL S-S WX SPD DR
================================================================================
1 76 39 58 8 7 0 0.00 M M 9.5 20 350 M M 0 8 27 40
2 80 37 59 9 6 0 0.00 M M 6.7 16 230 M M 0 21 90
3 78 44 61 11 4 0 0.00 M M 11.3 29 230 M M 0 35 230
4 60 47 54 4 11 0 T M M 16.5 32 220 M M 4 42 250
5 52 35 44 -6 21 0 0.06 M M 17.3 36 230 M M 6 18 46 240
6 52 29 41 -10 24 0 0.00 M M 5.8 15 240 M M 5 22 240
7 52 30 41 -10 24 0 0.00 M M 12.6 35 360 M M 1 8 45 360
8 56 27 42 -9 23 0 0.00 M M 7.3 16 350 M M 0 22 300
9 64 28 46 -5 19 0 0.00 M M 11.3 26 230 M M 0 36 230
10 50 35 43 -9 22 0 T M M 18.4 39 10 M M 5 49 10
11 57 24 41 -11 24 0 0.00 M M 10.3 22 20 M M 0 31 20
12 68 30 49 -3 16 0 0.00 M M 6.1 16 230 M M 0 21 220
13 68 32 50 -2 15 0 0.00 M M 11.2 31 230 M M 0 41 230
14 70 39 55 3 10 0 0.00 M M 7.5 14 10 M M 0 22 360
15 76 35 56 3 9 0 0.00 M M 6.8 21 230 M M 0 26 240
16 71 44 58 5 7 0 0.00 M M 11.7 29 350 M M 0 38 10
17 69 38 54 1 11 0 0.00 M M 6.7 17 20 M M 0 28 60
18 72 34 53 0 12 0 0.00 M M 4.7 16 20 M M 0 21 30
19 75 36 56 2 9 0 0.00 M M 12.4 32 210 M M 1 40 180
20 61 43 52 -2 13 0 0.02 M M 13.2 25 340 M M 4 32 340
21 63 39 51 -3 14 0 0.00 M M 15.7 33 340 M M 0 41 340
22 68 37 53 -1 12 0 0.00 M M 13.1 32 350 M M 0 8 39 360
23 73 38 56 2 9 0 0.00 M M 5.8 15 50 M M 0 19 50
24 82 36 59 5 6 0 0.00 M M 3.4 16 10 M M 0 20 20
25 86 42 64 9 1 0 0.00 M M 5.2 16 240 M M 0 22 250
26 87 51 69 14 0 4 0.00 M M 13.4 25 230 M M 0 35 250
27 83 51 67 12 0 2 0.00 M M 14.2 30 210 M M 0 40 230
28 72 46 59 4 6 0 0.26 M M 18.2 41 160 M M M 3 59 170
29 58 40 49 -6 16 0 0.63 M M 9.1 22 140 M M 8 13 28 280
30 69 42 56 0 9 0 T M M 5.3 17 150 M M 1 26 360
31 71 48 60 4 5 0 0.00 M M 11.7 25 240 M M 0 35 240
================================================================================
SM 2119 1176 365 6 0.97 M 322.4 M 35
================================================================================
AV 68.4 37.9 10.4 FASTST M M 1 MAX(MPH)
MISC ----> 41 160 59 170
================================================================================
NOTES:
# LAST OF SEVERAL OCCURRENCES
COLUMN 17 PEAK WIND IN M.P.H.
PRELIMINARY LOCAL CLIMATOLOGICAL DATA (WS FORM: F-6) , PAGE 2
STATION: KINGMAN AZ
MONTH: MARCH
YEAR: 2022
LATITUDE: 35 16 N
LONGITUDE: 113 57 W
[TEMPERATURE DATA] [PRECIPITATION DATA] SYMBOLS USED IN COLUMN 16
AVERAGE MONTHLY: 53.1 TOTAL FOR MONTH: 0.97 1 = FOG OR MIST
DPTR FM NORMAL: 0.4 DPTR FM NORMAL: 0.38 2 = FOG REDUCING VISIBILITY
HIGHEST: 87 ON 26 GRTST 24HR 0.63 ON 29-29 TO 1/4 MILE OR LESS
LOWEST: 24 ON 11 3 = THUNDER
SNOW, ICE PELLETS, HAIL 4 = ICE PELLETS
TOTAL MONTH: M 5 = HAIL
GRTST 24HR M ON M 6 = FREEZING RAIN OR DRIZZLE
GRTST DEPTH: M ON M 7 = DUSTSTORM OR SANDSTORM:
VSBY 1/2 MILE OR LESS
8 = SMOKE OR HAZE
[NO. OF DAYS WITH] [WEATHER - DAYS WITH] 9 = BLOWING SNOW
X = TORNADO
MAX 32 OR BELOW: 0 0.01 INCH OR MORE: 4
MAX 90 OR ABOVE: 0 0.10 INCH OR MORE: 2
MIN 32 OR BELOW: 7 0.50 INCH OR MORE: 1
MIN 0 OR BELOW: 0 1.00 INCH OR MORE: 0
[HDD (BASE 65) ]
TOTAL THIS MO. 365 CLEAR (SCALE 0-3) 24
DPTR FM NORMAL -17 PTCLDY (SCALE 4-7) 6
TOTAL FM JUL 1 2517 CLOUDY (SCALE 8-10) 1
DPTR FM NORMAL -237
[CDD (BASE 65) ]
TOTAL THIS MO. 6
DPTR FM NORMAL 4 [PRESSURE DATA]
TOTAL FM JAN 1 6 HIGHEST SLP 30.31 ON 11
DPTR FM NORMAL 4 LOWEST SLP 29.52 ON 28
[REMARKS]
#FINAL-03-22#