000
CXUS54 KFWD 010731
CF6ILE
PRELIMINARY LOCAL CLIMATOLOGICAL DATA (WS FORM: F-6)
STATION: KILLEEN SKYLARK
MONTH: APRIL
YEAR: 2021
LATITUDE: 31 4 N
LONGITUDE: 97 41 W
TEMPERATURE IN F: :PCPN: SNOW: WIND :SUNSHINE: SKY :PK WND
================================================================================
1 2 3 4 5 6A 6B 7 8 9 10 11 12 13 14 15 16 17 18
12Z AVG MX 2MIN
DY MAX MIN AVG DEP HDD CDD WTR SNW DPTH SPD SPD DIR MIN PSBL S-S WX SPD DR
================================================================================
1 68 37 53 -9 12 0 0.00 M M 5.4 14 70 M M 0 16 80
2 71 38 55 -7 10 0 0.00 M M 9.0 17 150 M M 2 24 150
3 67 52 60 -2 5 0 0.00 M M 9.8 15 160 M M 5 22 120
4 71 54 63 0 2 0 0.03 M M 5.9 12 150 M M 5 M M
5 80 55 68 5 0 3 0.00 M M 11.1 16 170 M M 3 22 170
6 85 64 75 12 0 10 0.01 M M 17.4 25 180 M M 5 36 190
7 82 57 70 7 0 5 0.00 M M 10.5 18 180 M M 4 30 180
8 88 46 67 3 0 2 0.00 M M 9.0 17 140 M M 1 24 160
9 91 67 79 15 0 14 0.00 M M 13.4 28 190 M M 2 32 190
10 77 52 65 1 0 0 0.00 M M 10.5 17 20 M M 0 24 350
11 87 44 66 2 0 1 0.00 M M 9.2 16 150 M M 0 22 180
12 86 62 74 9 0 9 0.00 0.0 M 9.6 20 140 M M 1 3 32 160
13 80 62 71 6 0 6 0.00 M M 8.2 15 10 M M 7 16 10
14 M M M M M M 0.00 M M 9.4 14 10 M M 6 8 17 50
15 M M M M M M 0.12 M M 9.9 18 70 M M 6 138 30 50
16 M M M M M M 0.02 M M 6.7 13 130 M M 5 18 M M
17 M M M M M M M M M M M M M M M M M
18 M M M M M M M M M M M M M M M M M
19 M M M M M M T M M 5.5 10 130 M M 2 M M
20 M M M M M M 0.00 M M 11.6 21 360 M M 0 31 360
21 M M M M M M 0.00 M M 9.9 17 20 M M 3 22 20
22 M M M M M M M M M 7.8 13 110 M M 6 8 M M
23 M M M M M M 0.01 M M 10.0 16 140 M M 1 138 18 320
24 M M M M M M 0.01 M M 9.5 15 320 M M 0 21 310
25 M M M M M M 0.00 M M 9.5 15 150 M M 0 23 160
26 82 71 77 9 0 12 0.00 M M 16.0 21 150 M M 2 30 150
27 77 69 73 5 0 8 M M M 13.3 20 140 M M 7 32 150
28 84 72 78 10 0 13 0.01 M M 15.8 24 160 M M 7 36 180
29 75 65 70 1 0 5 0.02 M M 7.8 15 150 M M 5 13 18 360
30 75 64 70 1 0 5 0.00 M M 7.9 14 20 M M 9 1 M M
================================================================================
SM 1426 1031 29 93 0.23 0.0 279.4 M 94
================================================================================
AV 79.2 57.3 10.0 FASTST M M 3 MAX(MPH)
MISC ----> 28 190 # 36 190
================================================================================
NOTES:
# LAST OF SEVERAL OCCURRENCES
COLUMN 17 PEAK WIND IN M.P.H.
PRELIMINARY LOCAL CLIMATOLOGICAL DATA (WS FORM: F-6) , PAGE 2
STATION: KILLEEN SKYLARK
MONTH: APRIL
YEAR: 2021
LATITUDE: 31 4 N
LONGITUDE: 97 41 W
[TEMPERATURE DATA] [PRECIPITATION DATA] SYMBOLS USED IN COLUMN 16
AVERAGE MONTHLY: 68.3 TOTAL FOR MONTH: 0.23 1 = FOG OR MIST
DPTR FM NORMAL: 2.8 DPTR FM NORMAL: -1.87 2 = FOG REDUCING VISIBILITY
HIGHEST: 91 ON 9 GRTST 24HR 0.12 ON 15-15 TO 1/4 MILE OR LESS
LOWEST: 37 ON 1 3 = THUNDER
SNOW, ICE PELLETS, HAIL 4 = ICE PELLETS
TOTAL MONTH: 0.0 INCH 5 = HAIL
GRTST 24HR 0.0 6 = FREEZING RAIN OR DRIZZLE
GRTST DEPTH: M ON M 7 = DUSTSTORM OR SANDSTORM:
VSBY 1/2 MILE OR LESS
8 = SMOKE OR HAZE
[NO. OF DAYS WITH] [WEATHER - DAYS WITH] 9 = BLOWING SNOW
X = TORNADO
MAX 32 OR BELOW: 0 0.01 INCH OR MORE: 8
MAX 90 OR ABOVE: 1 0.10 INCH OR MORE: 1
MIN 32 OR BELOW: 0 0.50 INCH OR MORE: 0
MIN 0 OR BELOW: 0 1.00 INCH OR MORE: 0
[HDD (BASE 65) ]
TOTAL THIS MO. 29 CLEAR (SCALE 0-3) 14
DPTR FM NORMAL -53 PTCLDY (SCALE 4-7) 13
TOTAL FM JUL 1 1438 CLOUDY (SCALE 8-10) 3
DPTR FM NORMAL -718
[CDD (BASE 65) ]
TOTAL THIS MO. 93
DPTR FM NORMAL 0 [PRESSURE DATA]
TOTAL FM JAN 1 145 HIGHEST SLP M ON M
DPTR FM NORMAL 16 LOWEST SLP M ON M
[REMARKS]
#FINAL-04-21#