000
CXUS54 KFWD 010731
CF6ILE
PRELIMINARY LOCAL CLIMATOLOGICAL DATA (WS FORM: F-6)
STATION: KILLEEN SKYLARK
MONTH: AUGUST
YEAR: 2023
LATITUDE: 31 4 N
LONGITUDE: 97 41 W
TEMPERATURE IN F: :PCPN: SNOW: WIND :SUNSHINE: SKY :PK WND
================================================================================
1 2 3 4 5 6A 6B 7 8 9 10 11 12 13 14 15 16 17 18
12Z AVG MX 2MIN
DY MAX MIN AVG DEP HDD CDD WTR SNW DPTH SPD SPD DIR MIN PSBL S-S WX SPD DR
================================================================================
1 105 80 93 9 0 28 0.00 M M 7.6 13 160 M M 0 18 130
2 105 77 91 7 0 26 0.00 M M 8.9 15 160 M M 0 20 130
3 105 78 92 8 0 27 0.00 M M 10.4 15 170 M M 0 18 160
4 105 79 92 8 0 27 0.00 M M 10.4 15 190 M M 0 20 140
5 106 80 93 9 0 28 0.00 M M 10.2 16 190 M M 0 8 21 190
6 106 79 93 9 0 28 0.00 M M 11.6 17 170 M M 0 23 170
7 106 80 93 9 0 28 0.00 M M 12.7 20 170 M M 0 25 170
8 107 80 94 10 0 29 0.00 M M 13.3 18 160 M M 0 29 160
9 107 79 93 9 0 28 0.00 M M 15.2 22 170 M M 0 32 170
10 108 81 95 11 0 30 0.00 M M 13.2 21 180 M M 0 30 180
11 107 79 93 9 0 28 0.00 0.0 M 14.0 21 190 M M 0 32 180
12 106 79 93 9 0 28 0.00 M M 13.8 17 210 M M 0 23 210
13 106 79 93 9 0 28 0.00 M M 12.2 17 190 M M 1 29 230
14 107 76 92 8 0 27 0.00 M M 8.3 15 20 M M 0 21 190
15 99 76 88 4 0 23 0.00 M M 8.8 15 40 M M 0 16 20
16 102 69 86 2 0 21 0.00 M M 4.7 10 90 M M 0 M M
17 110 73 92 8 0 27 0.00 M M 6.7 12 140 M M 0 8 18 130
18 108 78 93 9 0 28 0.00 M M 8.5 15 130 M M 0 23 130
19 106 75 91 7 0 26 0.00 M M 8.0 15 110 M M 0 18 130
20 107 78 93 9 0 28 0.00 M M 6.0 14 80 M M 0 20 70
21 105 79 92 8 0 27 0.00 M M 7.8 16 100 M M 0 22 120
22 102 78 90 6 0 25 0.00 M M 9.0 20 80 M M 0 30 80
23 103 78 91 7 0 26 0.00 M M 7.4 13 120 M M 1 18 120
24 107 82 95 12 0 30 0.00 M M 5.4 10 170 M M 0 8 22 110
25 109 80 95 12 0 30 0.00 M M 6.5 15 120 M M 0 16 90
26 108 80 94 11 0 29 0.00 M M 6.9 13 160 M M 0 M M
27 107 74 91 8 0 26 M M M 8.0 27 10 M M 1 39 10
28 97 73 85 2 0 20 0.00 M M 6.8 16 10 M M 1 23 10
29 97 73 85 3 0 20 0.00 M M 7.3 15 40 M M 1 16 50
30 100 71 86 4 0 21 0.00 M M 6.7 13 20 M M 0 21 350
31 101 69 85 3 0 20 0.00 M M 4.0 8 100 M M 0 8 M M
================================================================================
SM 3254 2392 0 817 0.00 0.0 280.1 M 5
================================================================================
AV105.0 77.2 9.0 FASTST M M 0 MAX(MPH)
MISC ----> 27 10 39 10
================================================================================
NOTES:
# LAST OF SEVERAL OCCURRENCES
COLUMN 17 PEAK WIND IN M.P.H.
PRELIMINARY LOCAL CLIMATOLOGICAL DATA (WS FORM: F-6) , PAGE 2
STATION: KILLEEN SKYLARK
MONTH: AUGUST
YEAR: 2023
LATITUDE: 31 4 N
LONGITUDE: 97 41 W
[TEMPERATURE DATA] [PRECIPITATION DATA] SYMBOLS USED IN COLUMN 16
AVERAGE MONTHLY: 91.1 TOTAL FOR MONTH: 0.00 1 = FOG OR MIST
DPTR FM NORMAL: 7.3 DPTR FM NORMAL: -1.87 2 = FOG REDUCING VISIBILITY
HIGHEST: 110 ON 17 GRTST 24HR 0.08 ON 27-28 TO 1/4 MILE OR LESS
LOWEST: 69 ON 31,16 3 = THUNDER
SNOW, ICE PELLETS, HAIL 4 = ICE PELLETS
TOTAL MONTH: 0.0 INCH 5 = HAIL
GRTST 24HR 0.0 6 = FREEZING RAIN OR DRIZZLE
GRTST DEPTH: M ON M 7 = DUSTSTORM OR SANDSTORM:
VSBY 1/2 MILE OR LESS
8 = SMOKE OR HAZE
[NO. OF DAYS WITH] [WEATHER - DAYS WITH] 9 = BLOWING SNOW
X = TORNADO
MAX 32 OR BELOW: 0 0.01 INCH OR MORE: 0
MAX 90 OR ABOVE: 31 0.10 INCH OR MORE: 0
MIN 32 OR BELOW: 0 0.50 INCH OR MORE: 0
MIN 0 OR BELOW: 0 1.00 INCH OR MORE: 0
[HDD (BASE 65) ]
TOTAL THIS MO. 0 CLEAR (SCALE 0-3) 31
DPTR FM NORMAL 0 PTCLDY (SCALE 4-7) 0
TOTAL FM JUL 1 0 CLOUDY (SCALE 8-10) 0
DPTR FM NORMAL 0
[CDD (BASE 65) ]
TOTAL THIS MO. 817
DPTR FM NORMAL 233 [PRESSURE DATA]
TOTAL FM JAN 1 2624 HIGHEST SLP 30.15 ON 15
DPTR FM NORMAL 640 LOWEST SLP 29.69 ON 9
[REMARKS]
#FINAL-08-23#