250
CXUS51 KPHI 010915
CF6ILG
PRELIMINARY LOCAL CLIMATOLOGICAL DATA (WS FORM: F-6)
STATION: WILMINGTON DE
MONTH: OCTOBER
YEAR: 2020
LATITUDE: 39 40 N
LONGITUDE: 75 36 W
TEMPERATURE IN F: :PCPN: SNOW: WIND :SUNSHINE: SKY :PK WND
================================================================================
1 2 3 4 5 6A 6B 7 8 9 10 11 12 13 14 15 16 17 18
12Z AVG MX 2MIN
DY MAX MIN AVG DEP HDD CDD WTR SNW DPTH SPD SPD DIR MIN PSBL S-S WX SPD DR
================================================================================
1 74 53 64 2 1 0 0.18 0.0 0 5.4 13 320 M M 5 1 16 280
2 69 48 59 -2 6 0 0.12 0.0 0 6.5 15 300 M M 6 1 20 310
3 67 46 57 -4 8 0 0.00 0.0 0 5.8 13 300 M M 0 17 300
4 69 42 56 -4 9 0 T 0.0 0 4.0 12 70 M M 1 14 80
5 67 49 58 -2 7 0 0.01 0.0 0 5.8 16 310 M M 4 1 19 310
6 70 46 58 -2 7 0 0.00 0.0 0 5.2 16 250 M M 1 1 21 260
7 77 52 65 6 0 0 0.00 0.0 0 9.6 23 230 M M 1 1 30 250
8 69 45 57 -2 8 0 0.00 0.0 0 9.2 22 310 M M 0 28 310
9 71 43 57 -1 8 0 0.00 0.0 0 6.7 17 250 M M 0 21 250
10 72 54 63 5 2 0 0.00 0.0 0 8.0 16 230 M M 1 22 220
11 70 60 65 7 0 0 0.27 0.0 0 7.9 16 70 M M 8 1 21 70
12 60 55 58 1 7 0 0.50 0.0 0 18.2 28 60 M M 10 1 36 70
13 65 50 58 1 7 0 0.01 0.0 0 10.0 17 300 M M 8 23 40
14 70 43 57 0 8 0 0.00 0.0 0 4.6 14 240 M M 0 17 250
15 75 49 62 6 3 0 0.00 0.0 0 8.8 23 170 M M 1 1 30 150
16 64 49 57 1 8 0 0.89 0.0 0 6.5 20 330 M M 9 1 25 330
17 61 39 50 -6 15 0 0.00 0.0 0 5.9 17 310 M M 1 21 340
18 65 36 51 -4 14 0 0.00 0.0 0 6.6 18 170 M M 3 23 170
19 69 49 59 4 6 0 0.00 0.0 0 6.9 18 160 M M 4 21 170
20 71 55 63 8 2 0 T 0.0 0 4.1 12 160 M M 6 12 14 170
21 75 60 68 14 0 3 0.00 0.0 0 4.6 10 170 M M 7 12 13 180
22 78 57 68 14 0 3 0.00 0.0 0 2.4 10 160 M M 5 12 14 170
23 70 61 66 12 0 1 0.00 0.0 0 7.2 16 170 M M 9 12 21 170
24 73 50 62 9 3 0 0.00 0.0 0 9.2 17 350 M M 8 1 22 340
25 51 46 49 -4 16 0 0.01 0.0 0 10.1 16 30 M M 10 19 20
26 62 48 55 2 10 0 0.10 0.0 0 4.6 13 40 M M 10 12 16 40
27 65 55 60 8 5 0 T 0.0 0 4.4 10 320 M M 8 12 14 330
28 68 57 63 11 2 0 0.00 0.0 0 5.9 15 230 M M 10 1 20 230
29 59 48 54 2 11 0 2.00 0.0 0 11.2 23 30 M M 10 1 29 20
30 49 42 46 -6 19 0 0.26 0.0 0 10.9 21 350 M M 9 1 27 50
31 48 35 42 -9 23 0 0.00 0.0 0 5.1 13 360 M M 5 17 10
================================================================================
SM 2073 1522 215 7 4.35 0.0 221.3 M 160
================================================================================
AV 66.9 49.1 7.1 FASTST M M 5 MAX(MPH)
MISC ----> 28 60 36 70
================================================================================
NOTES:
# LAST OF SEVERAL OCCURRENCES
COLUMN 17 PEAK WIND IN M.P.H.
PRELIMINARY LOCAL CLIMATOLOGICAL DATA (WS FORM: F-6) , PAGE 2
STATION: WILMINGTON DE
MONTH: OCTOBER
YEAR: 2020
LATITUDE: 39 40 N
LONGITUDE: 75 36 W
[TEMPERATURE DATA] [PRECIPITATION DATA] SYMBOLS USED IN COLUMN 16
AVERAGE MONTHLY: 58.0 TOTAL FOR MONTH: 4.35 1 = FOG OR MIST
DPTR FM NORMAL: 1.8 DPTR FM NORMAL: 0.93 2 = FOG REDUCING VISIBILITY
HIGHEST: 78 ON 22 GRTST 24HR 2.12 ON 29-30 TO 1/4 MILE OR LESS
LOWEST: 35 ON 31 3 = THUNDER
SNOW, ICE PELLETS, HAIL 4 = ICE PELLETS
TOTAL MONTH: 0.0 INCH 5 = HAIL
GRTST 24HR 0.0 6 = FREEZING RAIN OR DRIZZLE
GRTST DEPTH: 0 7 = DUSTSTORM OR SANDSTORM:
VSBY 1/2 MILE OR LESS
8 = SMOKE OR HAZE
[NO. OF DAYS WITH] [WEATHER - DAYS WITH] 9 = BLOWING SNOW
X = TORNADO
MAX 32 OR BELOW: 0 0.01 INCH OR MORE: 11
MAX 90 OR ABOVE: 0 0.10 INCH OR MORE: 8
MIN 32 OR BELOW: 0 0.50 INCH OR MORE: 3
MIN 0 OR BELOW: 0 1.00 INCH OR MORE: 1
[HDD (BASE 65) ]
TOTAL THIS MO. 215 CLEAR (SCALE 0-3) 11
DPTR FM NORMAL -77 PTCLDY (SCALE 4-7) 12
TOTAL FM JUL 1 268 CLOUDY (SCALE 8-10) 8
DPTR FM NORMAL -74
[CDD (BASE 65) ]
TOTAL THIS MO. 7
DPTR FM NORMAL -11 [PRESSURE DATA]
TOTAL FM JAN 1 1300 HIGHEST SLP 30.56 ON 31
DPTR FM NORMAL 155 LOWEST SLP 29.40 ON 29
[REMARKS]
#FINAL-10-20#