000
CXUS53 KIND 010600
CF6IND
PRELIMINARY LOCAL CLIMATOLOGICAL DATA (WS FORM: F-6)
STATION: INDIANAPOLIS IN
MONTH: APRIL
YEAR: 2021
LATITUDE: 39 43 N
LONGITUDE: 86 17 W
TEMPERATURE IN F: :PCPN: SNOW: WIND :SUNSHINE: SKY :PK WND
================================================================================
1 2 3 4 5 6A 6B 7 8 9 10 11 12 13 14 15 16 17 18
12Z AVG MX 2MIN
DY MAX MIN AVG DEP HDD CDD WTR SNW DPTH SPD SPD DIR MIN PSBL S-S WX SPD DR
================================================================================
1 40 26 33 -15 32 0 T T 0 13.9 24 330 M M 4 33 330
2 49 22 36 -12 29 0 0.00 0.0 0 3.6 10 170 M M 0 13 150
3 66 32 49 0 16 0 0.00 0.0 0 12.3 25 220 M M 1 35 210
4 74 43 59 10 6 0 0.00 0.0 0 7.4 16 270 M M 2 22 230
5 77 50 64 14 1 0 0.00 0.0 0 10.2 22 240 M M 6 29 240
6 78 54 66 16 0 1 0.00 0.0 0 9.9 21 220 M M 4 27 220
7 79 57 68 18 0 3 0.23 0.0 0 9.8 21 200 M M 7 3 26 210
8 67 55 61 11 4 0 0.27 0.0 0 14.5 26 240 M M 8 1 35 240
9 78 49 64 13 1 0 T 0.0 0 13.7 29 210 M M 6 38 210
10 64 49 57 6 8 0 1.55 0.0 0 7.9 28 240 M M 9 1 37 230
11 52 47 50 -2 15 0 0.17 0.0 0 16.1 29 200 M M 9 1 36 200
12 67 48 58 6 7 0 0.02 0.0 0 11.9 24 270 M M 6 31 270
13 67 45 56 4 9 0 T 0.0 0 8.0 18 290 M M 5 24 290
14 61 42 52 -1 13 0 T 0.0 0 10.7 22 280 M M 5 41 270
15 56 36 46 -7 19 0 0.00 0.0 0 10.6 21 300 M M 5 28 350
16 61 36 49 -4 16 0 0.00 0.0 0 6.5 15 10 M M 5 19 360
17 62 43 53 -1 12 0 0.00 0.0 0 7.2 21 340 M M 7 29 350
18 63 36 50 -4 15 0 T 0.0 0 5.6 20 280 M M 4 25 280
19 67 40 54 0 11 0 0.00 0.0 0 12.7 25 250 M M 3 36 240
20 44 30 37 -18 28 0 0.35 2.0 0 9.4 20 360 M M 9 1 25 350
21 49 26 38 -17 27 0 0.01 T 1 9.8 24 270 M M 7 138 35 260
22 54 31 43 -12 22 0 T 0.0 0 10.9 24 280 M M 5 35 300
23 60 36 48 -8 17 0 0.00 0.0 0 8.3 17 190 M M 7 23 180
24 54 43 49 -7 16 0 0.03 0.0 0 5.6 10 130 M M 9 12 14 140
25 60 41 51 -5 14 0 0.00 0.0 0 9.3 20 350 M M 6 12 24 350
26 76 41 59 3 6 0 0.00 0.0 0 12.0 25 190 M M 4 34 170
27 82 61 72 15 0 7 0.00 0.0 0 16.8 29 220 M M 6 38 220
28 72 66 69 12 0 4 0.31 0.0 0 11.9 23 160 M M 10 1 43 170
29 67 51 59 1 6 0 0.86 0.0 0 10.6 22 320 M M 8 138 28 300
30 68 43 56 -2 9 0 0.00 0.0 0 14.5 33 290 M M 2 46 290
================================================================================
SM 1914 1279 359 15 3.80 2.0 311.6 M 169
================================================================================
AV 63.8 42.6 10.4 FASTST M M 6 MAX(MPH)
MISC ----> 33 290 46 290
================================================================================
NOTES:
# LAST OF SEVERAL OCCURRENCES
COLUMN 17 PEAK WIND IN M.P.H.
PRELIMINARY LOCAL CLIMATOLOGICAL DATA (WS FORM: F-6) , PAGE 2
STATION: INDIANAPOLIS IN
MONTH: APRIL
YEAR: 2021
LATITUDE: 39 43 N
LONGITUDE: 86 17 W
[TEMPERATURE DATA] [PRECIPITATION DATA] SYMBOLS USED IN COLUMN 16
AVERAGE MONTHLY: 53.2 TOTAL FOR MONTH: 3.80 1 = FOG OR MIST
DPTR FM NORMAL: 0.2 DPTR FM NORMAL: -0.01 2 = FOG REDUCING VISIBILITY
HIGHEST: 82 ON 27 GRTST 24HR 1.64 ON 10-11 TO 1/4 MILE OR LESS
LOWEST: 22 ON 2 3 = THUNDER
SNOW, ICE PELLETS, HAIL 4 = ICE PELLETS
TOTAL MONTH: 2.0 INCHES 5 = HAIL
GRTST 24HR 2.0 ON 20-20 6 = FREEZING RAIN OR DRIZZLE
GRTST DEPTH: 1 ON 21 7 = DUSTSTORM OR SANDSTORM:
VSBY 1/2 MILE OR LESS
8 = SMOKE OR HAZE
[NO. OF DAYS WITH] [WEATHER - DAYS WITH] 9 = BLOWING SNOW
X = TORNADO
MAX 32 OR BELOW: 0 0.01 INCH OR MORE: 10
MAX 90 OR ABOVE: 0 0.10 INCH OR MORE: 7
MIN 32 OR BELOW: 6 0.50 INCH OR MORE: 2
MIN 0 OR BELOW: 0 1.00 INCH OR MORE: 1
[HDD (BASE 65) ]
TOTAL THIS MO. 359 CLEAR (SCALE 0-3) 5
DPTR FM NORMAL -13 PTCLDY (SCALE 4-7) 19
TOTAL FM JUL 1 4855 CLOUDY (SCALE 8-10) 6
DPTR FM NORMAL -365
[CDD (BASE 65) ]
TOTAL THIS MO. 15
DPTR FM NORMAL 2 [PRESSURE DATA]
TOTAL FM JAN 1 15 HIGHEST SLP M ON M
DPTR FM NORMAL 0 LOWEST SLP 29.34 ON 11
[REMARKS]
#FINAL-04-21#