466
CXUS53 KDLH 010920
CF6INL
PRELIMINARY LOCAL CLIMATOLOGICAL DATA (WS FORM: F-6)
STATION: INTERNATIONAL FALLS
MONTH: JULY
YEAR: 2020
LATITUDE: 48 34 N
LONGITUDE: 93 23 W
TEMPERATURE IN F: :PCPN: SNOW: WIND :SUNSHINE: SKY :PK WND
================================================================================
1 2 3 4 5 6A 6B 7 8 9 10 11 12 13 14 15 16 17 18
12Z AVG MX 2MIN
DY MAX MIN AVG DEP HDD CDD WTR SNW DPTH SPD SPD DIR MIN PSBL S-S WX SPD DR
================================================================================
1 86 58 72 8 0 7 0.00 0.0 0 7.0 16 230 M M 4 26 220
2 90 53 72 8 0 7 0.00 0.0 0 2.2 10 30 M M 0 1 14 360
3 92 55 74 10 0 9 0.00 0.0 0 3.2 17 350 M M 0 23 340
4 90 62 76 11 0 11 0.11 0.0 0 2.8 13 100 M M 1 138 18 90
5 89 65 77 12 0 12 0.14 0.0 0 4.6 20 340 M M 3 13 28 270
6 81 57 69 4 0 4 T 0.0 0 3.5 10 200 M M 2 3 15 270
7 83 51 67 2 0 2 T 0.0 0 3.2 12 290 M M 0 17 230
8 85 54 70 5 0 5 0.02 0.0 0 4.7 21 150 M M 3 8 33 180
9 82 57 70 5 0 5 0.31 0.0 0 7.5 21 260 M M 4 13 36 260
10 79 56 68 3 0 3 0.00 0.0 0 7.2 17 320 M M 1 24 310
11 79 50 65 0 0 0 0.00 0.0 0 5.7 15 330 M M 2 1 23 10
12 80 47 64 -1 1 0 T 0.0 0 2.3 10 30 M M 1 1 14 30
13 82 53 68 3 0 3 0.82 0.0 0 8.6 25 140 M M 2 123 39 140
14 75 56 66 1 0 1 0.04 0.0 0 5.3 15 270 M M 3 1 23 250
15 80 55 68 3 0 3 0.40 0.0 0 7.1 37 320 M M 1 38 49 320
16 78 52 65 0 0 0 0.86 0.0 0 5.2 20 320 M M 2 13 31 190
17 86 48 67 1 0 2 0.01 0.0 0 3.5 13 190 M M 1 24 170
18 85 63 74 8 0 9 T 0.0 0 4.2 14 290 M M 2 3 22 300
19 70 48 59 -7 6 0 0.02 0.0 0 12.0 26 290 M M 6 1 40 290
20 73 44 59 -7 6 0 T 0.0 0 2.7 9 30 M M 4 18 15 360
21 66 53 60 -6 5 0 0.48 0.0 0 6.2 16 80 M M 7 1 24 80
22 78 45 62 -4 3 0 0.00 0.0 0 3.9 12 10 M M 0 16 360
23 79 46 63 -3 2 0 0.00 0.0 0 5.8 16 140 M M 0 22 140
24 90 58 74 8 0 9 0.00 0.0 0 8.2 18 210 M M 4 32 200
25 86 68 77 11 0 12 0.16 0.0 0 4.9 14 220 M M 5 18 30 190
26 78 62 70 4 0 5 0.00 0.0 0 9.0 26 310 M M 1 38 300
27 78 56 67 1 0 2 T 0.0 0 8.0 21 290 M M 2 8 36 270
28 77 52 65 0 0 0 0.00 0.0 0 7.1 17 300 M M 3 8 24 320
29 77 46 62 -3 3 0 0.00 0.0 0 3.1 14 40 M M 3 8 19 30
30 81 47 64 -1 1 0 0.00 0.0 0 2.8 12 70 M M 0 18 16 10
31 85 46 66 1 0 1 T 0.0 0 2.8 10 150 M M 2 8 19 150
================================================================================
SM 2520 1663 27 112 3.37 0.0 164.3 M 69
================================================================================
AV 81.3 53.6 5.3 FASTST M M 2 MAX(MPH)
MISC ----> 37 320 49 320
================================================================================
NOTES:
# LAST OF SEVERAL OCCURRENCES
COLUMN 17 PEAK WIND IN M.P.H.
PRELIMINARY LOCAL CLIMATOLOGICAL DATA (WS FORM: F-6) , PAGE 2
STATION: INTERNATIONAL FALLS
MONTH: JULY
YEAR: 2020
LATITUDE: 48 34 N
LONGITUDE: 93 23 W
[TEMPERATURE DATA] [PRECIPITATION DATA] SYMBOLS USED IN COLUMN 16
AVERAGE MONTHLY: 67.5 TOTAL FOR MONTH: 3.37 1 = FOG OR MIST
DPTR FM NORMAL: 2.3 DPTR FM NORMAL: -0.33 2 = FOG REDUCING VISIBILITY
HIGHEST: 92 ON 3 GRTST 24HR 0.99 ON 15-16 TO 1/4 MILE OR LESS
LOWEST: 44 ON 20 3 = THUNDER
SNOW, ICE PELLETS, HAIL 4 = ICE PELLETS
TOTAL MONTH: 0.0 INCH 5 = HAIL
GRTST 24HR 0.0 6 = FREEZING RAIN OR DRIZZLE
GRTST DEPTH: 0 7 = DUSTSTORM OR SANDSTORM:
VSBY 1/2 MILE OR LESS
8 = SMOKE OR HAZE
[NO. OF DAYS WITH] [WEATHER - DAYS WITH] 9 = BLOWING SNOW
X = TORNADO
MAX 32 OR BELOW: 0 0.01 INCH OR MORE: 12
MAX 90 OR ABOVE: 4 0.10 INCH OR MORE: 8
MIN 32 OR BELOW: 0 0.50 INCH OR MORE: 2
MIN 0 OR BELOW: 0 1.00 INCH OR MORE: 0
[HDD (BASE 65) ]
TOTAL THIS MO. 27 CLEAR (SCALE 0-3) 22
DPTR FM NORMAL -43 PTCLDY (SCALE 4-7) 9
TOTAL FM JUL 1 27 CLOUDY (SCALE 8-10) 0
DPTR FM NORMAL -42
[CDD (BASE 65) ]
TOTAL THIS MO. 112
DPTR FM NORMAL 36 [PRESSURE DATA]
TOTAL FM JAN 1 193 HIGHEST SLP 30.13 ON 23
DPTR FM NORMAL 70 LOWEST SLP 29.60 ON 13
[REMARKS]
#FINAL-07-20#