000
CXUS53 KDLH 102243 CCA
CLSINL
CLIMATE REPORT
NATIONAL WEATHER SERVICE DULUTH MN
1038 PM CDT THU JUN 08 2023
...................................
...THE INTERNATIONAL FALLS CLIMATE SUMMARY FOR THE SEASON, FROM
3/1/2023 TO 5/31/2023...
CLIMATE NORMAL PERIOD: 1991 TO 2020
CLIMATE RECORD PERIOD: 1895 TO 2023
WEATHER OBSERVED NORMAL DEPART LAST YEAR`S
VALUE DATE(S) VALUE FROM VALUE DATE(S)
NORMAL
................................................................
TEMPERATURE (F)
RECORD
HIGH 95 05/21/1964
LOW -38 03/01/1962
HIGHEST 84 05/26 MM MM 79
LOWEST -15 03/02 MM MM -22
AVG. MAXIMUM 49.2 49.9 -0.7 45.4
AVG. MINIMUM 25.4 25.3 0.1 24.7
MEAN 37.3 37.6 -0.3 35.1
PRECIPITATION (INCHES)
RECORD
MAXIMUM 14.62 2022
MINIMUM 1.31 1917
TOTALS 5.38 5.72 -0.34 14.62
SNOWFALL (INCHES)
RECORDS
TOTAL 41.6 1950
SNOW DEPTH 38 03/07/1966
TOTALS 32.7 15.1 17.6 32.9
SINCE 7/1 84.6 73.0 11.6
SNOWDEPTH AVG. 10 11
DAYS >= TRACE 19 11.0 8.0 32
DAYS >= 1.0 12 5.0 7.0 7
GREATEST
SNOW DEPTH 26 03/22 25 03/01
04/06
03/23
DEGREE DAYS
HEATING TOTAL 2538 2528 10 2734
COOLING TOTAL 14 8 6 4
................................................................
WIND (MPH)
AVERAGE WIND SPEED 7.9
HIGHEST WIND SPEED/DIRECTION 28/100
HIGHEST GUST SPEED/DIRECTION 40/330
SKY COVER
POSSIBLE SUNSHINE (PERCENT) MM
- INDICATES NEGATIVE NUMBERS.
R INDICATES RECORD WAS SET OR TIED.
MM INDICATES DATA IS MISSING.
T INDICATES TRACE AMOUNT.
$$