000
CXUS53 KDVN 011624
CLSIOW
CLIMATE REPORT
NATIONAL WEATHER SERVICE QUAD CITIES IA IL
1035 AM CST FRI DEC 01 2023
...................................
...THE IOWA CITY IA CLIMATE SUMMARY FOR THE SEASON, FROM
9/1/2023 TO 11/30/2023...
CLIMATE NORMAL PERIOD 1991 TO 2020
CLIMATE RECORD PERIOD 9999 TO 9999
WEATHER OBSERVED NORMAL DEPART LAST YEAR`S
VALUE DATE(S) VALUE FROM VALUE
NORMAL
..............................................................
TEMPERATURE (F)
HIGHEST 97 09/04 80 17
LOWEST 4 11/28 23 -19
AVG. MAXIMUM 66.1 63.6 2.5
AVG. MINIMUM 43.7 42.2 1.5
MEAN 54.9 52.9 2.0
DAYS MAX >= 90 5
DAYS MAX <= 32 3
DAYS MIN <= 32 23
DAYS MIN <= 0 0
PRECIPITATION (INCHES)
TOTALS 5.35 8.39 -3.04
DAILY AVG. 0.06 0.09 -0.03
DAYS >= .01 23
DAYS >= .10 12
DAYS >= .50 3
DAYS >= 1.00 1
GREATEST
24 HR. TOTAL 1.15 10/13 TO 10/14
DEGREE DAYS
HEATING TOTAL 1083 1224 -141
SINCE 7/1 1084 1230 -146
COOLING TOTAL 183 125 58
SINCE 1/1 1144 1044 100
..............................................................
WIND (MPH)
AVERAGE WIND SPEED 7.1
HIGHEST WIND SPEED/DIRECTION 31/320 DATE 09/26
31/290 10/31
HIGHEST GUST SPEED/DIRECTION 46/280 DATE 10/31
SKY COVER
POSSIBLE SUNSHINE (PERCENT) MM
AVERAGE SKY COVER 0.35
NUMBER OF DAYS FAIR 52
NUMBER OF DAYS PC 22
NUMBER OF DAYS CLOUDY 17
AVERAGE RH (PERCENT) 68
WEATHER CONDITIONS. NUMBER OF DAYS WITH
THUNDERSTORM 9 HAIL 0
SLEET 0 FOG 31
FOG W/VIS <= 1/4 MILE 3 HAZE 4
- INDICATES NEGATIVE NUMBERS.
R INDICATES RECORD WAS SET OR TIED.
MM INDICATES DATA IS MISSING.
T INDICATES TRACE AMOUNT.
$$
NOTE: SUPPLEMENTAL CLIMATE DATA WAS USED FROM A NEARBY
CLIMATOLOGICALLY REPRESENTATIVE STATION.