000
CXUS55 KPSR 011005
CF6IPL
PRELIMINARY LOCAL CLIMATOLOGICAL DATA (WS FORM: F-6)
STATION: IMPERIAL CA
MONTH: MARCH
YEAR: 2023
LATITUDE: 32 50 N
LONGITUDE: 115 35 W
TEMPERATURE IN F: :PCPN: SNOW: WIND :SUNSHINE: SKY :PK WND
================================================================================
1 2 3 4 5 6A 6B 7 8 9 10 11 12 13 14 15 16 17 18
12Z AVG MX 2MIN
DY MAX MIN AVG DEP HDD CDD WTR SNW DPTH SPD SPD DIR MIN PSBL S-S WX SPD DR
================================================================================
1 64 43 54 -8 11 0 0.00 0.0 M 14.7 35 260 M M 4 8 49 250
2 69 40 55 -7 10 0 0.00 M M 6.4 18 270 M M 0 25 270
3 69 37 53 -10 12 0 0.00 M M 3.1 10 360 M M 0 14 10
4 72 42 57 -6 8 0 0.00 M M 6.9 24 260 M M 0 31 270
5 70 50 60 -3 5 0 0.00 M M 12.5 25 290 M M 0 38 290
6 71 51 61 -2 4 0 0.00 M M 9.0 16 310 M M 0 8 23 270
7 71 51 61 -3 4 0 0.00 0.0 0 6.9 15 350 M M 0 19 350
8 75 43 59 -5 6 0 0.00 M M 3.7 14 310 M M 0 17 310
9 78 45 62 -2 3 0 0.00 0.0 0 4.1 9 300 M M 0 13 120
10 80 55 68 4 0 3 0.00 M M 10.7 29 260 M M 2 40 240
11 82 64 73 9 0 8 0.00 M M 12.1 22 260 M M 0 31 230
12 83 55 69 4 0 4 0.00 M M 9.5 20 260 M M 0 29 240
13 83 59 71 6 0 6 0.00 M M 9.2 18 260 M M 0 8 26 250
14 78 59 69 4 0 4 T M M 6.2 17 280 M M 4 23 280
15 79 59 69 4 0 4 0.03 M M 13.5 32 250 M M 4 44 250
16 76 49 63 -3 2 0 0.00 M M 6.7 14 320 M M 0 19 310
17 77 48 63 -3 2 0 0.00 M M 4.0 13 60 M M 1 19 20
18 78 45 62 -4 3 0 0.00 M M 4.6 13 80 M M 0 18 90
19 79 57 68 2 0 3 0.00 M M 6.9 20 250 M M 3 25 260
20 77 58 68 2 0 3 0.00 M M 16.6 29 270 M M 1 37 270
21 66 54 60 -6 5 0 0.14 M M 11.4 24 270 M M 7 1 33 270
22 70 53 62 -5 3 0 0.00 M M 15.6 32 260 M M 1 44 260
23 71 47 59 -8 6 0 0.00 M M 15.5 26 260 M M 1 43 250
24 74 49 62 -5 3 0 0.00 M M 9.9 24 260 M M 0 32 260
25 72 45 59 -8 6 0 0.00 0.0 0 8.9 15 260 M M 0 21 260
26 73 48 61 -6 4 0 0.00 0.0 0 5.3 12 270 M M 0 20 300
27 70 44 57 -10 8 0 0.00 M M 7.0 17 20 M M 0 25 50
28 79 43 61 -7 4 0 0.00 M M 5.1 13 240 M M 0 17 230
29 79 54 67 -1 0 2 0.00 M M 17.7 31 260 M M 1 43 270
30 65 48 57 -11 8 0 T 0.0 M 11.4 26 260 M M 3 38 270
31 71 43 57 -11 8 0 0.00 0.0 M 4.0 9 110 M M 0 14 120
================================================================================
SM 2301 1538 125 37 0.17 0.0 279.1 M 32
================================================================================
AV 74.2 49.6 9.0 FASTST M M 1 MAX(MPH)
MISC ----> 35 260 49 250
================================================================================
NOTES:
# LAST OF SEVERAL OCCURRENCES
COLUMN 17 PEAK WIND IN M.P.H.
PRELIMINARY LOCAL CLIMATOLOGICAL DATA (WS FORM: F-6) , PAGE 2
STATION: IMPERIAL CA
MONTH: MARCH
YEAR: 2023
LATITUDE: 32 50 N
LONGITUDE: 115 35 W
[TEMPERATURE DATA] [PRECIPITATION DATA] SYMBOLS USED IN COLUMN 16
AVERAGE MONTHLY: 61.9 TOTAL FOR MONTH: 0.17 1 = FOG OR MIST
DPTR FM NORMAL: -3.4 DPTR FM NORMAL: -0.12 2 = FOG REDUCING VISIBILITY
HIGHEST: 83 ON 13,12 GRTST 24HR 0.14 ON 21-21 TO 1/4 MILE OR LESS
LOWEST: 37 ON 3 3 = THUNDER
SNOW, ICE PELLETS, HAIL 4 = ICE PELLETS
TOTAL MONTH: 0.0 INCH 5 = HAIL
GRTST 24HR 0.0 6 = FREEZING RAIN OR DRIZZLE
GRTST DEPTH: 0 7 = DUSTSTORM OR SANDSTORM:
VSBY 1/2 MILE OR LESS
8 = SMOKE OR HAZE
[NO. OF DAYS WITH] [WEATHER - DAYS WITH] 9 = BLOWING SNOW
X = TORNADO
MAX 32 OR BELOW: 0 0.01 INCH OR MORE: 2
MAX 90 OR ABOVE: 0 0.10 INCH OR MORE: 1
MIN 32 OR BELOW: 0 0.50 INCH OR MORE: 0
MIN 0 OR BELOW: 0 1.00 INCH OR MORE: 0
[HDD (BASE 65) ]
TOTAL THIS MO. 125 CLEAR (SCALE 0-3) 27
DPTR FM NORMAL 52 PTCLDY (SCALE 4-7) 4
TOTAL FM JUL 1 1103 CLOUDY (SCALE 8-10) 0
DPTR FM NORMAL 153
[CDD (BASE 65) ]
TOTAL THIS MO. 37
DPTR FM NORMAL -47 [PRESSURE DATA]
TOTAL FM JAN 1 37 HIGHEST SLP M ON M
DPTR FM NORMAL -62 LOWEST SLP 29.66 ON 1
[REMARKS]
#FINAL-03-23#