305
CXUS55 KPSR 011005
CF6IPL
PRELIMINARY LOCAL CLIMATOLOGICAL DATA (WS FORM: F-6)
STATION: IMPERIAL CA
MONTH: MAY
YEAR: 2020
LATITUDE: 32 50 N
LONGITUDE: 115 35 W
TEMPERATURE IN F: :PCPN: SNOW: WIND :SUNSHINE: SKY :PK WND
================================================================================
1 2 3 4 5 6A 6B 7 8 9 10 11 12 13 14 15 16 17 18
12Z AVG MX 2MIN
DY MAX MIN AVG DEP HDD CDD WTR SNW DPTH SPD SPD DIR MIN PSBL S-S WX SPD DR
================================================================================
1 102 66 84 10 0 19 0.00 M M 10.1 24 260 M M 0 35 240
2 98 69 84 9 0 19 0.00 M M 12.1 26 260 M M 0 31 260
3 98 62 80 5 0 15 0.00 M M 7.5 22 250 M M 0 27 240
4 98 67 83 8 0 18 0.00 M M 7.1 15 360 M M 0 19 320
5 103 64 84 8 0 19 0.00 M M 6.4 12 360 M M 0 15 350
6 106 68 87 11 0 22 0.00 M M 5.6 12 330 M M 0 16 140
7 106 71 89 13 0 24 0.00 M M 5.6 17 260 M M 0 21 250
8 105 71 88 12 0 23 0.00 M M 5.3 13 50 M M 0 14 50
9 102 69 86 9 0 21 0.00 M M 6.9 12 140 M M 0 M M
10 103 74 89 12 0 24 0.00 M M 9.2 22 240 M M 0 28 250
11 100 67 84 7 0 19 0.00 M M 9.9 25 270 M M 0 33 270
12 90 65 78 0 0 13 0.00 M M 16.3 31 270 M M 0 40 270
13 89 64 77 -1 0 12 0.00 M M 12.7 28 270 M M 0 36 260
14 92 63 78 0 0 13 0.00 M M 8.6 18 250 M M 0 23 240
15 94 65 80 2 0 15 0.00 M M 7.1 15 360 M M 0 18 360
16 98 69 84 5 0 19 0.00 M M 5.2 14 130 M M 0 18 120
17 99 69 84 5 0 19 0.00 M M 8.7 22 130 M M 0 25 130
18 94 65 80 1 0 15 0.00 M M 13.8 28 270 M M 0 36 260
19 82 61 72 -8 0 7 0.00 M M 18.3 31 280 M M 0 40 280
20 87 55 71 -9 0 6 0.00 M M 5.7 13 250 M M 0 17 50
21 92 61 77 -3 0 12 0.00 M M 4.8 12 240 M M 0 14 220
22 97 67 82 2 0 17 0.00 M M 9.4 23 260 M M 0 30 270
23 93 63 78 -2 0 13 0.00 M M 8.2 26 280 M M 0 35 270
24 97 64 81 0 0 16 0.00 M M 4.6 13 360 M M 0 16 330
25 101 66 84 3 0 19 0.00 M M 5.2 14 20 M M 0 17 20
26 106 70 88 7 0 23 0.00 M M 3.7 10 280 M M 0 12 290
27 108 73 91 10 0 26 0.00 M M 6.8 16 130 M M 0 22 110
28 108 70 89 7 0 24 0.00 M M 7.6 20 120 M M 0 23 120
29 106 69 88 6 0 23 0.00 M M 7.0 18 280 M M 0 24 280
30 98 72 85 3 0 20 0.00 M M 13.7 26 260 M M 0 34 260
31 100 69 85 3 0 20 0.00 M M 6.7 16 260 M M 0 22 260
================================================================================
SM 3052 2068 0 555 0.00 M 259.8 M 0
================================================================================
AV 98.5 66.7 8.4 FASTST M M 0 MAX(MPH)
MISC ----> # 31 270 # 40 270
================================================================================
NOTES:
# LAST OF SEVERAL OCCURRENCES
COLUMN 17 PEAK WIND IN M.P.H.
PRELIMINARY LOCAL CLIMATOLOGICAL DATA (WS FORM: F-6) , PAGE 2
STATION: IMPERIAL CA
MONTH: MAY
YEAR: 2020
LATITUDE: 32 50 N
LONGITUDE: 115 35 W
[TEMPERATURE DATA] [PRECIPITATION DATA] SYMBOLS USED IN COLUMN 16
AVERAGE MONTHLY: 82.6 TOTAL FOR MONTH: 0.00 1 = FOG OR MIST
DPTR FM NORMAL: 4.0 DPTR FM NORMAL: -0.07 2 = FOG REDUCING VISIBILITY
HIGHEST: 108 ON 28,27 GRTST 24HR T ON 1- 1 TO 1/4 MILE OR LESS
LOWEST: 55 ON 20 3 = THUNDER
SNOW, ICE PELLETS, HAIL 4 = ICE PELLETS
TOTAL MONTH: M 5 = HAIL
GRTST 24HR M ON M 6 = FREEZING RAIN OR DRIZZLE
GRTST DEPTH: M ON M 7 = DUSTSTORM OR SANDSTORM:
VSBY 1/2 MILE OR LESS
8 = SMOKE OR HAZE
[NO. OF DAYS WITH] [WEATHER - DAYS WITH] 9 = BLOWING SNOW
X = TORNADO
MAX 32 OR BELOW: 0 0.01 INCH OR MORE: 0
MAX 90 OR ABOVE: 28 0.10 INCH OR MORE: 0
MIN 32 OR BELOW: 0 0.50 INCH OR MORE: 0
MIN 0 OR BELOW: 0 1.00 INCH OR MORE: 0
[HDD (BASE 65) ]
TOTAL THIS MO. 0 CLEAR (SCALE 0-3) 31
DPTR FM NORMAL -1 PTCLDY (SCALE 4-7) 0
TOTAL FM JUL 1 916 CLOUDY (SCALE 8-10) 0
DPTR FM NORMAL -112
[CDD (BASE 65) ]
TOTAL THIS MO. 555
DPTR FM NORMAL 133 [PRESSURE DATA]
TOTAL FM JAN 1 792 HIGHEST SLP M ON M
DPTR FM NORMAL 127 LOWEST SLP 29.65 ON 22
[REMARKS]
#FINAL-05-20#