000
CXUS51 KCTP 010800
CF6IPT
PRELIMINARY LOCAL CLIMATOLOGICAL DATA (WS FORM: F-6)
STATION: WILLIAMSPORT PA
MONTH: OCTOBER
YEAR: 2021
LATITUDE: 41 15 N
LONGITUDE: 76 55 W
TEMPERATURE IN F: :PCPN: SNOW: WIND :SUNSHINE: SKY :PK WND
================================================================================
1 2 3 4 5 6A 6B 7 8 9 10 11 12 13 14 15 16 17 18
12Z AVG MX 2MIN
DY MAX MIN AVG DEP HDD CDD WTR SNW DPTH SPD SPD DIR MIN PSBL S-S WX SPD DR
================================================================================
1 67 43 55 -4 10 0 0.00 0.0 0 4.0 13 280 M M 3 1 17 270
2 71 47 59 1 6 0 0.00 0.0 0 2.7 7 130 M M 4 128 8 190
3 67 51 59 1 6 0 0.49 0.0 0 1.2 8 260 M M 9 128 10 260
4 78 63 71 13 0 6 1.10 0.0 0 1.8 8 280 M M 7 12 11 260
5 74 62 68 11 0 3 0.00 0.0 0 4.2 9 70 M M 8 18 12 70
6 75 62 69 12 0 4 0.00 0.0 0 2.3 7 100 M M 9 12 140
7 75 61 68 12 0 3 0.00 0.0 0 2.3 9 150 M M 8 18 12 170
8 77 61 69 13 0 4 0.00 0.0 0 2.0 8 90 M M 7 12 11 90
9 69 62 66 10 0 1 0.01 0.0 0 7.6 18 150 M M 10 18 25 120
10 69 60 65 10 0 0 0.08 0.0 0 4.6 12 50 M M 10 1 16 70
11 69 56 63 8 2 0 0.00 0.0 0 1.0 6 80 M M 9 1 8 60
12 67 62 65 11 0 0 0.00 0.0 0 2.9 13 90 M M 10 16 90
13 74 58 66 12 0 1 0.00 0.0 0 1.4 7 120 M M 7 12 8 120
14 78 57 68 14 0 3 0.00 0.0 0 4.0 10 260 M M 4 12 14 270
15 79 59 69 16 0 4 0.00 0.0 0 2.4 9 80 M M 3 12 60
16 72 50 61 8 4 0 0.64 0.0 0 9.9 24 160 M M 7 1 32 150
17 60 46 53 1 12 0 0.04 0.0 0 9.7 22 260 M M 7 29 310
18 59 41 50 -2 15 0 T 0.0 0 8.4 25 330 M M 6 33 340
19 71 39 55 3 10 0 0.00 0.0 0 8.9 17 260 M M 0 24 240
20 74 46 60 9 5 0 0.00 0.0 0 6.2 16 250 M M 1 20 250
21 75 46 61 10 4 0 0.23 0.0 0 4.9 21 200 M M 3 1 30 210
22 62 47 55 4 10 0 T 0.0 0 6.5 14 250 M M 7 19 260
23 51 42 47 -3 18 0 0.05 0.0 0 1.8 9 260 M M 9 12 11 290
24 52 42 47 -3 18 0 0.18 0.0 0 5.1 15 60 M M 10 1 19 60
25 70 51 61 11 4 0 0.04 0.0 0 6.0 23 150 M M 6 1 30 150
26 59 47 53 4 12 0 0.37 0.0 0 9.3 25 290 M M 10 1 35 290
27 68 44 56 7 9 0 T 0.0 M 8.0 15 320 M M 4 21 300
28 63 39 51 3 14 0 0.00 0.0 M 4.1 13 70 M M 2 15 70
29 54 48 51 3 14 0 1.48 0.0 M 8.8 22 100 M M 10 18 30 100
30 57 48 53 5 12 0 0.27 0.0 0 3.0 13 170 M M 10 1 15 170
31 60 45 53 6 12 0 0.18 0.0 0 5.3 21 260 M M 9 1 24 250
================================================================================
SM 2096 1585 197 29 5.16 0.0 150.3 M 209
================================================================================
AV 67.6 51.1 4.8 FASTST M M 7 MAX(MPH)
MISC ----> # 25 330 35 290
================================================================================
NOTES:
# LAST OF SEVERAL OCCURRENCES
COLUMN 17 PEAK WIND IN M.P.H.
PRELIMINARY LOCAL CLIMATOLOGICAL DATA (WS FORM: F-6) , PAGE 2
STATION: WILLIAMSPORT PA
MONTH: OCTOBER
YEAR: 2021
LATITUDE: 41 15 N
LONGITUDE: 76 55 W
[TEMPERATURE DATA] [PRECIPITATION DATA] SYMBOLS USED IN COLUMN 16
AVERAGE MONTHLY: 59.4 TOTAL FOR MONTH: 5.16 1 = FOG OR MIST
DPTR FM NORMAL: 6.4 DPTR FM NORMAL: 1.46 2 = FOG REDUCING VISIBILITY
HIGHEST: 79 ON 15 GRTST 24HR 1.71 ON 29-30 TO 1/4 MILE OR LESS
LOWEST: 39 ON 28,19 3 = THUNDER
SNOW, ICE PELLETS, HAIL 4 = ICE PELLETS
TOTAL MONTH: 0.0 INCH 5 = HAIL
GRTST 24HR 0.0 6 = FREEZING RAIN OR DRIZZLE
GRTST DEPTH: 0 7 = DUSTSTORM OR SANDSTORM:
VSBY 1/2 MILE OR LESS
8 = SMOKE OR HAZE
[NO. OF DAYS WITH] [WEATHER - DAYS WITH] 9 = BLOWING SNOW
X = TORNADO
MAX 32 OR BELOW: 0 0.01 INCH OR MORE: 14
MAX 90 OR ABOVE: 0 0.10 INCH OR MORE: 9
MIN 32 OR BELOW: 0 0.50 INCH OR MORE: 3
MIN 0 OR BELOW: 0 1.00 INCH OR MORE: 2
[HDD (BASE 65) ]
TOTAL THIS MO. 197 CLEAR (SCALE 0-3) 5
DPTR FM NORMAL -185 PTCLDY (SCALE 4-7) 14
TOTAL FM JUL 1 235 CLOUDY (SCALE 8-10) 12
DPTR FM NORMAL -246
[CDD (BASE 65) ]
TOTAL THIS MO. 29
DPTR FM NORMAL 20 [PRESSURE DATA]
TOTAL FM JAN 1 1014 HIGHEST SLP 30.36 ON 6
DPTR FM NORMAL 216 LOWEST SLP 29.49 ON 26
[REMARKS]
#FINAL-10-21#