000
CXUS51 KCTP 011328
CF6IPT
PRELIMINARY LOCAL CLIMATOLOGICAL DATA (WS FORM: F-6)
STATION: WILLIAMSPORT PA
MONTH: DECEMBER
YEAR: 2023
LATITUDE: 41 15 N
LONGITUDE: 76 55 W
TEMPERATURE IN F: :PCPN: SNOW: WIND :SUNSHINE: SKY :PK WND
================================================================================
1 2 3 4 5 6A 6B 7 8 9 10 11 12 13 14 15 16 17 18
12Z AVG MX 2MIN
DY MAX MIN AVG DEP HDD CDD WTR SNW DPTH SPD SPD DIR MIN PSBL S-S WX SPD DR
================================================================================
1 42 25 34 -3 31 0 0.07 0.0 0 2.3 14 70 M M 8 18 23 80
2 46 40 43 7 22 0 T 0.0 0 2.8 7 80 M M 10 12 11 120
3 51 41 46 10 19 0 0.72 0.0 0 4.7 16 280 M M 9 12 24 280
4 48 38 43 7 22 0 0.00 0.0 0 8.9 18 280 M M 7 30 270
5 42 35 39 3 26 0 0.01 0.0 0 4.7 12 300 M M 10 16 270
6 41 31 36 1 29 0 T T T 7.0 17 290 M M 9 1 23 300
7 36 29 33 -2 32 0 0.06 0.6 T 1.2 7 60 M M 10 1 9 60
8 51 31 41 6 24 0 0.00 0.0 0 5.9 20 60 M M 5 12 29 60
9 51 36 44 10 21 0 0.00 0.0 0 5.8 20 70 M M 7 18 25 70
10 52 39 46 12 19 0 0.91 0.0 0 8.5 17 60 M M 9 18 23 70
11 44 34 39 5 26 0 0.21 T 0 10.8 24 310 M M 9 1 33 310
12 46 29 38 4 27 0 0.00 0.0 0 4.8 15 300 M M 3 22 300
13 45 24 35 2 30 0 0.00 0.0 0 7.1 22 280 M M 1 32 290
14 42 22 32 -1 33 0 0.00 0.0 0 2.4 10 270 M M 1 14 280
15 57 24 41 8 24 0 0.00 0.0 0 4.9 14 260 M M 0 20 260
16 52 27 40 7 25 0 0.00 0.0 0 1.9 15 70 M M 0 24 80
17 52 42 47 15 18 0 0.78 0.0 0 5.2 15 110 M M 9 1 24 90
18 51 37 44 12 21 0 1.41 0.0 0 12.3 25 260 M M 8 1 37 260
19 39 26 33 1 32 0 T T T 12.7 23 290 M M 8 33 270
20 38 24 31 -1 34 0 0.00 0.0 0 4.9 15 260 M M 4 21 260
21 44 26 35 4 30 0 0.00 0.0 0 4.9 13 260 M M 4 17 270
22 35 25 30 -1 35 0 0.00 0.0 0 1.7 9 100 M M 7 12 100
23 43 34 39 8 26 0 T 0.0 0 7.1 15 80 M M 10 22 130
24 45 40 43 12 22 0 0.00 0.0 0 2.3 13 70 M M 10 8 22 70
25 54 36 45 15 20 0 0.00 0.0 0 2.2 13 140 M M 6 18 18 120
26 47 36 42 12 23 0 0.16 0.0 0 6.5 14 50 M M 10 18 22 20
27 53 46 50 20 15 0 0.77 0.0 0 6.3 15 100 M M 10 1 19 100
28 54 45 50 20 15 0 0.07 0.0 0 5.1 18 270 M M 10 12 27 280
29 49 32 41 11 24 0 0.01 0.0 0 8.7 18 250 M M 8 27 240
30 49 30 40 10 25 0 T T 0 6.8 17 270 M M 8 1 26 270
31 42 36 39 10 26 0 0.01 0.0 0 5.9 15 270 M M 10 21 270
================================================================================
SM 1441 1020 776 0 5.19 0.6 176.3 M 220
================================================================================
AV 46.5 32.9 5.7 FASTST M M 7 MAX(MPH)
MISC ----> 25 260 37 260
================================================================================
NOTES:
# LAST OF SEVERAL OCCURRENCES
COLUMN 17 PEAK WIND IN M.P.H.
PRELIMINARY LOCAL CLIMATOLOGICAL DATA (WS FORM: F-6) , PAGE 2
STATION: WILLIAMSPORT PA
MONTH: DECEMBER
YEAR: 2023
LATITUDE: 41 15 N
LONGITUDE: 76 55 W
[TEMPERATURE DATA] [PRECIPITATION DATA] SYMBOLS USED IN COLUMN 16
AVERAGE MONTHLY: 39.7 TOTAL FOR MONTH: 5.19 1 = FOG OR MIST
DPTR FM NORMAL: 6.9 DPTR FM NORMAL: 1.92 2 = FOG REDUCING VISIBILITY
HIGHEST: 57 ON 15 GRTST 24HR 2.19 ON 17-18 TO 1/4 MILE OR LESS
LOWEST: 22 ON 14 3 = THUNDER
SNOW, ICE PELLETS, HAIL 4 = ICE PELLETS
TOTAL MONTH: 0.6 INCH 5 = HAIL
GRTST 24HR 0.6 ON 7- 7 6 = FREEZING RAIN OR DRIZZLE
GRTST DEPTH: T 7 = DUSTSTORM OR SANDSTORM:
VSBY 1/2 MILE OR LESS
8 = SMOKE OR HAZE
[NO. OF DAYS WITH] [WEATHER - DAYS WITH] 9 = BLOWING SNOW
X = TORNADO
MAX 32 OR BELOW: 0 0.01 INCH OR MORE: 13
MAX 90 OR ABOVE: 0 0.10 INCH OR MORE: 7
MIN 32 OR BELOW: 15 0.50 INCH OR MORE: 5
MIN 0 OR BELOW: 0 1.00 INCH OR MORE: 1
[HDD (BASE 65) ]
TOTAL THIS MO. 776 CLEAR (SCALE 0-3) 5
DPTR FM NORMAL -224 PTCLDY (SCALE 4-7) 10
TOTAL FM JUL 1 1822 CLOUDY (SCALE 8-10) 16
DPTR FM NORMAL -351
[CDD (BASE 65) ]
TOTAL THIS MO. 0
DPTR FM NORMAL 0 [PRESSURE DATA]
TOTAL FM JAN 1 864 HIGHEST SLP 30.72 ON 14
DPTR FM NORMAL 66 LOWEST SLP 29.25 ON 18
[REMARKS]
#FINAL-12-23#
CORRECTION...PREVIOUS ISSUANCES HELD INCORRECT INFORMATION
#FINAL-12-23#