000
CXUS51 KCTP 010827
CLMIPT
CLIMATE REPORT
NATIONAL WEATHER SERVICE STATE COLLEGE PA
427 AM EDT TUE AUG 01 2023
...................................
...THE WILLIAMSPORT PA CLIMATE SUMMARY FOR THE MONTH OF JULY 2023...
CLIMATE NORMAL PERIOD 1991 TO 2020
CLIMATE RECORD PERIOD 1895 TO 2023
WEATHER OBSERVED NORMAL DEPART LAST YEAR`S
VALUE DATE(S) VALUE FROM VALUE DATE(S)
NORMAL
................................................................
TEMPERATURE (F)
RECORD
HIGH 106 07/09/1936
LOW 43 07/20/1965
07/09/1963
07/12/1945
HIGHEST 93 07/05 98 07/24
07/28
LOWEST 58 07/11 53 07/04
07/31
07/10
AVG. MAXIMUM 85.7 84.8 0.9 88.9
AVG. MINIMUM 64.8 62.7 2.1 63.6
MEAN 75.3 73.7 1.6 76.3
DAYS MAX >= 90 5 7.3 -2.3 13
DAYS MAX <= 32 0 0.0 0.0 0
DAYS MIN <= 32 0 0.0 0.0 0
DAYS MIN <= 0 0 0.0 0.0 0
PRECIPITATION (INCHES)
RECORD
MAXIMUM 11.99 2018
MINIMUM 0.75 1909
TOTALS 10.05 4.64 5.41 2.11
DAILY AVG. 0.32 0.15 0.17 0.07
DAYS >= .01 17 11.9 5.1 8
DAYS >= .10 13 7.8 5.2 4
DAYS >= .50 8 3.0 5.0 3
DAYS >= 1.00 2 1.3 0.7 0
GREATEST
24 HR. TOTAL 3.30 07/15 TO 07/16 1.37 07/24 TO 07/25
SNOWFALL (INCHES)
RECORDS
TOTAL 0.0 MM
TOTALS 0.0 0.0 0.0 0.0
SINCE 7/1 0.0 0.0 0.0 MM
SNOWDEPTH AVG. 0 0
DAYS >= 1.0 0 0.0 0.0 0
GREATEST
SNOW DEPTH 0 0 MM
24 HR TOTAL MM MM
DEGREE DAYS
HEATING TOTAL 0 2 -2 0
SINCE 7/1 0 0 0 MM
COOLING TOTAL 327 273 54 358
SINCE 1/1 503 487 16 MM
................................................................
WIND (MPH)
AVERAGE WIND SPEED 4.5
HIGHEST WIND SPEED/DIRECTION 46/290 DATE 07/06
HIGHEST GUST SPEED/DIRECTION 58/290 DATE 07/06
SKY COVER
POSSIBLE SUNSHINE (PERCENT) MM
AVERAGE SKY COVER 0.44
NUMBER OF DAYS FAIR 12
NUMBER OF DAYS PC 17
NUMBER OF DAYS CLOUDY 2
WEATHER CONDITIONS. NUMBER OF DAYS WITH
THUNDERSTORM 15 MIXED PRECIP 0
HEAVY RAIN 11 RAIN 10
LIGHT RAIN 16 FREEZING RAIN 0
LT FREEZING RAIN 0 HAIL 0
HEAVY SNOW 0 SNOW 0
LIGHT SNOW 0 SLEET 0
FOG 20 FOG W/VIS <= 1/4 MILE 4
HAZE 11
- INDICATES NEGATIVE NUMBERS.
R INDICATES RECORD WAS SET OR TIED.
MM INDICATES DATA IS MISSING.
T INDICATES TRACE AMOUNT.
$$
JULY 2023 WAS THE 2ND WETTEST JULY ON RECORD WITH 10.05 INCHES.
THE RECORD WETTEST WAS 11.99 INCHES SET IN JULY 2018.