000
CXUS51 KOKX 011010
CF6ISP
PRELIMINARY LOCAL CLIMATOLOGICAL DATA (WS FORM: F-6)
STATION: ISLIP NY
MONTH: DECEMBER
YEAR: 2022
LATITUDE: 40 47 N
LONGITUDE: 73 6 W
TEMPERATURE IN F: :PCPN: SNOW: WIND :SUNSHINE: SKY :PK WND
================================================================================
1 2 3 4 5 6A 6B 7 8 9 10 11 12 13 14 15 16 17 18
12Z AVG MX 2MIN
DY MAX MIN AVG DEP HDD CDD WTR SNW DPTH SPD SPD DIR MIN PSBL S-S WX SPD DR
================================================================================
1 44 29 37 -4 28 0 0.00 0.0 0 13.0 26 290 M M 3 37 310
2 47 26 37 -4 28 0 0.00 0.0 0 4.0 14 210 M M 2 17 210
3 58 45 52 12 13 0 0.45 0.0 0 15.3 29 210 M M 8 1 45 200
4 45 28 37 -3 28 0 0.00 0.0 0 7.7 20 310 M M 2 27 300
5 49 25 37 -3 28 0 0.00 0.0 0 3.2 14 200 M M 3 17 210
6 58 33 46 6 19 0 0.47 0.0 0 9.7 17 150 M M 8 1 24 140
7 57 53 55 16 10 0 1.33 0.0 0 9.5 15 180 M M 10 12 20 160
8 54 42 48 9 17 0 0.00 0.0 0 12.7 24 350 M M 7 27 340
9 46 35 41 2 24 0 0.00 0.0 0 12.7 18 360 M M 0 23 350
10 40 33 37 -1 28 0 0.00 0.0 0 11.3 20 30 M M 6 23 40
11 40 34 37 -1 28 0 0.12 T 0 11.4 18 30 M M 10 1 23 60
12 39 29 34 -4 31 0 0.05 0.4 T 11.7 17 10 M M 6 1 23 30
13 43 26 35 -3 30 0 0.00 0.0 0 10.2 17 330 M M 0 22 340
14 39 29 34 -4 31 0 0.00 0.0 0 14.0 25 340 M M 2 34 340
15 43 31 37 0 28 0 0.47 0.0 0 10.0 20 70 M M 8 1 25 60
16 47 38 43 6 22 0 0.64 0.0 0 17.6 28 80 M M 10 1 37 70
17 47 33 40 3 25 0 0.01 0.0 0 12.0 23 280 M M 7 1 29 290
18 41 28 35 -1 30 0 0.00 0.0 0 9.2 17 290 M M 2 24 280
19 40 28 34 -2 31 0 0.00 0.0 0 11.8 22 310 M M 1 30 310
20 40 28 34 -2 31 0 0.00 0.0 0 11.7 23 330 M M 2 32 340
21 40 23 32 -4 33 0 0.00 0.0 0 3.3 9 350 M M 4 12 340
22 56 26 41 5 24 0 0.24 0.0 0 11.1 26 110 M M 7 1 36 120
23 58 10 34 -1 31 0 0.15 0.0 0 23.9 40 130 M M 8 18 52 140
24 16 8 12 -23 53 0 0.00 0.0 0 16.6 25 260 M M 1 33 250
25 28 14 21 -14 44 0 0.00 0.0 0 12.6 23 250 M M 1 31 240
26 30 18 24 -11 41 0 0.00 0.0 0 7.3 13 280 M M 4 18 270
27 35 25 30 -4 35 0 0.00 0.0 0 6.4 13 290 M M 8 17 250
28 46 24 35 1 30 0 0.00 0.0 0 6.5 22 240 M M 6 27 220
29 50 28 39 5 26 0 0.00 0.0 0 5.7 18 240 M M 5 1 23 230
30 56 31 44 10 21 0 0.00 0.0 0 4.6 14 220 M M 3 1 18 210
31 53 38 46 12 19 0 0.49 0.0 0 3.4 12 220 M M 10 12 14 210
================================================================================
SM 1385 898 867 0 4.42 0.4 320.1 M 154
================================================================================
AV 44.7 29.0 10.3 FASTST M M 5 MAX(MPH)
MISC ----> 40 130 52 140
================================================================================
NOTES:
# LAST OF SEVERAL OCCURRENCES
COLUMN 17 PEAK WIND IN M.P.H.
PRELIMINARY LOCAL CLIMATOLOGICAL DATA (WS FORM: F-6) , PAGE 2
STATION: ISLIP NY
MONTH: DECEMBER
YEAR: 2022
LATITUDE: 40 47 N
LONGITUDE: 73 6 W
[TEMPERATURE DATA] [PRECIPITATION DATA] SYMBOLS USED IN COLUMN 16
AVERAGE MONTHLY: 36.8 TOTAL FOR MONTH: 4.42 1 = FOG OR MIST
DPTR FM NORMAL: -0.3 DPTR FM NORMAL: -0.29 2 = FOG REDUCING VISIBILITY
HIGHEST: 58 ON 23, 6 GRTST 24HR 1.79 ON 6- 7 TO 1/4 MILE OR LESS
LOWEST: 8 ON 24 3 = THUNDER
SNOW, ICE PELLETS, HAIL 4 = ICE PELLETS
TOTAL MONTH: 0.4 INCH 5 = HAIL
GRTST 24HR 0.4 ON 12-12 6 = FREEZING RAIN OR DRIZZLE
GRTST DEPTH: T 7 = DUSTSTORM OR SANDSTORM:
VSBY 1/2 MILE OR LESS
8 = SMOKE OR HAZE
[NO. OF DAYS WITH] [WEATHER - DAYS WITH] 9 = BLOWING SNOW
X = TORNADO
MAX 32 OR BELOW: 3 0.01 INCH OR MORE: 11
MAX 90 OR ABOVE: 0 0.10 INCH OR MORE: 9
MIN 32 OR BELOW: 21 0.50 INCH OR MORE: 2
MIN 0 OR BELOW: 0 1.00 INCH OR MORE: 1
[HDD (BASE 65) ]
TOTAL THIS MO. 867 CLEAR (SCALE 0-3) 11
DPTR FM NORMAL 2 PTCLDY (SCALE 4-7) 14
TOTAL FM JUL 1 1659 CLOUDY (SCALE 8-10) 6
DPTR FM NORMAL -144
[CDD (BASE 65) ]
TOTAL THIS MO. 0
DPTR FM NORMAL 0 [PRESSURE DATA]
TOTAL FM JAN 1 1136 HIGHEST SLP M ON M
DPTR FM NORMAL 251 LOWEST SLP 28.98 ON 23
[REMARKS]
#FINAL-12-22#