000
CXUS52 TJSJ 011739
CF6IST
PRELIMINARY LOCAL CLIMATOLOGICAL DATA (WS FORM: F-6)
STATION: CYRIL E. KING AP/ST THOMAS
MONTH: JULY
YEAR: 2022
LATITUDE: 18 19 N
LONGITUDE: 64 58 W
TEMPERATURE IN F: :PCPN: SNOW: WIND :SUNSHINE: SKY :PK WND
================================================================================
1 2 3 4 5 6A 6B 7 8 9 10 11 12 13 14 15 16 17 18
12Z AVG MX 2MIN
DY MAX MIN AVG DEP HDD CDD WTR SNW DPTH SPD SPD DIR MIN PSBL S-S WX SPD DR
================================================================================
1 91 80 86 2 0 21 0.00 M M 14.0 23 80 M M 2 32 80
2 86 77 82 -2 0 17 0.22 M M 18.2 37 110 M M 5 1 47 120
3 88 80 84 0 0 19 0.02 M M 13.8 23 120 M M 4 1 30 120
4 89 79 84 0 0 19 0.01 M M 10.5 18 90 M M 3 24 70
5 86 78 82 -2 0 17 0.01 M M 10.7 18 130 M M 1 1 22 140
6 88 76 82 -2 0 17 0.22 M M 13.3 22 60 M M 3 1 30 50
7 89 77 83 -1 0 18 T M M 11.8 17 140 M M 2 29 60
8 87 78 83 -1 0 18 T M M 13.7 21 120 M M 2 28 90
9 89 81 85 1 0 20 0.06 M M 13.3 22 80 M M 3 27 80
10 89 78 84 0 0 19 0.01 M M 12.3 24 130 M M 3 30 130
11 88 81 85 1 0 20 T M M 12.7 20 130 M M 2 24 100
12 91 80 86 2 0 21 T M M 10.4 21 90 M M 2 25 80
13 90 78 84 0 0 19 0.12 M M 11.8 22 120 M M 3 1 28 120
14 89 79 84 0 0 19 0.14 M M 13.3 26 80 M M 3 18 34 80
15 91 80 86 2 0 21 T M M 13.8 24 120 M M 2 31 120
16 92 81 87 3 0 22 T M M 15.7 24 90 M M 2 32 80
17 91 81 86 2 0 21 T 0.0 0 13.9 23 70 M M 3 32 70
18 85 77 81 -3 0 16 0.32 M M M M M M M 4 1 M M
19 85 77 81 -3 0 16 T M M M M M M M 2 M M
20 89 80 85 1 0 20 T M M 13.7 22 130 M M 3 26 90
21 86 76 81 -3 0 16 0.64 M M 11.6 30 80 M M 5 1 39 90
22 89 77 83 -1 0 18 0.03 M M 11.8 24 90 M M 2 1 33 90
23 88 76 82 -2 0 17 0.18 M M 13.1 23 40 M M 3 18 36 90
24 87 74 81 -3 0 16 0.04 M M 12.0 22 120 M M 3 1 28 120
25 90 79 85 1 0 20 0.04 M M 14.2 25 70 M M 4 1 32 90
26 89 79 84 0 0 19 0.06 M M 11.3 21 90 M M 3 1 27 60
27 88 78 83 -1 0 18 T M M 10.6 18 130 M M 2 24 120
28 90 78 84 0 0 19 0.00 M M 10.6 21 90 M M 2 25 130
29 90 78 84 0 0 19 0.02 M M 14.6 22 70 M M 4 1 28 50
30 89 80 85 0 0 20 0.05 M M 13.6 24 90 M M 4 29 90
31 92 81 87 2 0 22 T M M 14.6 22 90 M M 3 28 70
================================================================================
SM 2751 2434 0 584 2.19 0.0 374.9 M 89
================================================================================
AV 88.7 78.5 12.9 FASTST M M 3 MAX(MPH)
MISC ----> 37 110 47 120
================================================================================
NOTES:
# LAST OF SEVERAL OCCURRENCES
COLUMN 17 PEAK WIND IN M.P.H.
PRELIMINARY LOCAL CLIMATOLOGICAL DATA (WS FORM: F-6) , PAGE 2
STATION: CYRIL E. KING AP/ST THOMAS
MONTH: JULY
YEAR: 2022
LATITUDE: 18 19 N
LONGITUDE: 64 58 W
[TEMPERATURE DATA] [PRECIPITATION DATA] SYMBOLS USED IN COLUMN 16
AVERAGE MONTHLY: 83.6 TOTAL FOR MONTH: 2.19 1 = FOG OR MIST
DPTR FM NORMAL: -0.9 DPTR FM NORMAL: -0.72 2 = FOG REDUCING VISIBILITY
HIGHEST: 92 ON 31,16 GRTST 24HR 0.64 ON 20-21 TO 1/4 MILE OR LESS
LOWEST: 74 ON 24 3 = THUNDER
SNOW, ICE PELLETS, HAIL 4 = ICE PELLETS
TOTAL MONTH: 0.0 INCH 5 = HAIL
GRTST 24HR 0.0 6 = FREEZING RAIN OR DRIZZLE
GRTST DEPTH: 0 7 = DUSTSTORM OR SANDSTORM:
VSBY 1/2 MILE OR LESS
8 = SMOKE OR HAZE
[NO. OF DAYS WITH] [WEATHER - DAYS WITH] 9 = BLOWING SNOW
X = TORNADO
MAX 32 OR BELOW: 0 0.01 INCH OR MORE: 18
MAX 90 OR ABOVE: 10 0.10 INCH OR MORE: 7
MIN 32 OR BELOW: 0 0.50 INCH OR MORE: 1
MIN 0 OR BELOW: 0 1.00 INCH OR MORE: 0
[HDD (BASE 65) ]
TOTAL THIS MO. 0 CLEAR (SCALE 0-3) 22
DPTR FM NORMAL 0 PTCLDY (SCALE 4-7) 9
TOTAL FM JUL 1 0 CLOUDY (SCALE 8-10) 0
DPTR FM NORMAL 0
[CDD (BASE 65) ]
TOTAL THIS MO. 584
DPTR FM NORMAL -20 [PRESSURE DATA]
TOTAL FM JAN 1 3261 HIGHEST SLP 30.14 ON 8
DPTR FM NORMAL -179 LOWEST SLP 29.94 ON 23
[REMARKS]
#FINAL-07-22#