000
CXUS53 KGRB 131445
CF6ISW
PRELIMINARY LOCAL CLIMATOLOGICAL DATA (WS FORM: F-6)
STATION: WISCONSIN RAPIDS ASOS
MONTH: JANUARY
YEAR: 2024
LATITUDE: 44 22 N
LONGITUDE: 89 50 W
TEMPERATURE IN F: :PCPN: SNOW: WIND :SUNSHINE: SKY :PK WND
================================================================================
1 2 3 4 5 6A 6B 7 8 9 10 11 12 13 14 15 16 17 18
12Z AVG MX 2MIN
DY MAX MIN AVG DEP HDD CDD WTR SNW DPTH SPD SPD DIR MIN PSBL S-S WX SPD DR
================================================================================
1 26 21 24 6 41 0 0.00 0.0 0 8.0 15 250 M M 10 24 270
2 30 22 26 9 39 0 0.00 0.0 0 8.4 15 240 M M 8 22 260
3 33 24 29 12 36 0 0.00 0.0 0 7.8 16 360 M M 10 21 350
4 24 21 23 6 42 0 0.00 0.0 0 5.3 12 320 M M 10 17 280
5 36 24 30 13 35 0 0.00 0.0 0 4.7 9 210 M M 7 16 250
6 33 29 31 14 34 0 0.02 T T 3.4 8 310 M M 10 18 11 310
7 32 29 31 15 34 0 0.00 0.0 0 5.1 12 330 M M 10 8 15 330
8 30 27 29 13 36 0 T 0.0 0 6.4 14 130 M M 10 1 22 160
9 32 30 31 15 34 0 0.05 0.5 1 13.6 20 20 M M 10 12 30 20
10 32 26 29 13 36 0 0.23 4.0 5 5.8 21 10 M M 10 1 32 20
11 30 22 26 10 39 0 0.06 1.0 6 2.9 9 220 M M 10 1 12 300
12 29 24 27 11 38 0 0.60 6.2 12 13.9 23 30 M M 10 12 37 50
13 26 4 15 -1 50 0 T T 12 15.0 24 330 M M 10 1 35 330
14 4 -6 -1 -17 66 0 0.00 0.0 12 11.9 17 280 M M 7 8 26 300
15 3 -9 -3 -19 68 0 0.00 0.0 12 9.2 14 260 M M 1 21 290
16 3 -9 -3 -19 68 0 0.00 0.0 12 10.5 18 250 M M 1 28 260
17 13 -7 3 -13 62 0 0.00 0.0 12 7.7 15 290 M M 2 21 270
18 11 -4 4 -12 61 0 0.00 0.0 12 7.2 16 340 M M 3 22 350
19 9 -4 3 -13 62 0 T T 12 9.0 15 340 M M 5 8 20 330
20 14 -5 5 -11 60 0 0.00 0.0 12 6.7 15 320 M M 0 18 300
21 18 -2 8 -8 57 0 0.00 0.0 11 9.1 18 220 M M 5 26 210
22 32 17 25 9 40 0 0.00 0.0 11 6.0 16 230 M M 6 21 240
23 32 26 29 13 36 0 0.00 0.0 10 5.7 13 80 M M 9 18 18 80
24 36 30 33 17 32 0 0.00 0.0 9 2.6 8 160 M M 10 12 13 180
25 37 33 35 19 30 0 0.28 0.0 6 2.7 8 90 M M 10 1 12 70
26 37 33 35 19 30 0 0.05 0.0 5 1.6 7 90 M M 10 12 9 80
27 38 33 36 20 29 0 0.00 0.0 4 4.4 12 10 M M 10 12 16 10
28 34 30 32 16 33 0 0.00 0.0 2 7.0 13 330 M M 10 17 340
29 39 28 34 18 31 0 0.00 0.0 1 7.3 16 330 M M 8 1 23 330
30 38 33 36 20 29 0 T 0.0 1 7.9 15 340 M M 10 21 330
31 49 31 40 24 25 0 0.00 0.0 1 9.3 18 260 M M 5 1 26 240
================================================================================
SM 840 551 1313 0 1.29 11.7 226.1 M 237
================================================================================
AV 27.1 17.8 7.3 FASTST M M 8 MAX(MPH)
MISC ----> 24 330 37 50
================================================================================
NOTES:
# LAST OF SEVERAL OCCURRENCES
COLUMN 17 PEAK WIND IN M.P.H.
PRELIMINARY LOCAL CLIMATOLOGICAL DATA (WS FORM: F-6) , PAGE 2
STATION: WISCONSIN RAPIDS ASOS
MONTH: JANUARY
YEAR: 2024
LATITUDE: 44 22 N
LONGITUDE: 89 50 W
[TEMPERATURE DATA] [PRECIPITATION DATA] SYMBOLS USED IN COLUMN 16
AVERAGE MONTHLY: 22.4 TOTAL FOR MONTH: 1.29 1 = FOG OR MIST
DPTR FM NORMAL: 6.3 DPTR FM NORMAL: 0.34 2 = FOG REDUCING VISIBILITY
HIGHEST: 49 ON 31 GRTST 24HR 0.60 ON 12-12 TO 1/4 MILE OR LESS
LOWEST: -9 ON 16,15 3 = THUNDER
SNOW, ICE PELLETS, HAIL 4 = ICE PELLETS
TOTAL MONTH: 11.7 INCHES 5 = HAIL
GRTST 24HR 6.2 ON 12-12 6 = FREEZING RAIN OR DRIZZLE
GRTST DEPTH: 12 ON 20,19 7 = DUSTSTORM OR SANDSTORM:
VSBY 1/2 MILE OR LESS
8 = SMOKE OR HAZE
[NO. OF DAYS WITH] [WEATHER - DAYS WITH] 9 = BLOWING SNOW
X = TORNADO
MAX 32 OR BELOW: 20 0.01 INCH OR MORE: 7
MAX 90 OR ABOVE: 0 0.10 INCH OR MORE: 3
MIN 32 OR BELOW: 27 0.50 INCH OR MORE: 1
MIN 0 OR BELOW: 8 1.00 INCH OR MORE: 0
[HDD (BASE 65) ]
TOTAL THIS MO. 1313 CLEAR (SCALE 0-3) 5
DPTR FM NORMAL -203 PTCLDY (SCALE 4-7) 7
TOTAL FM JUL 1 3764 CLOUDY (SCALE 8-10) 19
DPTR FM NORMAL -792
[CDD (BASE 65) ]
TOTAL THIS MO. 0
DPTR FM NORMAL 0 [PRESSURE DATA]
TOTAL FM JAN 1 0 HIGHEST SLP 30.64 ON 20
DPTR FM NORMAL 0 LOWEST SLP 29.29 ON 9
[REMARKS]
#FINAL-01-24#