799
CXUS53 KGRB 010708
CF6ISW
PRELIMINARY LOCAL CLIMATOLOGICAL DATA (WS FORM: F-6)
STATION: WISCONSIN RAPIDS ASOS
MONTH: SEPTEMBER
YEAR: 2020
LATITUDE: 44 22 N
LONGITUDE: 89 50 W
TEMPERATURE IN F: :PCPN: SNOW: WIND :SUNSHINE: SKY :PK WND
================================================================================
1 2 3 4 5 6A 6B 7 8 9 10 11 12 13 14 15 16 17 18
12Z AVG MX 2MIN
DY MAX MIN AVG DEP HDD CDD WTR SNW DPTH SPD SPD DIR MIN PSBL S-S WX SPD DR
================================================================================
1 71 46 59 -6 6 0 0.07 0.0 0 2.6 13 190 M M 5 1 20 160
2 78 56 67 3 0 2 0.00 0.0 0 9.0 21 300 M M 0 28 280
3 71 49 60 -4 5 0 T 0.0 0 12.8 28 300 M M 2 39 320
4 74 44 59 -5 6 0 T 0.0 0 7.8 21 320 M M 1 31 290
5 75 50 63 0 2 0 0.01 0.0 0 4.4 16 320 M M 3 1 23 320
6 74 55 65 2 0 0 0.00 0.0 0 8.8 17 310 M M 5 26 310
7 65 51 58 -5 7 0 0.07 0.0 0 8.8 21 310 M M 4 29 300
8 53 47 50 -12 15 0 0.20 0.0 0 7.5 16 20 M M 8 1 21 20
9 49 46 48 -14 17 0 0.22 0.0 0 7.8 13 30 M M 10 1 18 70
10 60 39 50 -11 15 0 0.00 0.0 0 3.0 9 60 M M 2 1 12 50
11 63 38 51 -10 14 0 0.14 0.0 0 6.3 15 90 M M 7 1 21 100
12 67 54 61 0 4 0 1.40 0.0 0 6.7 12 270 M M 10 1 18 270
13 71 55 63 3 2 0 T 0.0 0 6.3 15 320 M M 6 12 19 310
14 68 53 61 1 4 0 0.00 0.0 0 6.4 14 110 M M 7 18 110
15 77 59 68 8 0 3 0.00 0.0 0 11.3 21 230 M M 0 30 220
16 72 48 60 1 5 0 0.00 0.0 0 9.0 20 310 M M 1 27 300
17 64 47 56 -3 9 0 0.00 0.0 0 6.9 14 20 M M 3 19 40
18 61 38 50 -8 15 0 0.00 0.0 0 4.6 13 70 M M 0 17 80
19 66 35 51 -7 14 0 0.00 0.0 0 6.4 16 190 M M 0 23 190
20 69 46 58 1 7 0 0.00 0.0 0 7.2 17 180 M M 2 24 170
21 73 41 57 0 8 0 T 0.0 0 6.7 14 180 M M 0 23 200
22 79 54 67 10 0 2 T 0.0 0 4.6 12 200 M M 1 1 16 200
23 81 52 67 11 0 2 0.00 0.0 0 4.6 13 200 M M 1 12 19 200
24 68 55 62 6 3 0 0.08 0.0 0 2.1 10 10 M M 5 12 13 230
25 80 55 68 13 0 3 0.00 0.0 0 8.8 20 210 M M 3 12 30 200
26 73 61 67 12 0 2 T 0.0 0 6.8 18 160 M M 2 3 26 150
27 70 53 62 8 3 0 0.00 0.0 0 8.5 14 270 M M 4 31 280
28 59 45 52 -2 13 0 0.16 0.0 0 7.9 21 310 M M 8 1 28 310
29 58 44 51 -3 14 0 0.01 0.0 0 6.6 14 270 M M 8 1 19 290
30 59 38 49 -4 16 0 0.39 M M 8.8 26 310 M M 2 1 43 310
================================================================================
SM 2048 1454 204 14 2.75 0.0 209.0 M 110
================================================================================
AV 68.3 48.5 7.0 FASTST M M 4 MAX(MPH)
MISC ----> 28 300 43 310
================================================================================
NOTES:
# LAST OF SEVERAL OCCURRENCES
COLUMN 17 PEAK WIND IN M.P.H.
PRELIMINARY LOCAL CLIMATOLOGICAL DATA (WS FORM: F-6) , PAGE 2
STATION: WISCONSIN RAPIDS ASOS
MONTH: SEPTEMBER
YEAR: 2020
LATITUDE: 44 22 N
LONGITUDE: 89 50 W
[TEMPERATURE DATA] [PRECIPITATION DATA] SYMBOLS USED IN COLUMN 16
AVERAGE MONTHLY: 58.4 TOTAL FOR MONTH: 2.75 1 = FOG OR MIST
DPTR FM NORMAL: -0.8 DPTR FM NORMAL: -1.08 2 = FOG REDUCING VISIBILITY
HIGHEST: 81 ON 23 GRTST 24HR 1.54 ON 11-12 TO 1/4 MILE OR LESS
LOWEST: 35 ON 19 3 = THUNDER
SNOW, ICE PELLETS, HAIL 4 = ICE PELLETS
TOTAL MONTH: 0.0 INCH 5 = HAIL
GRTST 24HR 0.0 6 = FREEZING RAIN OR DRIZZLE
GRTST DEPTH: 0 7 = DUSTSTORM OR SANDSTORM:
VSBY 1/2 MILE OR LESS
8 = SMOKE OR HAZE
[NO. OF DAYS WITH] [WEATHER - DAYS WITH] 9 = BLOWING SNOW
X = TORNADO
MAX 32 OR BELOW: 0 0.01 INCH OR MORE: 11
MAX 90 OR ABOVE: 0 0.10 INCH OR MORE: 6
MIN 32 OR BELOW: 0 0.50 INCH OR MORE: 1
MIN 0 OR BELOW: 0 1.00 INCH OR MORE: 1
[HDD (BASE 65) ]
TOTAL THIS MO. 204 CLEAR (SCALE 0-3) 16
DPTR FM NORMAL -3 PTCLDY (SCALE 4-7) 12
TOTAL FM JUL 1 225 CLOUDY (SCALE 8-10) 2
DPTR FM NORMAL -28
[CDD (BASE 65) ]
TOTAL THIS MO. 14
DPTR FM NORMAL -17 [PRESSURE DATA]
TOTAL FM JAN 1 620 HIGHEST SLP M ON M
DPTR FM NORMAL 163 LOWEST SLP 29.47 ON 26
[REMARKS]
#FINAL-09-20#