000
CXHW53 PHFO 011250
CF6ITO
PRELIMINARY LOCAL CLIMATOLOGICAL DATA (WS FORM: F-6)
STATION: HILO HI
MONTH: JUNE
YEAR: 2022
LATITUDE: 19 43 N
LONGITUDE: 155 4 W
TEMPERATURE IN F: :PCPN: SNOW: WIND :SUNSHINE: SKY :PK WND
================================================================================
1 2 3 4 5 6A 6B 7 8 9 10 11 12 13 14 15 16 17 18
12Z AVG MX 2MIN
DY MAX MIN AVG DEP HDD CDD WTR SNW DPTH SPD SPD DIR MIN PSBL S-S WX SPD DR
================================================================================
1 83 67 75 0 0 10 0.00 M M 7.5 16 80 M M 7 22 90
2 85 66 76 1 0 11 0.07 M M 7.2 16 90 M M 7 18 19 90
3 83 69 76 1 0 11 0.22 M M 7.2 14 70 M M 8 1 20 40
4 80 67 74 -1 0 9 0.90 M M 6.7 16 80 M M 10 18 20 100
5 80 70 75 0 0 10 0.29 M M 4.6 14 100 M M 9 18 16 100
6 83 67 75 0 0 10 0.02 M M 6.4 15 70 M M 3 19 70
7 84 66 75 0 0 10 0.00 M M 7.7 17 90 M M 4 23 110
8 83 66 75 0 0 10 T M M 7.6 16 100 M M 4 20 120
9 79 66 73 -2 0 8 0.07 M M 5.3 12 120 M M 6 18 15 130
10 83 68 76 1 0 11 T M M 5.6 18 80 M M 7 22 80
11 82 66 74 -1 0 9 0.25 M M 7.3 21 80 M M 8 18 27 80
12 81 67 74 -1 0 9 0.02 M M 5.7 15 100 M M 6 18 19 90
13 85 68 77 2 0 12 0.22 M M 7.6 17 60 M M 5 1 20 70
14 84 68 76 1 0 11 0.18 M M 6.8 16 60 M M 6 1 21 60
15 83 66 75 0 0 10 T M M 6.6 13 10 M M 5 18 19 60
16 83 67 75 0 0 10 0.15 M M 4.6 18 110 M M 7 1 24 110
17 83 66 75 0 0 10 0.91 M M 6.9 17 80 M M 8 18 22 80
18 84 70 77 2 0 12 0.35 M M 7.7 20 90 M M 9 1 24 110
19 85 68 77 2 0 12 0.02 M M 7.5 16 90 M M 7 22 120
20 80 68 74 -1 0 9 0.57 M M 5.7 14 280 M M 8 1 16 280
21 84 66 75 0 0 10 0.53 M M 6.9 20 90 M M 5 1 24 100
22 81 70 76 0 0 11 0.34 M M 5.0 20 40 M M 9 18 24 40
23 81 68 75 -1 0 10 0.09 M M 6.0 15 20 M M 7 18 18 20
24 83 66 75 -1 0 10 0.26 M M 7.3 12 20 M M 5 1 18 40
25 83 69 76 0 0 11 1.36 M M 6.2 16 50 M M 9 1 19 30
26 83 70 77 1 0 12 T M M 5.2 12 120 M M 9 16 130
27 84 67 76 0 0 11 0.23 M M 6.5 13 50 M M 5 1 19 60
28 83 66 75 -1 0 10 0.08 M M 7.2 14 80 M M 6 1 18 80
29 82 69 76 0 0 11 0.28 M M 7.0 23 90 M M 9 18 26 80
30 84 68 76 0 0 11 0.01 M M 4.3 15 80 M M 7 1 18 70
================================================================================
SM 2481 2025 0 311 7.42 M 193.8 M 205
================================================================================
AV 82.7 67.5 6.5 FASTST M M 7 MAX(MPH)
MISC ----> 23 90 27 80
================================================================================
NOTES:
# LAST OF SEVERAL OCCURRENCES
COLUMN 17 PEAK WIND IN M.P.H.
PRELIMINARY LOCAL CLIMATOLOGICAL DATA (WS FORM: F-6) , PAGE 2
STATION: HILO HI
MONTH: JUNE
YEAR: 2022
LATITUDE: 19 43 N
LONGITUDE: 155 4 W
[TEMPERATURE DATA] [PRECIPITATION DATA] SYMBOLS USED IN COLUMN 16
AVERAGE MONTHLY: 75.1 TOTAL FOR MONTH: 7.42 1 = FOG OR MIST
DPTR FM NORMAL: -0.1 DPTR FM NORMAL: 0.12 2 = FOG REDUCING VISIBILITY
HIGHEST: 85 ON 19,13 GRTST 24HR 1.56 ON 24-25 TO 1/4 MILE OR LESS
LOWEST: 66 ON 28,24 3 = THUNDER
SNOW, ICE PELLETS, HAIL 4 = ICE PELLETS
TOTAL MONTH: M 5 = HAIL
GRTST 24HR M ON M 6 = FREEZING RAIN OR DRIZZLE
GRTST DEPTH: M ON M 7 = DUSTSTORM OR SANDSTORM:
VSBY 1/2 MILE OR LESS
8 = SMOKE OR HAZE
[NO. OF DAYS WITH] [WEATHER - DAYS WITH] 9 = BLOWING SNOW
X = TORNADO
MAX 32 OR BELOW: 0 0.01 INCH OR MORE: 24
MAX 90 OR ABOVE: 0 0.10 INCH OR MORE: 16
MIN 32 OR BELOW: 0 0.50 INCH OR MORE: 5
MIN 0 OR BELOW: 0 1.00 INCH OR MORE: 1
[HDD (BASE 65) ]
TOTAL THIS MO. 0 CLEAR (SCALE 0-3) 1
DPTR FM NORMAL 0 PTCLDY (SCALE 4-7) 22
TOTAL FM JUL 1 0 CLOUDY (SCALE 8-10) 7
DPTR FM NORMAL 0
[CDD (BASE 65) ]
TOTAL THIS MO. 311
DPTR FM NORMAL 3 [PRESSURE DATA]
TOTAL FM JAN 1 1735 HIGHEST SLP 30.16 ON 12
DPTR FM NORMAL 337 LOWEST SLP 29.94 ON 24
[REMARKS]
#FINAL-06-22#