000
CXHW53 PHFO 011250
CF6ITO
PRELIMINARY LOCAL CLIMATOLOGICAL DATA (WS FORM: F-6)
STATION: HILO HI
MONTH: JANUARY
YEAR: 2021
LATITUDE: 19 43 N
LONGITUDE: 155 4 W
TEMPERATURE IN F: :PCPN: SNOW: WIND :SUNSHINE: SKY :PK WND
================================================================================
1 2 3 4 5 6A 6B 7 8 9 10 11 12 13 14 15 16 17 18
12Z AVG MX 2MIN
DY MAX MIN AVG DEP HDD CDD WTR SNW DPTH SPD SPD DIR MIN PSBL S-S WX SPD DR
================================================================================
1 80 66 73 1 0 8 0.56 M M 4.8 14 80 M M 7 19 50
2 81 66 74 2 0 9 0.93 M M 5.5 15 50 M M 8 18 50
3 82 65 74 2 0 9 0.19 M M 5.7 14 50 M M 6 17 60
4 82 66 74 2 0 9 0.02 M M 6.1 13 90 M M 8 16 80
5 82 67 75 3 0 10 0.05 M M 6.4 13 50 M M 5 15 50
6 81 65 73 1 0 8 0.23 M M 4.6 14 90 M M 7 17 90
7 83 65 74 2 0 9 0.02 M M 6.0 14 90 M M 4 18 120
8 83 64 74 2 0 9 0.00 M M 5.2 13 80 M M 3 16 70
9 83 68 76 4 0 11 0.03 M M 6.2 14 110 M M 8 17 120
10 83 65 74 2 0 9 T M M 6.2 16 120 M M 5 21 130
11 83 68 76 4 0 11 0.04 M M 5.4 16 130 M M 7 19 120
12 79 67 73 1 0 8 0.05 M M 5.0 14 130 M M 7 18 16 130
13 85 63 74 2 0 9 0.00 M M 3.7 12 50 M M 3 14 50
14 84 67 76 5 0 11 0.00 M M 7.1 16 140 M M 1 22 140
15 85 66 76 5 0 11 T M M 5.9 16 110 M M 2 20 100
16 83 67 75 4 0 10 0.01 M M 7.0 18 90 M M 4 24 100
17 83 68 76 5 0 11 0.00 M M 4.6 13 140 M M 7 16 140
18 82 67 75 4 0 10 0.85 M M 5.0 20 350 M M 8 3 26 350
19 82 68 75 4 0 10 1.32 M M 6.9 16 330 M M 8 1 20 330
20 79 68 74 3 0 9 0.58 M M 6.8 17 90 M M 10 20 90
21 80 66 73 2 0 8 0.61 M M 5.5 14 250 M M 7 1 21 90
22 82 68 75 4 0 10 0.27 M M 6.2 15 70 M M 8 20 90
23 81 67 74 3 0 9 0.20 M M 5.5 16 100 M M 8 19 100
24 82 66 74 3 0 9 1.78 M M 6.4 15 140 M M 7 20 130
25 77 69 73 2 0 8 5.33 M M 6.6 22 130 M M 10 128 28 120
26 81 68 75 4 0 10 1.84 M M 7.3 18 100 M M 8 18 24 100
27 77 67 72 1 0 7 0.77 M M 7.0 22 100 M M 10 18 27 100
28 81 66 74 3 0 9 0.12 M M 6.8 17 80 M M 7 18 21 70
29 78 65 72 1 0 7 0.84 M M 4.2 15 70 M M 9 18 18 70
30 81 66 74 3 0 9 0.29 M M 5.8 17 50 M M 7 18 22 50
31 81 66 74 3 0 9 0.54 M M 6.1 12 30 M M 7 1 15 50
================================================================================
SM 2526 2060 0 286 17.47 M 181.5 M 206
================================================================================
AV 81.5 66.5 5.9 FASTST M M 7 MAX(MPH)
MISC ----> # 22 130 28 120
================================================================================
NOTES:
# LAST OF SEVERAL OCCURRENCES
COLUMN 17 PEAK WIND IN M.P.H.
PRELIMINARY LOCAL CLIMATOLOGICAL DATA (WS FORM: F-6) , PAGE 2
STATION: HILO HI
MONTH: JANUARY
YEAR: 2021
LATITUDE: 19 43 N
LONGITUDE: 155 4 W
[TEMPERATURE DATA] [PRECIPITATION DATA] SYMBOLS USED IN COLUMN 16
AVERAGE MONTHLY: 74.0 TOTAL FOR MONTH: 17.47 1 = FOG OR MIST
DPTR FM NORMAL: 2.6 DPTR FM NORMAL: 8.21 2 = FOG REDUCING VISIBILITY
HIGHEST: 85 ON 15,13 GRTST 24HR 5.33 ON 25-25 TO 1/4 MILE OR LESS
LOWEST: 63 ON 13 3 = THUNDER
SNOW, ICE PELLETS, HAIL 4 = ICE PELLETS
TOTAL MONTH: M 5 = HAIL
GRTST 24HR M ON M 6 = FREEZING RAIN OR DRIZZLE
GRTST DEPTH: M ON M 7 = DUSTSTORM OR SANDSTORM:
VSBY 1/2 MILE OR LESS
8 = SMOKE OR HAZE
[NO. OF DAYS WITH] [WEATHER - DAYS WITH] 9 = BLOWING SNOW
X = TORNADO
MAX 32 OR BELOW: 0 0.01 INCH OR MORE: 25
MAX 90 OR ABOVE: 0 0.10 INCH OR MORE: 18
MIN 32 OR BELOW: 0 0.50 INCH OR MORE: 12
MIN 0 OR BELOW: 0 1.00 INCH OR MORE: 4
[HDD (BASE 65) ]
TOTAL THIS MO. 0 CLEAR (SCALE 0-3) 3
DPTR FM NORMAL 0 PTCLDY (SCALE 4-7) 22
TOTAL FM JUL 1 0 CLOUDY (SCALE 8-10) 6
DPTR FM NORMAL 0
[CDD (BASE 65) ]
TOTAL THIS MO. 286
DPTR FM NORMAL 88 [PRESSURE DATA]
TOTAL FM JAN 1 286 HIGHEST SLP 30.18 ON 4
DPTR FM NORMAL 88 LOWEST SLP 29.91 ON 19
[REMARKS]
#FINAL-01-21#