000
CXUS53 KIWX 200809
CF6IWX
PRELIMINARY LOCAL CLIMATOLOGICAL DATA (WS FORM: F-6)
STATION: NORTH WEBSTER WFO
MONTH: JUNE
YEAR: 2022
LATITUDE: 41 21 N
LONGITUDE: 85 42 W
TEMPERATURE IN F: :PCPN: SNOW: WIND :SUNSHINE: SKY :PK WND
================================================================================
1 2 3 4 5 6A 6B 7 8 9 10 11 12 13 14 15 16 17 18
12Z AVG MX 2MIN
DY MAX MIN AVG DEP HDD CDD WTR SNW DPTH SPD SPD DIR MIN PSBL S-S WX SPD DR
================================================================================
1 77 58 68 2 0 3 0.31 0.0 0 M M M M M M M M
2 75 54 65 -1 0 0 T 0.0 0 M M M M M M M M
3 79 52 66 0 0 1 0.00 0.0 0 M M M M M M M M
4 75 48 62 -5 3 0 T 0.0 0 M M M M M M M M
5 83 58 71 4 0 6 T 0.0 0 M M M M M M M M
6 76 63 70 3 0 5 0.61 0.0 0 M M M M M M 13 M M
7 72 54 63 -5 2 0 0.03 0.0 M M M M M M M M M
8 70 50 60 -8 5 0 0.57 0.0 0 M M M M M M M M
9 72 54 63 -5 2 0 0.00 0.0 0 M M M M M M M M
10 78 52 65 -3 0 0 0.00 0.0 0 M M M M M M M M
11 73 54 64 -5 1 0 T 0.0 0 M M M M M M M M
12 80 63 72 3 0 7 0.02 0.0 0 M M M M M M M M
13 87 65 76 7 0 11 0.83 0.0 0 M M M M M M M M
14 92 71 82 13 0 17 0.00 0.0 0 M M M M M M M M
15 91 77 84 14 0 19 0.00 0.0 0 M M M M M M M M
16 89 74 82 12 0 17 T 0.0 0 M M M M M M M M
17 81 64 73 3 0 8 0.00 0.0 0 M M M M M M M M
18 73 54 64 -6 1 0 0.00 0.0 0 M M M M M M M M
19 78 52 65 -5 0 0 0.00 0.0 0 M M M M M M M M
20 86 61 74 3 0 9 0.00 0.0 0 M M M M M M M M
21 92 67 80 9 0 15 0.00 0.0 0 M M M M M M M M
22 87 67 77 6 0 12 0.00 0.0 0 M M M M M M M M
23 81 61 71 0 0 6 0.00 0.0 0 M M M M M M M M
24 85 57 71 0 0 6 0.00 0.0 0 M M M M M M M M
25 80 64 72 0 0 7 T 0.0 0 M M M M M M M M
26 80 61 71 -1 0 6 0.09 0.0 0 M M M M M M M M
27 75 53 64 -8 1 0 0.00 0.0 0 M M M M M M M M
28 79 50 65 -7 0 0 0.00 0.0 0 M M M M M M M M
29 85 62 74 2 0 9 T 0.0 0 M M M M M M M M
30 88 66 77 5 0 12 0.00 0.0 0 M M M M M M M M
================================================================================
SM 2419 1786 15 176 2.46 0.0 M M M
================================================================================
AV 80.6 59.5 M FASTST M M M MAX(MPH)
MISC ----> M M M M
================================================================================
NOTES:
# LAST OF SEVERAL OCCURRENCES
COLUMN 17 PEAK WIND IN M.P.H.
PRELIMINARY LOCAL CLIMATOLOGICAL DATA (WS FORM: F-6) , PAGE 2
STATION: NORTH WEBSTER WFO
MONTH: JUNE
YEAR: 2022
LATITUDE: 41 21 N
LONGITUDE: 85 42 W
[TEMPERATURE DATA] [PRECIPITATION DATA] SYMBOLS USED IN COLUMN 16
AVERAGE MONTHLY: 70.1 TOTAL FOR MONTH: 2.46 1 = FOG OR MIST
DPTR FM NORMAL: 0.7 DPTR FM NORMAL: -1.70 2 = FOG REDUCING VISIBILITY
HIGHEST: 92 ON 14,21 GRTST 24HR 0.83 ON 13-13 TO 1/4 MILE OR LESS
LOWEST: 48 ON 4 3 = THUNDER
SNOW, ICE PELLETS, HAIL 4 = ICE PELLETS
TOTAL MONTH: 0.0 INCH 5 = HAIL
GRTST 24HR 0.0 6 = FREEZING RAIN OR DRIZZLE
GRTST DEPTH: 0 7 = DUSTSTORM OR SANDSTORM:
VSBY 1/2 MILE OR LESS
8 = SMOKE OR HAZE
[NO. OF DAYS WITH] [WEATHER - DAYS WITH] 9 = BLOWING SNOW
X = TORNADO
MAX 32 OR BELOW: 0 0.01 INCH OR MORE: 7
MAX 90 OR ABOVE: 3 0.10 INCH OR MORE: 4
MIN 32 OR BELOW: 0 0.50 INCH OR MORE: 3
MIN 0 OR BELOW: 0 1.00 INCH OR MORE: 0
[HDD (BASE 65) ]
TOTAL THIS MO. 15 CLEAR (SCALE 0-3) 0
DPTR FM NORMAL -11 PTCLDY (SCALE 4-7) 0
TOTAL FM JUL 1 5809 CLOUDY (SCALE 8-10) 30
DPTR FM NORMAL -341
[CDD (BASE 65) ]
TOTAL THIS MO. 176
DPTR FM NORMAL 18 [PRESSURE DATA]
TOTAL FM JAN 1 278 HIGHEST SLP M ON M
DPTR FM NORMAL 64 LOWEST SLP M ON M
[REMARKS]
#FINAL-06-22#