000
CXUS53 KEAX 010736
CF6IXD
PRELIMINARY LOCAL CLIMATOLOGICAL DATA (WS FORM: F-6)
STATION: NEW CENTURY AIR CENTER KS
MONTH: SEPTEMBER
YEAR: 2021
LATITUDE: 38 49 N
LONGITUDE: 94 54 W
TEMPERATURE IN F: :PCPN: SNOW: WIND :SUNSHINE: SKY :PK WND
================================================================================
1 2 3 4 5 6A 6B 7 8 9 10 11 12 13 14 15 16 17 18
12Z AVG MX 2MIN
DY MAX MIN AVG DEP HDD CDD WTR SNW DPTH SPD SPD DIR MIN PSBL S-S WX SPD DR
================================================================================
1 82 67 75 1 0 10 0.00 M M 7.9 14 110 M M 4 20 130
2 81 67 74 1 0 9 0.00 M M 11.5 21 130 M M 1 27 130
3 86 71 79 6 0 14 1.38 M M 8.4 18 210 M M 7 13 24 210
4 77 65 71 -2 0 6 1.04 M M 8.1 18 330 M M 7 13 22 340
5 80 58 69 -3 0 4 0.00 M M 3.0 9 200 M M 2 12 14 160
6 86 61 74 2 0 9 0.00 M M 7.5 14 190 M M 0 18 170
7 89 66 78 6 0 13 0.00 M M 11.1 22 200 M M 1 30 220
8 82 58 70 -1 0 5 0.00 M M 6.5 18 340 M M 0 23 350
9 83 60 72 1 0 7 0.00 M M 4.9 10 150 M M 1 15 160
10 86 62 74 3 0 9 0.00 M M 8.5 18 200 M M 0 24 200
11 87 68 78 8 0 13 0.00 M M 12.8 20 190 M M 0 27 200
12 87 69 78 8 0 13 0.00 M M 13.2 23 190 M M 0 32 200
13 88 62 75 5 0 10 0.00 M M 12.3 23 190 M M 0 33 190
14 84 68 76 7 0 11 T M M 10.2 21 220 M M 2 31 210
15 82 65 74 5 0 9 0.00 M M 6.4 13 130 M M 1 18 120
16 88 65 77 9 0 12 0.00 M M 9.0 15 160 M M 0 22 170
17 89 66 78 10 0 13 0.00 M M 5.4 14 340 M M 1 17 340
18 89 62 76 8 0 11 0.00 M M 4.5 9 130 M M 0 13 140
19 87 66 77 10 0 12 0.00 M M 8.5 16 160 M M 1 24 140
20 88 60 74 7 0 9 0.27 M M 12.1 30 170 M M 3 138 45 160
21 74 53 64 -3 1 0 0.00 M M 11.4 23 340 M M 2 31 340
22 72 47 60 -6 5 0 0.00 M M 6.2 16 330 M M 0 23 330
23 77 45 61 -5 4 0 0.00 M M 6.4 13 160 M M 0 17 150
24 83 54 69 4 0 4 0.00 M M 11.4 26 200 M M 1 38 210
25 76 49 63 -2 2 0 0.00 M M 5.3 12 210 M M 0 16 200
26 92 55 74 9 0 9 0.00 M M 13.7 29 200 M M 0 40 190
27 92 64 78 14 0 13 0.00 M M 13.3 26 210 M M 0 37 200
28 89 59 74 10 0 9 0.00 M M 7.4 17 160 M M 0 24 160
29 79 65 72 8 0 7 T M M 7.0 14 160 M M 1 19 160
30 84 65 75 12 0 10 0.00 M M 5.5 21 130 M M 3 3 30 140
================================================================================
SM 2519 1842 12 251 2.69 M 259.4 M 38
================================================================================
AV 84.0 61.4 8.6 FASTST M M 1 MAX(MPH)
MISC ----> 30 170 45 160
================================================================================
NOTES:
# LAST OF SEVERAL OCCURRENCES
COLUMN 17 PEAK WIND IN M.P.H.
PRELIMINARY LOCAL CLIMATOLOGICAL DATA (WS FORM: F-6) , PAGE 2
STATION: NEW CENTURY AIR CENTER KS
MONTH: SEPTEMBER
YEAR: 2021
LATITUDE: 38 49 N
LONGITUDE: 94 54 W
[TEMPERATURE DATA] [PRECIPITATION DATA] SYMBOLS USED IN COLUMN 16
AVERAGE MONTHLY: 72.7 TOTAL FOR MONTH: 2.69 1 = FOG OR MIST
DPTR FM NORMAL: 4.1 DPTR FM NORMAL: -1.05 2 = FOG REDUCING VISIBILITY
HIGHEST: 92 ON 27,26 GRTST 24HR 2.00 ON 3- 4 TO 1/4 MILE OR LESS
LOWEST: 45 ON 23 3 = THUNDER
SNOW, ICE PELLETS, HAIL 4 = ICE PELLETS
TOTAL MONTH: M 5 = HAIL
GRTST 24HR M ON M 6 = FREEZING RAIN OR DRIZZLE
GRTST DEPTH: M ON M 7 = DUSTSTORM OR SANDSTORM:
VSBY 1/2 MILE OR LESS
8 = SMOKE OR HAZE
[NO. OF DAYS WITH] [WEATHER - DAYS WITH] 9 = BLOWING SNOW
X = TORNADO
MAX 32 OR BELOW: 0 0.01 INCH OR MORE: 3
MAX 90 OR ABOVE: 2 0.10 INCH OR MORE: 3
MIN 32 OR BELOW: 0 0.50 INCH OR MORE: 2
MIN 0 OR BELOW: 0 1.00 INCH OR MORE: 2
[HDD (BASE 65) ]
TOTAL THIS MO. 12 CLEAR (SCALE 0-3) 26
DPTR FM NORMAL -41 PTCLDY (SCALE 4-7) 4
TOTAL FM JUL 1 12 CLOUDY (SCALE 8-10) 0
DPTR FM NORMAL -40
[CDD (BASE 65) ]
TOTAL THIS MO. 251
DPTR FM NORMAL 91 [PRESSURE DATA]
TOTAL FM JAN 1 1559 HIGHEST SLP M ON M
DPTR FM NORMAL 173 LOWEST SLP 29.72 ON 20
[REMARKS]
#FINAL-09-21#