000
CXUS53 KEAX 010836
CF6IXD
PRELIMINARY LOCAL CLIMATOLOGICAL DATA (WS FORM: F-6)
STATION: NEW CENTURY AIR CENTER KS
MONTH: NOVEMBER
YEAR: 2023
LATITUDE: 38 49 N
LONGITUDE: 94 54 W
TEMPERATURE IN F: :PCPN: SNOW: WIND :SUNSHINE: SKY :PK WND
================================================================================
1 2 3 4 5 6A 6B 7 8 9 10 11 12 13 14 15 16 17 18
12Z AVG MX 2MIN
DY MAX MIN AVG DEP HDD CDD WTR SNW DPTH SPD SPD DIR MIN PSBL S-S WX SPD DR
================================================================================
1 50 19 35 -15 30 0 0.00 M M 7.9 20 190 M M 0 27 190
2 M 33 M M M M 0.00 M M 12.9 23 190 M M 0 8 34 190
3 70 43 57 8 8 0 0.00 M M 11.5 24 190 M M 0 33 190
4 60 40 50 2 15 0 T M M 3.3 10 360 M M 3 14 350
5 72 39 56 8 9 0 0.00 M M 8.6 17 190 M M 0 25 160
6 71 56 64 16 1 0 0.00 M M 6.2 14 200 M M 3 20 180
7 78 57 68 21 0 3 0.00 M M 8.9 20 130 M M 3 27 140
8 71 51 61 14 4 0 T M M 12.0 24 330 M M 4 12 31 320
9 58 35 47 1 18 0 0.00 M M 5.4 20 360 M M 0 24 360
10 56 30 43 -3 22 0 0.00 M M 5.1 15 10 M M 0 19 10
11 59 34 47 1 18 0 0.00 M M 8.0 14 160 M M 6 18 140
12 68 38 53 8 12 0 0.00 M M 8.8 20 190 M M 0 25 200
13 69 37 53 8 12 0 0.00 M M 5.3 13 110 M M 0 18 130
14 68 42 55 11 10 0 0.00 M M 8.3 18 190 M M 0 25 160
15 71 38 55 11 10 0 0.00 M M 6.9 14 210 M M 0 19 200
16 61 44 53 9 12 0 0.00 M M 9.8 20 190 M M 2 27 190
17 56 34 45 2 20 0 0.00 M M 7.7 20 360 M M 1 27 340
18 63 31 47 4 18 0 0.00 M M 5.3 13 220 M M 0 17 240
19 51 44 48 6 17 0 0.43 M M 8.3 15 80 M M 6 22 70
20 45 42 44 2 21 0 0.59 M M 12.0 17 340 M M 10 1 26 100
21 47 30 39 -3 26 0 T M M 12.0 25 320 M M 6 1 35 310
22 51 26 39 -2 26 0 0.00 M M 8.1 14 210 M M 0 21 220
23 53 29 41 0 24 0 0.00 M M 9.0 17 20 M M 0 23 30
24 37 27 32 -8 33 0 0.00 M M 12.0 17 10 M M 0 28 10
25 35 27 31 -9 34 0 0.03 M M 7.0 13 320 M M 8 1 22 70
26 36 23 30 -10 35 0 M M M 9.7 17 270 M M 5 1 24 280
27 42 19 31 -8 34 0 0.00 M M 5.8 15 220 M M 0 20 240
28 44 19 32 -7 33 0 0.00 M M 7.5 16 170 M M 0 24 170
29 57 24 41 3 24 0 0.00 M M 6.6 15 220 M M 0 19 220
30 53 37 45 7 20 0 0.38 M M 9.1 24 20 M M 6 1 34 20
================================================================================
SM 1652 1048 546 3 1.43 M 249.0 M 63
================================================================================
AV 57.0 34.9 8.3 FASTST M M 2 MAX(MPH)
MISC ----> 25 320 35 310
================================================================================
NOTES:
# LAST OF SEVERAL OCCURRENCES
COLUMN 17 PEAK WIND IN M.P.H.
PRELIMINARY LOCAL CLIMATOLOGICAL DATA (WS FORM: F-6) , PAGE 2
STATION: NEW CENTURY AIR CENTER KS
MONTH: NOVEMBER
YEAR: 2023
LATITUDE: 38 49 N
LONGITUDE: 94 54 W
[TEMPERATURE DATA] [PRECIPITATION DATA] SYMBOLS USED IN COLUMN 16
AVERAGE MONTHLY: 45.9 TOTAL FOR MONTH: 1.43 1 = FOG OR MIST
DPTR FM NORMAL: 2.1 DPTR FM NORMAL: -0.48 2 = FOG REDUCING VISIBILITY
HIGHEST: 78 ON 7 GRTST 24HR 0.91 ON 19-20 TO 1/4 MILE OR LESS
LOWEST: 19 ON 28,27 3 = THUNDER
SNOW, ICE PELLETS, HAIL 4 = ICE PELLETS
TOTAL MONTH: M 5 = HAIL
GRTST 24HR M ON M 6 = FREEZING RAIN OR DRIZZLE
GRTST DEPTH: M ON M 7 = DUSTSTORM OR SANDSTORM:
VSBY 1/2 MILE OR LESS
8 = SMOKE OR HAZE
[NO. OF DAYS WITH] [WEATHER - DAYS WITH] 9 = BLOWING SNOW
X = TORNADO
MAX 32 OR BELOW: 0 0.01 INCH OR MORE: 4
MAX 90 OR ABOVE: 0 0.10 INCH OR MORE: 3
MIN 32 OR BELOW: 12 0.50 INCH OR MORE: 1
MIN 0 OR BELOW: 0 1.00 INCH OR MORE: 0
[HDD (BASE 65) ]
TOTAL THIS MO. 546 CLEAR (SCALE 0-3) 22
DPTR FM NORMAL -91 PTCLDY (SCALE 4-7) 7
TOTAL FM JUL 1 808 CLOUDY (SCALE 8-10) 1
DPTR FM NORMAL -175
[CDD (BASE 65) ]
TOTAL THIS MO. 3
DPTR FM NORMAL 2 [PRESSURE DATA]
TOTAL FM JAN 1 1688 HIGHEST SLP 30.51 ON 1
DPTR FM NORMAL 272 LOWEST SLP 29.58 ON 8
[REMARKS]
#FINAL-11-23#