000
CXUS55 KRIW 011010
CF6JAC
PRELIMINARY LOCAL CLIMATOLOGICAL DATA (WS FORM: F-6)
STATION: JACKSON WY
MONTH: APRIL
YEAR: 2023
LATITUDE: 43 35 N
LONGITUDE: 110 44 W
TEMPERATURE IN F: :PCPN: SNOW: WIND :SUNSHINE: SKY :PK WND
================================================================================
1 2 3 4 5 6A 6B 7 8 9 10 11 12 13 14 15 16 17 18
12Z AVG MX 2MIN
DY MAX MIN AVG DEP HDD CDD WTR SNW DPTH SPD SPD DIR MIN PSBL S-S WX SPD DR
================================================================================
1 35 27 31 -1 34 0 M M M 19.3 28 240 M M 10 41 240
2 32 20 26 -7 39 0 T M M 14.8 23 230 M M 10 1 32 230
3 34 15 25 -8 40 0 T M M 9.9 23 30 M M 10 33 20
4 35 13 24 -9 41 0 T M M 15.2 21 30 M M 8 25 20
5 33 0 17 -17 48 0 T M M 9.3 16 190 M M 6 20 220
6 35 15 25 -9 40 0 T M M 11.1 16 180 M M 3 M M
7 42 2 22 -12 43 0 0.00 M M 6.8 15 220 M M 1 M M
8 43 28 36 1 29 0 T M M 9.7 21 270 M M 7 28 270
9 49 27 38 3 27 0 0.00 M M 5.8 10 200 M M 5 M M
10 52 21 37 2 28 0 0.00 M M 5.5 14 220 M M 0 M M
11 53 29 41 5 24 0 0.00 M M 8.4 20 220 M M 3 33 210
12 53 33 43 7 22 0 T M M 7.1 24 20 M M 10 M M
13 35 17 26 -10 39 0 0.01 M M 12.5 24 200 M M 8 1 25 290
14 34 12 23 -13 42 0 T M M 8.2 20 20 M M 4 M M
15 40 9 25 -12 40 0 0.00 M M 7.0 15 280 M M 0 M M
16 51 15 33 -4 32 0 0.00 M M 7.8 17 240 M M 0 M M
17 49 31 40 3 25 0 T M M 9.3 18 210 M M 5 1 25 230
18 39 22 31 -7 34 0 T M M 9.8 23 200 M M 9 18 30 230
19 29 20 25 -13 40 0 T M M 12.6 23 190 M M 9 32 260
20 33 13 23 -15 42 0 T M M 7.7 16 320 M M 7 24 320
21 38 24 31 -8 34 0 0.01 M M 7.3 16 30 M M 8 1 17 320
22 38 20 29 -10 36 0 T M M 7.2 15 10 M M 6 M M
23 45 15 30 -10 35 0 0.00 M M 5.6 9 20 M M 0 M M
24 41 23 32 -8 33 0 0.01 M M 6.7 15 280 M M 8 1 M M
25 51 31 41 1 24 0 0.01 M M 5.6 17 290 M M 4 1 M M
26 52 25 39 -1 26 0 0.00 M M 7.0 15 270 M M 1 20 260
27 52 28 40 -1 25 0 T M M 12.4 35 30 M M 5 45 310
28 58 19 39 -2 26 0 0.00 M M 3.7 14 20 M M 0 M M
29 65 25 45 3 20 0 0.00 M M 5.1 10 20 M M 0 M M
30 68 27 48 6 17 0 0.00 M M 4.1 12 20 M M 0 M M
================================================================================
SM 1314 606 985 0 0.04 M 262.5 M 147
================================================================================
AV 43.8 20.2 8.7 FASTST M M 5 MAX(MPH)
MISC ----> 35 30 45 310
================================================================================
NOTES:
# LAST OF SEVERAL OCCURRENCES
COLUMN 17 PEAK WIND IN M.P.H.
PRELIMINARY LOCAL CLIMATOLOGICAL DATA (WS FORM: F-6) , PAGE 2
STATION: JACKSON WY
MONTH: APRIL
YEAR: 2023
LATITUDE: 43 35 N
LONGITUDE: 110 44 W
[TEMPERATURE DATA] [PRECIPITATION DATA] SYMBOLS USED IN COLUMN 16
AVERAGE MONTHLY: 32.0 TOTAL FOR MONTH: 0.04 1 = FOG OR MIST
DPTR FM NORMAL: -5.0 DPTR FM NORMAL: -1.45 2 = FOG REDUCING VISIBILITY
HIGHEST: 68 ON 30 GRTST 24HR 0.02 ON 31- 1 TO 1/4 MILE OR LESS
LOWEST: 0 ON 5 3 = THUNDER
SNOW, ICE PELLETS, HAIL 4 = ICE PELLETS
TOTAL MONTH: M 5 = HAIL
GRTST 24HR M ON M 6 = FREEZING RAIN OR DRIZZLE
GRTST DEPTH: M ON M 7 = DUSTSTORM OR SANDSTORM:
VSBY 1/2 MILE OR LESS
8 = SMOKE OR HAZE
[NO. OF DAYS WITH] [WEATHER - DAYS WITH] 9 = BLOWING SNOW
X = TORNADO
MAX 32 OR BELOW: 2 0.01 INCH OR MORE: 4
MAX 90 OR ABOVE: 0 0.10 INCH OR MORE: 0
MIN 32 OR BELOW: 29 0.50 INCH OR MORE: 0
MIN 0 OR BELOW: 1 1.00 INCH OR MORE: 0
[HDD (BASE 65) ]
TOTAL THIS MO. 985 CLEAR (SCALE 0-3) 11
DPTR FM NORMAL 146 PTCLDY (SCALE 4-7) 11
TOTAL FM JUL 1 8757 CLOUDY (SCALE 8-10) 8
DPTR FM NORMAL -372
[CDD (BASE 65) ]
TOTAL THIS MO. 0
DPTR FM NORMAL 0 [PRESSURE DATA]
TOTAL FM JAN 1 0 HIGHEST SLP 30.54 ON 10
DPTR FM NORMAL 0 LOWEST SLP 29.53 ON 13
[REMARKS]
#FINAL-04-23#