000
CXUS55 KRIW 011010
CF6JAC
PRELIMINARY LOCAL CLIMATOLOGICAL DATA (WS FORM: F-6)
STATION: JACKSON WY
MONTH: MAY
YEAR: 2021
LATITUDE: 43 35 N
LONGITUDE: 110 44 W
TEMPERATURE IN F: :PCPN: SNOW: WIND :SUNSHINE: SKY :PK WND
================================================================================
1 2 3 4 5 6A 6B 7 8 9 10 11 12 13 14 15 16 17 18
12Z AVG MX 2MIN
DY MAX MIN AVG DEP HDD CDD WTR SNW DPTH SPD SPD DIR MIN PSBL S-S WX SPD DR
================================================================================
1 70 37 54 12 11 0 T M M 12.3 25 200 M M 1 32 200
2 51 36 44 1 21 0 0.08 M M 8.7 17 360 M M 7 M M
3 50 32 41 -2 24 0 T M M 9.3 20 10 M M 7 M M
4 53 33 43 0 22 0 T M M 6.2 14 20 M M 7 33 340
5 58 29 44 0 21 0 T M M 5.9 12 300 M M 4 16 300
6 72 23 48 4 17 0 0.00 M M 6.9 15 180 M M 0 20 210
7 71 31 51 7 14 0 0.01 M M 9.9 29 290 M M 2 45 280
8 42 22 32 -13 33 0 T M M 10.4 21 250 M M 5 37 330
9 49 15 32 -13 33 0 0.00 M M 5.5 17 310 M M 3 18 270
10 46 21 34 -11 31 0 0.11 M M 8.3 20 90 M M 7 1 17 100
11 50 32 41 -5 24 0 0.02 M M 7.0 22 30 M M 6 1 31 20
12 59 29 44 -2 21 0 0.00 M M 5.0 13 280 M M 6 18 230
13 67 28 48 2 17 0 0.00 M M 8.2 17 330 M M 5 25 270
14 69 33 51 5 14 0 0.00 M M 6.7 25 300 M M 3 37 300
15 62 39 51 4 14 0 T M M 8.7 18 20 M M 6 M M
16 71 35 53 6 12 0 T M M 7.8 15 240 M M 3 3 21 240
17 72 34 53 6 12 0 0.00 M M 6.5 13 320 M M 2 18 320
18 71 37 54 6 11 0 0.00 M M 7.0 20 250 M M 3 27 250
19 72 34 53 5 12 0 T M M 9.9 21 140 M M 6 37 190
20 67 40 54 6 11 0 0.02 M M 9.4 16 20 M M 2 23 20
21 51 35 43 -5 22 0 1.15 M M 10.4 18 20 M M 9 1 30 10
22 64 35 50 1 15 0 0.54 M M 12.0 30 180 M M 5 1 43 200
23 49 34 42 -7 23 0 0.37 M M 11.7 23 200 M M 9 18 35 200
24 51 34 43 -6 22 0 0.18 M M 12.9 24 190 M M 10 1 32 190
25 59 37 48 -1 17 0 0.07 M M 6.1 22 210 M M 8 30 260
26 54 38 46 -4 19 0 0.28 M M 9.8 20 360 M M 9 1 30 220
27 66 32 49 -1 16 0 0.00 M M 3.6 12 180 M M 3 12 16 260
28 67 35 51 1 14 0 0.00 M M 9.6 23 250 M M 1 33 260
29 65 27 46 -4 19 0 0.00 M M 8.2 15 320 M M 0 30 360
30 69 35 52 2 13 0 0.00 M M 9.3 18 20 M M 0 M M
31 72 33 53 2 12 0 0.00 M M 5.8 14 310 M M 1 18 310
================================================================================
SM 1889 995 567 0 2.83 M 259.0 M 140
================================================================================
AV 60.9 32.1 8.4 FASTST M M 5 MAX(MPH)
MISC ----> 30 180 45 280
================================================================================
NOTES:
# LAST OF SEVERAL OCCURRENCES
COLUMN 17 PEAK WIND IN M.P.H.
PRELIMINARY LOCAL CLIMATOLOGICAL DATA (WS FORM: F-6) , PAGE 2
STATION: JACKSON WY
MONTH: MAY
YEAR: 2021
LATITUDE: 43 35 N
LONGITUDE: 110 44 W
[TEMPERATURE DATA] [PRECIPITATION DATA] SYMBOLS USED IN COLUMN 16
AVERAGE MONTHLY: 46.5 TOTAL FOR MONTH: 2.83 1 = FOG OR MIST
DPTR FM NORMAL: -0.3 DPTR FM NORMAL: 0.95 2 = FOG REDUCING VISIBILITY
HIGHEST: 72 ON 31,19 GRTST 24HR 1.17 ON 21-22 TO 1/4 MILE OR LESS
LOWEST: 15 ON 9 3 = THUNDER
SNOW, ICE PELLETS, HAIL 4 = ICE PELLETS
TOTAL MONTH: M 5 = HAIL
GRTST 24HR M ON M 6 = FREEZING RAIN OR DRIZZLE
GRTST DEPTH: M ON M 7 = DUSTSTORM OR SANDSTORM:
VSBY 1/2 MILE OR LESS
8 = SMOKE OR HAZE
[NO. OF DAYS WITH] [WEATHER - DAYS WITH] 9 = BLOWING SNOW
X = TORNADO
MAX 32 OR BELOW: 0 0.01 INCH OR MORE: 11
MAX 90 OR ABOVE: 0 0.10 INCH OR MORE: 6
MIN 32 OR BELOW: 12 0.50 INCH OR MORE: 2
MIN 0 OR BELOW: 0 1.00 INCH OR MORE: 1
[HDD (BASE 65) ]
TOTAL THIS MO. 567 CLEAR (SCALE 0-3) 13
DPTR FM NORMAL 3 PTCLDY (SCALE 4-7) 14
TOTAL FM JUL 1 9427 CLOUDY (SCALE 8-10) 4
DPTR FM NORMAL -266
[CDD (BASE 65) ]
TOTAL THIS MO. 0
DPTR FM NORMAL 0 [PRESSURE DATA]
TOTAL FM JAN 1 0 HIGHEST SLP 30.37 ON 6
DPTR FM NORMAL 0 LOWEST SLP 29.53 ON 20
[REMARKS]
#FINAL-05-21#