000
CXUS54 KJAN 031732
CF6JAN
PRELIMINARY LOCAL CLIMATOLOGICAL DATA (WS FORM: F-6)
STATION: JACKSON
MONTH: AUGUST
YEAR: 2020
LATITUDE: 32 19 N
LONGITUDE: 90 5 W
TEMPERATURE IN F: :PCPN: SNOW: WIND :SUNSHINE: SKY :PK WND
================================================================================
1 2 3 4 5 6A 6B 7 8 9 10 11 12 13 14 15 16 17 18
12Z AVG MX 2MIN
DY MAX MIN AVG DEP HDD CDD WTR SNW DPTH SPD SPD DIR MIN PSBL S-S WX SPD DR
================================================================================
1 88 72 80 -2 0 15 3.48 0.0 0 7.0 15 270 M M 7 13 22 190
2 89 71 80 -2 0 15 0.00 0.0 0 1.8 8 50 M M 5 1 12 80
3 93 70 82 0 0 17 0.00 0.0 0 1.8 13 270 M M 3 1 20 260
4 93 70 82 0 0 17 0.00 0.0 0 4.6 14 360 M M 3 1 18 250
5 90 69 80 -2 0 15 0.00 0.0 0 4.5 14 350 M M 3 1 17 350
6 90 65 78 -4 0 13 0.00 0.0 0 2.9 10 10 M M 0 15 340
7 94 65 80 -2 0 15 0.00 0.0 0 2.6 12 30 M M 1 18 340
8 97 69 83 1 0 18 0.00 0.0 0 1.9 16 330 M M 2 22 340
9 98 73 86 4 0 21 0.00 0.0 0 2.6 15 220 M M 2 21 220
10 97 74 86 4 0 21 0.00 0.0 0 3.7 10 260 M M 2 15 260
11 97 76 87 5 0 22 0.00 0.0 0 4.4 22 120 M M 2 28 100
12 96 73 85 3 0 20 T 0.0 0 4.7 20 110 M M 3 3 24 100
13 87 74 81 -1 0 16 0.92 0.0 0 3.1 10 230 M M 6 13 15 310
14 86 73 80 -2 0 15 0.72 0.0 0 4.9 22 330 M M 4 13 33 340
15 94 70 82 0 0 17 0.00 0.0 0 3.0 13 340 M M 2 1 17 340
16 96 70 83 1 0 18 0.53 0.0 0 3.6 32 70 M M 2 123 45 50
17 91 69 80 -1 0 15 0.00 0.0 0 5.5 15 350 M M 3 1 20 360
18 93 66 80 -1 0 15 0.00 0.0 0 3.4 10 10 M M 1 18 15 310
19 90 70 80 -1 0 15 0.01 0.0 0 6.9 13 10 M M 3 19 10
20 87 70 79 -2 0 14 0.01 0.0 0 5.6 18 60 M M 6 3 25 60
21 86 67 77 -4 0 12 0.44 0.0 0 3.5 12 160 M M 5 13 15 180
22 89 66 78 -3 0 13 0.00 0.0 0 2.7 13 10 M M 1 1 18 350
23 93 69 81 0 0 16 0.00 0.0 0 3.9 12 360 M M 2 21 20
24 92 72 82 1 0 17 T 0.0 0 5.8 16 70 M M 5 23 70
25 83 76 80 -1 0 15 T 0.0 0 6.5 14 120 M M 8 19 100
26 94 76 85 4 0 20 0.12 0.0 0 8.2 32 150 M M 5 13 43 160
27 86 75 81 0 0 16 1.64 0.0 0 14.1 30 150 M M 7 13 43 170
28 86 76 81 1 0 16 0.02 0.0 0 10.2 21 200 M M 5 1 27 180
29 94 76 85 5 0 20 0.00 0.0 0 6.0 17 200 M M 5 23 210
30 93 74 84 4 0 19 0.02 0.0 0 4.8 17 330 M M 4 13 25 240
31 93 75 84 4 0 19 T 0.0 0 6.5 18 210 M M 4 3 24 210
================================================================================
SM 2835 2211 0 517 7.91 0.0 150.7 M 111
================================================================================
AV 91.5 71.3 4.9 FASTST M M 4 MAX(MPH)
MISC ----> # 32 70 # 45 50
================================================================================
NOTES:
# LAST OF SEVERAL OCCURRENCES
COLUMN 17 PEAK WIND IN M.P.H.
PRELIMINARY LOCAL CLIMATOLOGICAL DATA (WS FORM: F-6) , PAGE 2
STATION: JACKSON
MONTH: AUGUST
YEAR: 2020
LATITUDE: 32 19 N
LONGITUDE: 90 5 W
[TEMPERATURE DATA] [PRECIPITATION DATA] SYMBOLS USED IN COLUMN 16
AVERAGE MONTHLY: 81.4 TOTAL FOR MONTH: 7.91 1 = FOG OR MIST
DPTR FM NORMAL: 0.1 DPTR FM NORMAL: 3.67 2 = FOG REDUCING VISIBILITY
HIGHEST: 98 ON 9 GRTST 24HR 3.48 ON 1- 1 TO 1/4 MILE OR LESS
LOWEST: 65 ON 7, 6 3 = THUNDER
SNOW, ICE PELLETS, HAIL 4 = ICE PELLETS
TOTAL MONTH: 0.0 INCH 5 = HAIL
GRTST 24HR 0.0 6 = FREEZING RAIN OR DRIZZLE
GRTST DEPTH: 0 7 = DUSTSTORM OR SANDSTORM:
VSBY 1/2 MILE OR LESS
8 = SMOKE OR HAZE
[NO. OF DAYS WITH] [WEATHER - DAYS WITH] 9 = BLOWING SNOW
X = TORNADO
MAX 32 OR BELOW: 0 0.01 INCH OR MORE: 11
MAX 90 OR ABOVE: 21 0.10 INCH OR MORE: 7
MIN 32 OR BELOW: 0 0.50 INCH OR MORE: 5
MIN 0 OR BELOW: 0 1.00 INCH OR MORE: 2
[HDD (BASE 65) ]
TOTAL THIS MO. 0 CLEAR (SCALE 0-3) 15
DPTR FM NORMAL 0 PTCLDY (SCALE 4-7) 15
TOTAL FM JUL 1 0 CLOUDY (SCALE 8-10) 1
DPTR FM NORMAL 0
[CDD (BASE 65) ]
TOTAL THIS MO. 517
DPTR FM NORMAL 13 [PRESSURE DATA]
TOTAL FM JAN 1 1968 HIGHEST SLP M ON M
DPTR FM NORMAL 169 LOWEST SLP 29.73 ON 27
[REMARKS]
#FINAL-08-20#