000
CXUS53 KLSX 011500
CF6JEF
PRELIMINARY LOCAL CLIMATOLOGICAL DATA (WS FORM: F-6)
STATION: JEFFERSON CITY
MONTH: DECEMBER
YEAR: 2022
LATITUDE: 38 35 N
LONGITUDE: 92 10 W
TEMPERATURE IN F: :PCPN: SNOW: WIND :SUNSHINE: SKY :PK WND
================================================================================
1 2 3 4 5 6A 6B 7 8 9 10 11 12 13 14 15 16 17 18
12Z AVG MX 2MIN
DY MAX MIN AVG DEP HDD CDD WTR SNW DPTH SPD SPD DIR MIN PSBL S-S WX SPD DR
================================================================================
1 49 18 34 -6 31 0 0.00 0.0 0 8.7 20 140 M M 5 25 130
2 65 45 55 15 10 0 0.00 0.0 0 12.5 32 300 M M 8 45 300
3 47 25 36 -3 29 0 0.00 0.0 0 8.1 28 300 M M 0 41 300
4 47 25 36 -3 29 0 0.00 0.0 0 3.5 9 130 M M 0 10 150
5 59 31 45 6 20 0 0.00 0.0 0 3.6 10 180 M M 5 14 180
6 48 34 41 3 24 0 0.01 0.0 0 2.1 8 130 M M 9 18 10 90
7 51 45 48 10 17 0 0.00 0.0 0 3.0 7 30 M M 10 128 9 20
8 50 46 48 10 17 0 0.03 0.0 0 7.8 15 80 M M 10 18 20 80
9 53 39 46 8 19 0 0.04 0.0 0 6.2 17 290 M M 9 1 23 270
10 46 39 43 6 22 0 0.10 0.0 0 3.2 9 330 M M 10 1 12 300
11 43 31 37 0 28 0 0.00 0.0 0 5.4 13 130 M M 8 18 19 130
12 42 36 39 2 26 0 0.00 0.0 0 11.1 15 120 M M 9 18 20 100
13 57 36 47 11 18 0 1.00 0.0 0 12.8 24 100 M M 9 1 33 100
14 55 39 47 11 18 0 0.00 0.0 0 5.8 18 270 M M 4 12 26 270
15 39 35 37 1 28 0 0.00 0.0 0 12.4 22 250 M M 10 29 270
16 36 29 33 -3 32 0 0.00 0.0 0 14.1 25 260 M M 6 35 250
17 33 23 28 -7 37 0 0.00 0.0 0 11.4 25 260 M M 6 34 290
18 37 18 28 -7 37 0 0.00 0.0 0 4.4 12 300 M M 0 16 290
19 45 22 34 -1 31 0 0.00 0.0 0 7.3 14 130 M M 6 19 150
20 44 28 36 1 29 0 0.00 0.0 0 6.0 13 20 M M 7 19 320
21 36 22 29 -5 36 0 0.00 0.0 0 5.6 13 100 M M 6 16 100
22 36 -4 16 -18 49 0 M M 0 15.6 28 290 M M 10 8 40 300
23 11 -4 4 -30 61 0 0.00 0.0 M 19.9 30 280 M M 6 39 260
24 22 8 15 -19 50 0 0.00 0.0 M 14.7 24 290 M M 0 32 270
25 29 7 18 -16 47 0 0.00 0.0 M 7.4 16 290 M M 2 18 290
26 37 13 25 -8 40 0 T M M 7.2 25 310 M M 8 33 310
27 40 9 25 -8 40 0 0.00 0.0 M 7.6 16 160 M M 0 21 160
28 62 33 48 15 17 0 0.00 0.0 M 13.8 26 170 M M 0 38 180
29 75 56 66 33 0 1 0.00 0.0 M 13.9 29 190 M M 1 43 200
30 56 33 45 12 20 0 0.00 0.0 M 4.7 15 290 M M 0 1 20 280
31 60 30 45 13 20 0 0.00 0.0 M 6.1 13 140 M M 2 18 17 130
================================================================================
SM 1410 847 882 1 1.18 0.0 265.9 M 166
================================================================================
AV 45.5 27.3 8.6 FASTST M M 5 MAX(MPH)
MISC ----> 32 300 45 300
================================================================================
NOTES:
# LAST OF SEVERAL OCCURRENCES
COLUMN 17 PEAK WIND IN M.P.H.
PRELIMINARY LOCAL CLIMATOLOGICAL DATA (WS FORM: F-6) , PAGE 2
STATION: JEFFERSON CITY
MONTH: DECEMBER
YEAR: 2022
LATITUDE: 38 35 N
LONGITUDE: 92 10 W
[TEMPERATURE DATA] [PRECIPITATION DATA] SYMBOLS USED IN COLUMN 16
AVERAGE MONTHLY: 36.4 TOTAL FOR MONTH: 1.18 1 = FOG OR MIST
DPTR FM NORMAL: 0.6 DPTR FM NORMAL: -0.92 2 = FOG REDUCING VISIBILITY
HIGHEST: 75 ON 29 GRTST 24HR 1.00 ON 13-13 TO 1/4 MILE OR LESS
LOWEST: -4 ON 23,22 3 = THUNDER
SNOW, ICE PELLETS, HAIL 4 = ICE PELLETS
TOTAL MONTH: 0.0 INCH 5 = HAIL
GRTST 24HR 0.0 6 = FREEZING RAIN OR DRIZZLE
GRTST DEPTH: 0 7 = DUSTSTORM OR SANDSTORM:
VSBY 1/2 MILE OR LESS
8 = SMOKE OR HAZE
[NO. OF DAYS WITH] [WEATHER - DAYS WITH] 9 = BLOWING SNOW
X = TORNADO
MAX 32 OR BELOW: 3 0.01 INCH OR MORE: 5
MAX 90 OR ABOVE: 0 0.10 INCH OR MORE: 2
MIN 32 OR BELOW: 18 0.50 INCH OR MORE: 1
MIN 0 OR BELOW: 2 1.00 INCH OR MORE: 1
[HDD (BASE 65) ]
TOTAL THIS MO. 882 CLEAR (SCALE 0-3) 10
DPTR FM NORMAL -23 PTCLDY (SCALE 4-7) 10
TOTAL FM JUL 1 1740 CLOUDY (SCALE 8-10) 11
DPTR FM NORMAL -58
[CDD (BASE 65) ]
TOTAL THIS MO. 1
DPTR FM NORMAL 1 [PRESSURE DATA]
TOTAL FM JAN 1 1778 HIGHEST SLP 30.56 ON 3
DPTR FM NORMAL 323 LOWEST SLP 29.59 ON 28
[REMARKS]
#FINAL-12-22#