000
CXUS53 KLSX 011400
CF6JEF
PRELIMINARY LOCAL CLIMATOLOGICAL DATA (WS FORM: F-6)
STATION: JEFFERSON CITY
MONTH: OCTOBER
YEAR: 2021
LATITUDE: 38 35 N
LONGITUDE: 92 10 W
TEMPERATURE IN F: :PCPN: SNOW: WIND :SUNSHINE: SKY :PK WND
================================================================================
1 2 3 4 5 6A 6B 7 8 9 10 11 12 13 14 15 16 17 18
12Z AVG MX 2MIN
DY MAX MIN AVG DEP HDD CDD WTR SNW DPTH SPD SPD DIR MIN PSBL S-S WX SPD DR
================================================================================
1 82 64 73 10 0 8 T 0.0 0 4.3 12 140 M M 5 16 120
2 80 68 74 11 0 9 0.54 0.0 0 2.8 12 230 M M 6 13 17 270
3 75 62 69 7 0 4 0.14 0.0 0 4.1 14 290 M M 8 138 20 290
4 79 58 69 7 0 4 0.00 0.0 0 4.2 10 340 M M 3 12 15 340
5 76 56 66 4 0 1 T 0.0 0 3.2 9 60 M M 6 1 14 60
6 75 63 69 8 0 4 0.28 0.0 0 4.4 10 50 M M 7 128 16 120
7 74 59 67 6 0 2 0.00 0.0 0 2.0 8 190 M M 6 12 12 200
8 86 57 72 11 0 7 0.00 0.0 0 4.9 12 120 M M 3 12 17 120
9 89 64 77 17 0 12 0.00 0.0 0 7.0 13 170 M M 0 21 180
10 86 65 76 16 0 11 0.00 0.0 0 7.4 15 200 M M 2 23 200
11 76 58 67 7 0 2 0.06 0.0 0 11.3 24 230 M M 8 138 37 230
12 79 49 64 5 1 0 0.00 0.0 0 3.6 10 110 M M 0 18 14 260
13 79 62 71 12 0 6 0.95 0.0 0 7.9 31 230 M M 5 13 48 230
14 70 58 64 6 1 0 0.25 0.0 0 3.6 12 330 M M 9 1 17 320
15 67 45 56 -2 9 0 T 0.0 0 3.7 16 340 M M 7 1 27 330
16 67 43 55 -3 10 0 0.00 0.0 0 4.4 18 300 M M 0 27 330
17 73 38 56 -1 9 0 0.00 0.0 0 2.3 9 220 M M 0 18 14 210
18 77 44 61 4 4 0 0.00 0.0 0 5.0 12 190 M M 0 8 19 170
19 76 47 62 6 3 0 0.00 0.0 0 6.8 15 170 M M 0 21 160
20 76 51 64 8 1 0 T 0.0 0 7.4 17 220 M M 3 8 26 230
21 62 44 53 -3 12 0 0.00 0.0 0 7.9 17 280 M M 4 27 280
22 66 41 54 -1 11 0 0.00 0.0 0 3.3 9 350 M M 2 12 14 360
23 61 47 54 -1 11 0 T 0.0 0 6.2 13 100 M M 9 138 19 100
24 82 57 70 15 0 5 M 0.0 0 10.3 28 230 M M 5 13 43 240
25 57 45 51 -3 14 0 0.00 0.0 0 9.2 23 290 M M 9 37 300
26 67 38 53 -1 12 0 0.00 0.0 0 8.5 16 110 M M 4 12 23 140
27 67 52 60 7 5 0 0.50 0.0 0 9.7 17 70 M M 7 1 25 120
28 52 50 51 -2 14 0 0.56 0.0 0 8.6 16 330 M M 10 18 24 340
29 53 50 52 -1 13 0 0.14 0.0 0 9.8 18 340 M M 10 18 26 340
30 64 42 53 1 12 0 0.00 0.0 0 5.2 12 290 M M 3 12 17 270
31 62 38 50 -2 15 0 0.00 0.0 0 5.7 14 340 M M 4 128 22 330
================================================================================
SM 2235 1615 157 75 3.42 0.0 184.7 M 145
================================================================================
AV 72.1 52.1 6.0 FASTST M M 5 MAX(MPH)
MISC ----> 31 230 48 230
================================================================================
NOTES:
# LAST OF SEVERAL OCCURRENCES
COLUMN 17 PEAK WIND IN M.P.H.
PRELIMINARY LOCAL CLIMATOLOGICAL DATA (WS FORM: F-6) , PAGE 2
STATION: JEFFERSON CITY
MONTH: OCTOBER
YEAR: 2021
LATITUDE: 38 35 N
LONGITUDE: 92 10 W
[TEMPERATURE DATA] [PRECIPITATION DATA] SYMBOLS USED IN COLUMN 16
AVERAGE MONTHLY: 62.1 TOTAL FOR MONTH: 3.42 1 = FOG OR MIST
DPTR FM NORMAL: 4.5 DPTR FM NORMAL: 0.02 2 = FOG REDUCING VISIBILITY
HIGHEST: 89 ON 9 GRTST 24HR 1.20 ON 13-14 TO 1/4 MILE OR LESS
LOWEST: 38 ON 31,26 3 = THUNDER
SNOW, ICE PELLETS, HAIL 4 = ICE PELLETS
TOTAL MONTH: 0.0 INCH 5 = HAIL
GRTST 24HR 0.0 6 = FREEZING RAIN OR DRIZZLE
GRTST DEPTH: 0 7 = DUSTSTORM OR SANDSTORM:
VSBY 1/2 MILE OR LESS
8 = SMOKE OR HAZE
[NO. OF DAYS WITH] [WEATHER - DAYS WITH] 9 = BLOWING SNOW
X = TORNADO
MAX 32 OR BELOW: 0 0.01 INCH OR MORE: 9
MAX 90 OR ABOVE: 0 0.10 INCH OR MORE: 8
MIN 32 OR BELOW: 0 0.50 INCH OR MORE: 4
MIN 0 OR BELOW: 0 1.00 INCH OR MORE: 0
[HDD (BASE 65) ]
TOTAL THIS MO. 157 CLEAR (SCALE 0-3) 11
DPTR FM NORMAL -107 PTCLDY (SCALE 4-7) 15
TOTAL FM JUL 1 162 CLOUDY (SCALE 8-10) 5
DPTR FM NORMAL -148
[CDD (BASE 65) ]
TOTAL THIS MO. 75
DPTR FM NORMAL 40 [PRESSURE DATA]
TOTAL FM JAN 1 1753 HIGHEST SLP 30.29 ON 31
DPTR FM NORMAL 300 LOWEST SLP 29.32 ON 28
[REMARKS]
#FINAL-10-21#