000
CXUS53 KLSX 011600
CF6JEF
PRELIMINARY LOCAL CLIMATOLOGICAL DATA (WS FORM: F-6)

                                          STATION:   JEFFERSON CITY
                                          MONTH:     JANUARY
                                          YEAR:      2018
                                          LATITUDE:   38 35 N
                                          LONGITUDE:  92 10 W

  TEMPERATURE IN F:       :PCPN:    SNOW:  WIND      :SUNSHINE: SKY     :PK WND
================================================================================
1   2   3   4   5  6A  6B    7    8   9   10  11  12  13   14  15   16   17  18
                                     12Z  AVG MX 2MIN
DY MAX MIN AVG DEP HDD CDD  WTR  SNW DPTH SPD SPD DIR MIN PSBL S-S WX    SPD DR
================================================================================

 1  11  -6   3 -29  62   0 0.00  0.0    M  5.8 12 280   M    M   0        17 270
 2  22  -5   9 -23  56   0 0.00  0.0    M  2.8 14 250   M    M   0        17 240
 3  29  12  21 -11  44   0    T    M    M 10.1 21 290   M    M   4        29 290
 4  20   4  12 -20  53   0 0.00  0.0    M  3.9 12 290   M    M   3        16 340
 5  29  15  22 -10  43   0 0.00  0.0    0  5.6 12 360   M    M   4        17  70
 6  28  11  20 -12  45   0 0.00  0.0    0 10.0 16 140   M    M   5        22 130
 7  39  27  33   1  32   0 0.80  0.0    0  6.7 16 150   M    M   8 1      23 160
 8  37  31  34   2  31   0 0.00  0.0    0  4.1 10 330   M    M   9 128    14 310
 9  41  30  36   4  29   0 0.00  0.0    0  8.6 16 140   M    M  10 12     20 130
10  62  41  52  20  13   0 0.00  0.0    0 12.6 22 170   M    M   4        33 170
11  62  17  40   8  25   0 0.05    M    0 12.1 25 300   M    M   9 1      36 300
12  23  10  17 -15  48   0    T    M    M 12.3 20 330   M    M   3        27 340
13  24  12  18 -14  47   0 0.00  0.0    0  5.8 14 340   M    M   6        18 330
14  30  14  22 -10  43   0    T    M    0  8.1 14 180   M    M  10 1      20 190
15  32   4  18 -14  47   0    T    M    M 13.1 24 290   M    M   6 1      31 300
16   9  -3   3 -29  62   0    T    M    M  8.5 16 290   M    M   3        24 290
17  24  -3  11 -21  54   0 0.00  0.0    M  3.1 12 250   M    M   0        15 250
18  45  15  30  -2  35   0 0.00  0.0    M  6.4 18 200   M    M   0        26 190
19  55  29  42  10  23   0 0.00  0.0    M  6.6 18 220   M    M   0        25 230
20  59  30  45  13  20   0 0.00  0.0    0  5.1 10 110   M    M   3        13 150
21  71  34  53  21  12   0 0.84  0.0    0  9.5 24 210   M    M   5 12     36 210
22  59  34  47  15  18   0 0.21    M    0 15.0 29 220   M    M   7 1      40 200
23  36  28  32   0  33   0    T    M    0 12.6 26 280   M    M   9 1      38 280
24  47  23  35   3  30   0 0.00  0.0    0  2.1 10 280   M    M   1 1      14 300
25  66  26  46  14  19   0 0.00  0.0    0  8.6 21 230   M    M   0        31 230
26  61  35  48  15  17   0    T  0.0    0 12.8 28 200   M    M   5        43 190
27  56  28  42   9  23   0 0.07  0.0    0  4.5 15 300   M    M   3 1      21 300
28  53  24  39   6  26   0 0.00  0.0    0  3.7 17 360   M    M   3        26  20
29  32  18  25  -8  40   0 0.00  0.0    0  8.3 16 270   M    M   6        24 280
30  45  16  31  -2  34   0 0.00  0.0    0  8.9 22 160   M    M   1        29 160
31  58  37  48  15  17   0 0.00  0.0    0  7.0 18 290   M    M   0        24 280
================================================================================
SM 1265  588      1081   0  1.97     0.0 244.3          M      127
================================================================================
AV 40.8 19.0                               7.9 FASTST   M    M   4    MAX(MPH)
                                 MISC ---->  # 29 220               # 43  190
================================================================================
NOTES:
# LAST OF SEVERAL OCCURRENCES

COLUMN 17 PEAK WIND IN M.P.H.

PRELIMINARY LOCAL CLIMATOLOGICAL DATA (WS FORM: F-6) , PAGE 2

                                          STATION:  JEFFERSON CITY
                                          MONTH:    JANUARY
                                          YEAR:     2018
                                          LATITUDE:   38 35 N
                                          LONGITUDE:  92 10 W

[TEMPERATURE DATA]      [PRECIPITATION DATA]       SYMBOLS USED IN COLUMN 16

AVERAGE MONTHLY: 29.9   TOTAL FOR MONTH:   1.97    1 = FOG OR MIST
DPTR FM NORMAL:  -2.1   DPTR FM NORMAL:   -0.06    2 = FOG REDUCING VISIBILITY
HIGHEST:    71 ON 21    GRTST 24HR  0.84 ON 21-21      TO 1/4 MILE OR LESS
LOWEST:     -6 ON  1                               3 = THUNDER
                        SNOW, ICE PELLETS, HAIL    4 = ICE PELLETS
                        TOTAL MONTH:   0.0 INCH    5 = HAIL
                        GRTST 24HR     0.0         6 = FREEZING RAIN OR DRIZZLE
                        GRTST DEPTH:   0           7 = DUSTSTORM OR SANDSTORM:
                                                       VSBY 1/2 MILE OR LESS
                                                   8 = SMOKE OR HAZE
[NO. OF DAYS WITH]      [WEATHER - DAYS WITH]      9 = BLOWING SNOW
                                                   X = TORNADO
MAX 32 OR BELOW:  13    0.01 INCH OR MORE:   5
MAX 90 OR ABOVE:   0    0.10 INCH OR MORE:   3
MIN 32 OR BELOW:  26    0.50 INCH OR MORE:   2
MIN  0 OR BELOW:   4    1.00 INCH OR MORE:   0

[HDD (BASE 65) ]
TOTAL THIS MO.  1081    CLEAR  (SCALE 0-3)  13
DPTR FM NORMAL    58    PTCLDY (SCALE 4-7)  13
TOTAL FM JUL 1  2750    CLOUDY (SCALE 8-10)  5
DPTR FM NORMAL  -117

[CDD (BASE 65) ]
TOTAL THIS MO.     0
DPTR FM NORMAL     0    [PRESSURE DATA]
TOTAL FM JAN 1     0    HIGHEST SLP 30.96 ON  1
DPTR FM NORMAL     0    LOWEST  SLP 29.49 ON 22

[REMARKS]
#FINAL-01-18#
