000
CXUS53 KLSX 011500
CF6JEF
PRELIMINARY LOCAL CLIMATOLOGICAL DATA (WS FORM: F-6)
STATION: JEFFERSON CITY
MONTH: NOVEMBER
YEAR: 2023
LATITUDE: 38 35 N
LONGITUDE: 92 10 W
TEMPERATURE IN F: :PCPN: SNOW: WIND :SUNSHINE: SKY :PK WND
================================================================================
1 2 3 4 5 6A 6B 7 8 9 10 11 12 13 14 15 16 17 18
12Z AVG MX 2MIN
DY MAX MIN AVG DEP HDD CDD WTR SNW DPTH SPD SPD DIR MIN PSBL S-S WX SPD DR
================================================================================
1 49 22 36 -15 29 0 0.00 0.0 0 3.7 13 190 M M 0 18 180
2 67 30 49 -2 16 0 0.00 0.0 0 7.3 18 210 M M 0 25 210
3 73 42 58 8 7 0 0.00 0.0 0 6.6 22 220 M M 0 29 210
4 61 45 53 3 12 0 T 0.0 0 3.0 8 330 M M 3 8 13 300
5 72 37 55 5 10 0 0.00 0.0 0 4.7 10 130 M M 4 12 16 130
6 77 56 67 18 0 2 0.00 0.0 0 5.4 17 230 M M 1 25 210
7 83 53 68 19 0 3 0.00 0.0 0 5.9 15 100 M M 3 12 21 110
8 85 59 72 24 0 7 0.00 0.0 0 10.0 20 230 M M 1 28 310
9 59 43 51 3 14 0 T 0.0 0 3.7 14 330 M M 0 19 330
10 59 31 45 -3 20 0 0.00 0.0 0 3.6 13 330 M M 0 16 300
11 59 28 44 -3 21 0 0.00 0.0 0 3.7 13 130 M M 2 18 140
12 69 32 51 4 14 0 0.00 0.0 0 3.4 8 210 M M 1 12 210
13 71 34 53 7 12 0 0.00 0.0 0 1.7 14 70 M M 0 19 30
14 69 27 48 2 17 0 0.00 0.0 0 3.4 9 130 M M 0 14 170
15 73 32 53 7 12 0 0.00 0.0 0 3.0 10 130 M M 0 12 220
16 68 35 52 7 13 0 T 0.0 0 5.9 23 180 M M 3 32 210
17 65 36 51 6 14 0 0.00 0.0 0 4.9 20 350 M M 4 26 360
18 62 27 45 0 20 0 0.00 0.0 0 1.1 7 270 M M 0 11 200
19 61 30 46 2 19 0 0.00 0.0 0 4.3 10 90 M M 2 16 100
20 53 45 49 5 16 0 0.38 0.0 0 6.7 14 80 M M 10 1 24 50
21 52 38 45 1 20 0 0.00 0.0 0 9.7 18 290 M M 9 24 310
22 49 30 40 -3 25 0 0.00 0.0 0 3.5 12 250 M M 0 16 240
23 58 28 43 0 22 0 0.00 0.0 0 4.4 13 10 M M 0 20 340
24 44 33 39 -3 26 0 0.00 0.0 0 6.7 14 30 M M 1 8 20 30
25 46 23 35 -7 30 0 0.00 0.0 0 2.2 9 110 M M 1 14 120
26 40 31 36 -6 29 0 0.19 0.0 0 10.0 22 300 M M 9 1 32 290
27 47 24 36 -5 29 0 0.00 0.0 0 6.6 18 280 M M 0 28 260
28 41 23 32 -9 33 0 0.00 0.0 0 4.3 12 320 M M 0 17 310
29 61 24 43 2 22 0 0.00 0.0 0 2.7 10 230 M M 0 15 250
30 55 35 45 5 20 0 0.19 0.0 0 6.5 14 180 M M 6 1 22 170
================================================================================
SM 1828 1033 522 12 0.76 0.0 148.6 M 60
================================================================================
AV 60.9 34.4 5.0 FASTST M M 2 MAX(MPH)
MISC ----> 23 180 # 32 210
================================================================================
NOTES:
# LAST OF SEVERAL OCCURRENCES
COLUMN 17 PEAK WIND IN M.P.H.
PRELIMINARY LOCAL CLIMATOLOGICAL DATA (WS FORM: F-6) , PAGE 2
STATION: JEFFERSON CITY
MONTH: NOVEMBER
YEAR: 2023
LATITUDE: 38 35 N
LONGITUDE: 92 10 W
[TEMPERATURE DATA] [PRECIPITATION DATA] SYMBOLS USED IN COLUMN 16
AVERAGE MONTHLY: 47.7 TOTAL FOR MONTH: 0.76 1 = FOG OR MIST
DPTR FM NORMAL: 2.1 DPTR FM NORMAL: -2.06 2 = FOG REDUCING VISIBILITY
HIGHEST: 85 ON 8 GRTST 24HR 0.38 ON 20-20 TO 1/4 MILE OR LESS
LOWEST: 22 ON 1 3 = THUNDER
SNOW, ICE PELLETS, HAIL 4 = ICE PELLETS
TOTAL MONTH: 0.0 INCH 5 = HAIL
GRTST 24HR 0.0 6 = FREEZING RAIN OR DRIZZLE
GRTST DEPTH: 0 7 = DUSTSTORM OR SANDSTORM:
VSBY 1/2 MILE OR LESS
8 = SMOKE OR HAZE
[NO. OF DAYS WITH] [WEATHER - DAYS WITH] 9 = BLOWING SNOW
X = TORNADO
MAX 32 OR BELOW: 0 0.01 INCH OR MORE: 3
MAX 90 OR ABOVE: 0 0.10 INCH OR MORE: 3
MIN 32 OR BELOW: 16 0.50 INCH OR MORE: 0
MIN 0 OR BELOW: 0 1.00 INCH OR MORE: 0
[HDD (BASE 65) ]
TOTAL THIS MO. 522 CLEAR (SCALE 0-3) 22
DPTR FM NORMAL -61 PTCLDY (SCALE 4-7) 5
TOTAL FM JUL 1 745 CLOUDY (SCALE 8-10) 3
DPTR FM NORMAL -148
[CDD (BASE 65) ]
TOTAL THIS MO. 12
DPTR FM NORMAL 10 [PRESSURE DATA]
TOTAL FM JAN 1 1767 HIGHEST SLP 30.51 ON 1
DPTR FM NORMAL 312 LOWEST SLP 29.56 ON 8
[REMARKS]
#FINAL-11-23#