000
CXUS53 KLSX 011400
CF6JEF
PRELIMINARY LOCAL CLIMATOLOGICAL DATA (WS FORM: F-6)
STATION: JEFFERSON CITY
MONTH: MARCH
YEAR: 2024
LATITUDE: 38 35 N
LONGITUDE: 92 10 W
TEMPERATURE IN F: :PCPN: SNOW: WIND :SUNSHINE: SKY :PK WND
================================================================================
1 2 3 4 5 6A 6B 7 8 9 10 11 12 13 14 15 16 17 18
12Z AVG MX 2MIN
DY MAX MIN AVG DEP HDD CDD WTR SNW DPTH SPD SPD DIR MIN PSBL S-S WX SPD DR
================================================================================
1 52 32 42 1 23 0 0.02 0.0 0 6.0 15 180 M M 6 20 180
2 71 29 50 9 15 0 0.00 0.0 0 11.2 22 150 M M 0 31 150
3 84 56 70 28 0 5 0.00 0.0 0 13.6 28 190 M M 0 37 170
4 81 57 69 27 0 4 0.05 0.0 0 11.2 26 190 M M 3 3 38 200
5 61 47 54 12 11 0 0.27 0.0 0 8.1 15 300 M M 9 13 22 300
6 64 43 54 11 11 0 0.00 0.0 0 5.9 14 100 M M 3 1 20 100
7 55 44 50 7 15 0 1.91 0.0 0 10.3 32 110 M M 7 13 44 110
8 56 41 49 6 16 0 0.04 0.0 M 8.0 17 330 M M 9 1 24 310
9 52 34 43 -1 22 0 0.00 0.0 0 9.8 21 280 M M 3 27 290
10 59 27 43 -1 22 0 0.00 0.0 0 3.0 10 290 M M 0 15 290
11 70 32 51 7 14 0 0.00 0.0 0 7.1 20 220 M M 0 29 220
12 76 42 59 14 6 0 T 0.0 0 8.1 18 180 M M 1 3 27 160
13 78 54 66 21 0 1 0.27 0.0 0 7.7 23 180 M M 2 13 30 190
14 78 54 66 20 0 1 1.01 0.0 0 9.9 25 310 M M 5 13 38 290
15 64 42 53 7 12 0 0.00 0.0 0 6.8 16 20 M M 3 29 10
16 67 38 53 7 12 0 0.00 0.0 0 8.5 24 280 M M 1 32 270
17 52 32 42 -5 23 0 0.00 0.0 0 9.5 24 290 M M 1 33 290
18 39 27 33 -14 32 0 0.00 0.0 0 8.4 21 290 M M 0 29 280
19 69 30 50 3 15 0 0.00 0.0 0 8.1 22 290 M M 0 33 270
20 60 36 48 0 17 0 0.00 0.0 0 6.8 16 350 M M 0 24 340
21 61 36 49 1 16 0 0.00 0.0 0 9.2 16 100 M M 2 22 120
22 69 35 52 4 13 0 T 0.0 0 8.8 23 340 M M 5 18 37 340
23 52 37 45 -4 20 0 0.00 0.0 0 9.7 21 110 M M 6 27 110
24 70 42 56 7 9 0 T 0.0 0 14.1 25 140 M M 1 37 140
25 59 48 54 4 11 0 1.38 0.0 0 10.2 26 140 M M 8 1 35 150
26 53 38 46 -4 19 0 0.00 0.0 0 13.8 26 230 M M 10 38 220
27 54 30 42 -8 23 0 T 0.0 0 3.9 12 290 M M 2 16 310
28 67 30 49 -2 16 0 0.00 0.0 0 5.6 17 180 M M 0 23 210
29 77 36 57 6 8 0 0.00 0.0 0 11.1 26 190 M M 1 38 170
30 76 62 69 18 0 4 0.00 0.0 0 6.5 15 280 M M 4 22 270
31 81 58 70 18 0 5 0.00 0.0 0 8.2 21 180 M M 6 29 210
================================================================================
SM 2007 1249 401 20 4.95 0.0 269.1 M 98
================================================================================
AV 64.7 40.3 8.7 FASTST M M 3 MAX(MPH)
MISC ----> 32 110 44 110
================================================================================
NOTES:
# LAST OF SEVERAL OCCURRENCES
COLUMN 17 PEAK WIND IN M.P.H.
PRELIMINARY LOCAL CLIMATOLOGICAL DATA (WS FORM: F-6) , PAGE 2
STATION: JEFFERSON CITY
MONTH: MARCH
YEAR: 2024
LATITUDE: 38 35 N
LONGITUDE: 92 10 W
[TEMPERATURE DATA] [PRECIPITATION DATA] SYMBOLS USED IN COLUMN 16
AVERAGE MONTHLY: 52.5 TOTAL FOR MONTH: 4.95 1 = FOG OR MIST
DPTR FM NORMAL: 6.3 DPTR FM NORMAL: 2.10 2 = FOG REDUCING VISIBILITY
HIGHEST: 84 ON 3 GRTST 24HR 1.91 ON 7- 7 TO 1/4 MILE OR LESS
LOWEST: 27 ON 18,10 3 = THUNDER
SNOW, ICE PELLETS, HAIL 4 = ICE PELLETS
TOTAL MONTH: 0.0 INCH 5 = HAIL
GRTST 24HR 0.0 6 = FREEZING RAIN OR DRIZZLE
GRTST DEPTH: 0 7 = DUSTSTORM OR SANDSTORM:
VSBY 1/2 MILE OR LESS
8 = SMOKE OR HAZE
[NO. OF DAYS WITH] [WEATHER - DAYS WITH] 9 = BLOWING SNOW
X = TORNADO
MAX 32 OR BELOW: 0 0.01 INCH OR MORE: 8
MAX 90 OR ABOVE: 0 0.10 INCH OR MORE: 5
MIN 32 OR BELOW: 9 0.50 INCH OR MORE: 3
MIN 0 OR BELOW: 0 1.00 INCH OR MORE: 3
[HDD (BASE 65) ]
TOTAL THIS MO. 401 CLEAR (SCALE 0-3) 18
DPTR FM NORMAL -187 PTCLDY (SCALE 4-7) 9
TOTAL FM JUL 1 3439 CLOUDY (SCALE 8-10) 4
DPTR FM NORMAL -776
[CDD (BASE 65) ]
TOTAL THIS MO. 20
DPTR FM NORMAL 14 [PRESSURE DATA]
TOTAL FM JAN 1 20 HIGHEST SLP 30.32 ON 23
DPTR FM NORMAL 14 LOWEST SLP 29.37 ON 25
[REMARKS]
#FINAL-03-24#