000
CXUS53 KLSX 011400
CF6JEF
PRELIMINARY LOCAL CLIMATOLOGICAL DATA (WS FORM: F-6)
STATION: JEFFERSON CITY
MONTH: AUGUST
YEAR: 2023
LATITUDE: 38 35 N
LONGITUDE: 92 10 W
TEMPERATURE IN F: :PCPN: SNOW: WIND :SUNSHINE: SKY :PK WND
================================================================================
1 2 3 4 5 6A 6B 7 8 9 10 11 12 13 14 15 16 17 18
12Z AVG MX 2MIN
DY MAX MIN AVG DEP HDD CDD WTR SNW DPTH SPD SPD DIR MIN PSBL S-S WX SPD DR
================================================================================
1 84 74 79 0 0 14 0.40 0.0 0 6.8 12 110 M M 5 13 18 90
2 87 72 80 1 0 15 3.24 0.0 0 8.1 24 70 M M 6 1238 38 80
3 83 72 78 -1 0 13 0.13 0.0 0 4.4 28 360 M M 6 13 42 360
4 84 72 78 -1 0 13 2.00 0.0 0 5.1 28 340 M M 5 13 41 360
5 88 72 80 2 0 15 0.00 0.0 0 4.8 14 270 M M 5 3 20 280
6 90 72 81 3 0 16 0.00 0.0 0 7.5 18 270 M M 4 1 28 280
7 83 69 76 -2 0 11 0.03 0.0 0 6.4 16 290 M M 7 18 26 280
8 87 65 76 -2 0 11 0.00 0.0 0 1.8 8 250 M M 1 1 13 240
9 80 70 75 -3 0 10 0.06 0.0 0 3.0 10 200 M M 5 13 17 170
10 87 68 78 0 0 13 0.00 0.0 0 2.0 8 260 M M 5 12 14 270
11 94 69 82 4 0 17 0.00 0.0 0 4.6 9 180 M M 0 14 150
12 90 74 82 4 0 17 0.34 0.0 0 5.7 25 20 M M 3 13 35 20
13 81 73 77 -1 0 12 0.75 0.0 0 3.8 15 10 M M 5 13 19 20
14 81 67 74 -4 0 9 0.01 0.0 0 9.4 20 300 M M 7 1 30 310
15 78 61 70 -7 0 5 0.00 0.0 0 5.9 13 340 M M 6 19 330
16 83 59 71 -6 0 6 0.00 0.0 0 3.0 12 160 M M 3 12 16 170
17 85 62 74 -3 0 9 0.00 0.0 0 5.7 15 290 M M 0 8 22 300
18 84 57 71 -6 0 6 0.00 0.0 0 3.5 9 100 M M 0 12 100
19 94 65 80 3 0 15 0.00 0.0 0 7.2 13 180 M M 0 17 160
20 100 77 89 12 0 24 0.00 0.0 0 3.9 13 290 M M 0 17 290
21 95 78 87 11 0 22 0.00 0.0 0 3.5 12 360 M M 3 12 16 350
22 98 78 88 12 0 23 0.00 0.0 0 3.0 9 140 M M 2 18 13 190
23 97 77 87 11 0 22 0.00 0.0 0 3.8 12 240 M M 0 18 16 190
24 100 79 90 14 0 25 0.00 0.0 0 4.0 10 220 M M 0 18 17 210
25 102 78 90 14 0 25 0.00 0.0 0 2.7 9 270 M M 0 16 270
26 81 73 77 2 0 12 0.33 0.0 0 4.3 16 40 M M 5 138 27 30
27 81 66 74 -1 0 9 0.00 0.0 0 5.8 14 360 M M 4 23 340
28 85 65 75 0 0 10 0.00 0.0 0 2.9 9 70 M M 2 14 90
29 89 63 76 2 0 11 0.00 0.0 0 2.8 9 290 M M 3 12 14 330
30 83 63 73 -1 0 8 0.00 0.0 0 5.8 14 70 M M 1 19 90
31 81 57 69 -5 0 4 0.00 0.0 0 3.8 10 100 M M 0 14 110
================================================================================
SM 2715 2147 0 422 7.29 0.0 145.0 M 93
================================================================================
AV 87.6 69.3 4.7 FASTST M M 3 MAX(MPH)
MISC ----> # 28 360 42 360
================================================================================
NOTES:
# LAST OF SEVERAL OCCURRENCES
COLUMN 17 PEAK WIND IN M.P.H.
PRELIMINARY LOCAL CLIMATOLOGICAL DATA (WS FORM: F-6) , PAGE 2
STATION: JEFFERSON CITY
MONTH: AUGUST
YEAR: 2023
LATITUDE: 38 35 N
LONGITUDE: 92 10 W
[TEMPERATURE DATA] [PRECIPITATION DATA] SYMBOLS USED IN COLUMN 16
AVERAGE MONTHLY: 78.4 TOTAL FOR MONTH: 7.29 1 = FOG OR MIST
DPTR FM NORMAL: 1.5 DPTR FM NORMAL: 3.68 2 = FOG REDUCING VISIBILITY
HIGHEST: 102 ON 25 GRTST 24HR 3.24 ON 2- 2 TO 1/4 MILE OR LESS
LOWEST: 57 ON 31,18 3 = THUNDER
SNOW, ICE PELLETS, HAIL 4 = ICE PELLETS
TOTAL MONTH: 0.0 INCH 5 = HAIL
GRTST 24HR 0.0 6 = FREEZING RAIN OR DRIZZLE
GRTST DEPTH: 0 7 = DUSTSTORM OR SANDSTORM:
VSBY 1/2 MILE OR LESS
8 = SMOKE OR HAZE
[NO. OF DAYS WITH] [WEATHER - DAYS WITH] 9 = BLOWING SNOW
X = TORNADO
MAX 32 OR BELOW: 0 0.01 INCH OR MORE: 10
MAX 90 OR ABOVE: 10 0.10 INCH OR MORE: 7
MIN 32 OR BELOW: 0 0.50 INCH OR MORE: 3
MIN 0 OR BELOW: 0 1.00 INCH OR MORE: 2
[HDD (BASE 65) ]
TOTAL THIS MO. 0 CLEAR (SCALE 0-3) 16
DPTR FM NORMAL -1 PTCLDY (SCALE 4-7) 15
TOTAL FM JUL 1 0 CLOUDY (SCALE 8-10) 0
DPTR FM NORMAL 0
[CDD (BASE 65) ]
TOTAL THIS MO. 422
DPTR FM NORMAL 51 [PRESSURE DATA]
TOTAL FM JAN 1 1460 HIGHEST SLP 30.13 ON 1
DPTR FM NORMAL 201 LOWEST SLP 29.71 ON 9
[REMARKS]
#FINAL-08-23#