000
CXUS55 KBOI 281002
CF6JER
PRELIMINARY LOCAL CLIMATOLOGICAL DATA (WS FORM: F-6)
STATION: JEROME ID
MONTH: FEBRUARY
YEAR: 2023
LATITUDE: 42 43 N
LONGITUDE: 114 27 W
TEMPERATURE IN F: :PCPN: SNOW: WIND :SUNSHINE: SKY :PK WND
================================================================================
1 2 3 4 5 6A 6B 7 8 9 10 11 12 13 14 15 16 17 18
12Z AVG MX 2MIN
DY MAX MIN AVG DEP HDD CDD WTR SNW DPTH SPD SPD DIR MIN PSBL S-S WX SPD DR
================================================================================
1 24 6 15 -15 50 0 0.00 M M 19.9 24 70 M M 3 8 29 60
2 30 11 21 -9 44 0 0.00 M M 22.0 28 70 M M 0 36 70
3 35 19 27 -4 38 0 0.00 M M 18.4 30 70 M M 3 37 70
4 39 21 30 -1 35 0 0.00 M M 14.2 29 70 M M 1 37 70
5 41 28 35 4 30 0 0.02 M M 12.5 29 60 M M 6 1 37 60
6 41 31 36 5 29 0 0.00 M M 19.7 30 270 M M 3 40 270
7 44 28 36 5 29 0 0.00 M M 7.5 17 230 M M 2 22 230
8 39 25 32 1 33 0 0.00 M M 14.0 28 270 M M 4 39 260
9 37 19 28 -4 37 0 0.00 M M 11.2 24 60 M M 0 30 60
10 35 18 27 -5 38 0 0.00 M M 25.2 31 70 M M 0 40 70
11 40 23 32 0 33 0 0.00 M M 8.1 25 70 M M 1 32 80
12 42 21 32 0 33 0 0.00 M M 5.2 13 70 M M 0 17 60
13 38 17 28 -5 37 0 0.01 M M 16.3 33 260 M M 3 1 43 270
14 28 21 25 -8 40 0 0.00 M M 16.7 31 270 M M 5 42 270
15 35 14 25 -8 40 0 T M M 6.2 13 280 M M 0 17 290
16 35 16 26 -7 39 0 0.00 M M 11.6 24 60 M M 0 31 60
17 36 13 25 -9 40 0 0.00 M M 16.5 24 70 M M 0 31 70
18 35 11 23 -11 42 0 T M M 9.3 18 60 M M 4 23 50
19 42 20 31 -3 34 0 0.00 M M 10.8 21 290 M M 2 28 270
20 50 34 42 7 23 0 T M M 17.3 33 260 M M 6 48 260
21 43 25 34 -1 31 0 0.01 M M 16.8 33 270 M M 7 47 260
22 35 13 24 -11 41 0 0.01 M M 18.4 29 60 M M 7 18 35 260
23 32 9 21 -15 44 0 T M M 16.0 26 70 M M 5 1 35 240
24 38 13 26 -10 39 0 0.00 M M 13.8 24 60 M M 3 32 40
25 41 18 30 -6 35 0 0.00 M M 20.4 26 70 M M 0 33 60
26 41 26 34 -3 31 0 0.07 M M 13.1 25 270 M M 8 12 35 280
27 38 25 32 -5 33 0 0.13 M M 8.9 22 60 M M 8 12 27 60
================================================================================
SM 1014 525 978 0 0.25 M 390.0 M 81
================================================================================
AV 37.6 19.4 14.4 FASTST M M 3 MAX(MPH)
MISC ----> # 33 260 48 260
================================================================================
NOTES:
# LAST OF SEVERAL OCCURRENCES
COLUMN 17 PEAK WIND IN M.P.H.
PRELIMINARY LOCAL CLIMATOLOGICAL DATA (WS FORM: F-6) , PAGE 2
STATION: JEROME ID
MONTH: FEBRUARY
YEAR: 2023
LATITUDE: 42 43 N
LONGITUDE: 114 27 W
[TEMPERATURE DATA] [PRECIPITATION DATA] SYMBOLS USED IN COLUMN 16
AVERAGE MONTHLY: 28.5 TOTAL FOR MONTH: 0.25 1 = FOG OR MIST
DPTR FM NORMAL: -4.6 DPTR FM NORMAL: -0.44 2 = FOG REDUCING VISIBILITY
HIGHEST: 50 ON 20 GRTST 24HR 0.16 ON 26-27 TO 1/4 MILE OR LESS
LOWEST: 6 ON 1 3 = THUNDER
SNOW, ICE PELLETS, HAIL 4 = ICE PELLETS
TOTAL MONTH: M 5 = HAIL
GRTST 24HR M ON M 6 = FREEZING RAIN OR DRIZZLE
GRTST DEPTH: M ON M 7 = DUSTSTORM OR SANDSTORM:
VSBY 1/2 MILE OR LESS
8 = SMOKE OR HAZE
[NO. OF DAYS WITH] [WEATHER - DAYS WITH] 9 = BLOWING SNOW
X = TORNADO
MAX 32 OR BELOW: 4 0.01 INCH OR MORE: 6
MAX 90 OR ABOVE: 0 0.10 INCH OR MORE: 1
MIN 32 OR BELOW: 26 0.50 INCH OR MORE: 0
MIN 0 OR BELOW: 0 1.00 INCH OR MORE: 0
[HDD (BASE 65) ]
TOTAL THIS MO. 978 CLEAR (SCALE 0-3) 17
DPTR FM NORMAL 119 PTCLDY (SCALE 4-7) 10
TOTAL FM JUL 1 4756 CLOUDY (SCALE 8-10) 0
DPTR FM NORMAL 289
[CDD (BASE 65) ]
TOTAL THIS MO. 0
DPTR FM NORMAL 0 [PRESSURE DATA]
TOTAL FM JAN 1 0 HIGHEST SLP M ON M
DPTR FM NORMAL 0 LOWEST SLP 29.30 ON 22
[REMARKS]