668
CXUS55 KBOI 011002
CF6JER
PRELIMINARY LOCAL CLIMATOLOGICAL DATA (WS FORM: F-6)
STATION: JEROME ID
MONTH: SEPTEMBER
YEAR: 2020
LATITUDE: 42 43 N
LONGITUDE: 114 27 W
TEMPERATURE IN F: :PCPN: SNOW: WIND :SUNSHINE: SKY :PK WND
================================================================================
1 2 3 4 5 6A 6B 7 8 9 10 11 12 13 14 15 16 17 18
12Z AVG MX 2MIN
DY MAX MIN AVG DEP HDD CDD WTR SNW DPTH SPD SPD DIR MIN PSBL S-S WX SPD DR
================================================================================
1 76 41 59 -7 6 0 T M M 5.8 14 270 M M 0 18 270
2 91 52 72 6 0 7 0.00 M M 7.2 21 270 M M 0 26 280
3 92 55 74 8 0 9 0.00 M M 7.6 17 270 M M 0 21 270
4 95 55 75 10 0 10 0.00 M M 4.6 10 110 M M 0 12 90
5 97 61 79 14 0 14 0.00 M M 7.7 17 60 M M 0 8 23 60
6 93 64 79 15 0 14 0.00 M M 10.1 22 270 M M 0 29 280
7 85 46 66 2 0 1 0.02 M M 14.1 43 90 M M 1 38 64 100
8 63 40 52 -12 13 0 0.00 M M 5.0 13 250 M M 3 17 300
9 74 39 57 -6 8 0 0.00 M M 9.2 20 120 M M 0 23 120
10 78 41 60 -3 5 0 0.00 M M 7.1 15 100 M M 0 18 120
11 85 47 66 3 0 1 0.00 M M 7.1 17 270 M M 0 22 270
12 77 47 62 0 3 0 0.00 M M 4.3 9 120 M M 0 10 90
13 91 48 70 8 0 5 0.00 M M 9.8 17 90 M M 0 8 21 90
14 92 54 73 11 0 8 0.00 M M 7.0 18 80 M M 0 8 24 50
15 85 50 68 7 0 3 0.00 M M 5.2 13 70 M M 0 16 60
16 90 52 71 10 0 6 0.00 M M 6.7 12 120 M M 0 8 14 80
17 94 57 76 16 0 11 0.00 M M 10.9 21 100 M M 0 8 24 90
18 83 57 70 10 0 5 T M M 8.9 25 290 M M 1 8 34 290
19 72 51 62 2 3 0 0.05 M M 10.4 23 280 M M 2 18 29 280
20 75 42 59 0 6 0 0.00 M M 4.3 13 110 M M 0 14 320
21 84 48 66 7 0 1 0.00 M M 10.4 20 90 M M 0 23 80
22 80 49 65 7 0 0 0.00 M M 6.2 12 290 M M 0 8 16 250
23 82 51 67 9 0 2 0.00 M M 6.6 13 110 M M 0 8 14 110
24 79 50 65 7 0 0 0.00 M M 8.6 21 300 M M 0 26 300
25 76 51 64 7 1 0 0.00 M M 6.2 12 320 M M 1 18 270
26 68 45 57 0 8 0 0.00 M M 15.5 31 270 M M 6 36 270
27 66 41 54 -2 11 0 0.00 M M 8.8 21 260 M M 1 25 260
28 71 38 55 -1 10 0 0.00 M M 4.9 10 120 M M 0 14 150
29 81 43 62 6 3 0 0.00 M M 5.2 14 100 M M 0 16 90
30 78 41 60 5 5 0 0.00 M M 4.6 10 120 M M 0 11 280
================================================================================
SM 2453 1456 82 97 0.07 M 230.0 M 15
================================================================================
AV 81.8 48.5 7.7 FASTST M M 1 MAX(MPH)
MISC ----> 43 90 64 100
================================================================================
NOTES:
# LAST OF SEVERAL OCCURRENCES
COLUMN 17 PEAK WIND IN M.P.H.
PRELIMINARY LOCAL CLIMATOLOGICAL DATA (WS FORM: F-6) , PAGE 2
STATION: JEROME ID
MONTH: SEPTEMBER
YEAR: 2020
LATITUDE: 42 43 N
LONGITUDE: 114 27 W
[TEMPERATURE DATA] [PRECIPITATION DATA] SYMBOLS USED IN COLUMN 16
AVERAGE MONTHLY: 65.2 TOTAL FOR MONTH: 0.07 1 = FOG OR MIST
DPTR FM NORMAL: 4.4 DPTR FM NORMAL: -0.36 2 = FOG REDUCING VISIBILITY
HIGHEST: 97 ON 5 GRTST 24HR 0.05 ON 19-19 TO 1/4 MILE OR LESS
LOWEST: 38 ON 28 3 = THUNDER
SNOW, ICE PELLETS, HAIL 4 = ICE PELLETS
TOTAL MONTH: M 5 = HAIL
GRTST 24HR M ON M 6 = FREEZING RAIN OR DRIZZLE
GRTST DEPTH: M ON M 7 = DUSTSTORM OR SANDSTORM:
VSBY 1/2 MILE OR LESS
8 = SMOKE OR HAZE
[NO. OF DAYS WITH] [WEATHER - DAYS WITH] 9 = BLOWING SNOW
X = TORNADO
MAX 32 OR BELOW: 0 0.01 INCH OR MORE: 2
MAX 90 OR ABOVE: 9 0.10 INCH OR MORE: 0
MIN 32 OR BELOW: 0 0.50 INCH OR MORE: 0
MIN 0 OR BELOW: 0 1.00 INCH OR MORE: 0
[HDD (BASE 65) ]
TOTAL THIS MO. 82 CLEAR (SCALE 0-3) 28
DPTR FM NORMAL -88 PTCLDY (SCALE 4-7) 2
TOTAL FM JUL 1 92 CLOUDY (SCALE 8-10) 0
DPTR FM NORMAL -111
[CDD (BASE 65) ]
TOTAL THIS MO. 97
DPTR FM NORMAL 53 [PRESSURE DATA]
TOTAL FM JAN 1 851 HIGHEST SLP 30.48 ON 28
DPTR FM NORMAL 342 LOWEST SLP 29.64 ON 7
[REMARKS]
#FINAL-09-20#