000
CXUS51 KOKX 010910
CF6JFK
PRELIMINARY LOCAL CLIMATOLOGICAL DATA (WS FORM: F-6)
STATION: KENNEDY NY
MONTH: JULY
YEAR: 2022
LATITUDE: 40 39 N
LONGITUDE: 73 47 W
TEMPERATURE IN F: :PCPN: SNOW: WIND :SUNSHINE: SKY :PK WND
================================================================================
1 2 3 4 5 6A 6B 7 8 9 10 11 12 13 14 15 16 17 18
12Z AVG MX 2MIN
DY MAX MIN AVG DEP HDD CDD WTR SNW DPTH SPD SPD DIR MIN PSBL S-S WX SPD DR
================================================================================
1 85 70 78 3 0 13 T 0.0 0 12.1 24 200 M M 5 3 29 200
2 87 73 80 5 0 15 T 0.0 0 10.0 21 200 M M 8 3 26 190
3 88 70 79 4 0 14 0.00 0.0 0 8.6 15 330 M M 6 18 320
4 85 66 76 1 0 11 0.00 0.0 0 9.8 18 170 M M 4 21 180
5 84 68 76 1 0 11 0.01 0.0 0 14.2 29 180 M M 8 37 180
6 89 71 80 4 0 15 0.00 0.0 0 11.2 21 320 M M 8 25 320
7 82 69 76 0 0 11 0.00 0.0 0 10.1 18 120 M M 6 23 110
8 81 65 73 -3 0 8 0.26 0.0 0 6.0 16 180 M M 8 19 190
9 86 69 78 2 0 13 0.00 0.0 0 8.0 17 40 M M 8 23 40
10 81 66 74 -2 0 9 0.00 0.0 0 9.1 16 160 M M 5 19 170
11 81 65 73 -3 0 8 0.00 0.0 0 14.0 26 180 M M 2 31 180
12 83 69 76 0 0 11 0.00 0.0 0 15.8 29 180 M M 4 35 190
13 91 73 82 6 0 17 0.00 0.0 0 10.5 20 180 M M 6 25 190
14 92 72 82 6 0 17 0.00 0.0 0 7.1 14 200 M M 7 17 10
15 84 72 78 2 0 13 0.00 0.0 0 8.9 16 130 M M 6 20 150
16 84 72 78 2 0 13 0.02 0.0 0 7.5 15 360 M M 8 21 320
17 84 72 78 2 0 13 0.02 0.0 0 8.3 17 180 M M 8 22 180
18 84 74 79 2 0 14 0.38 0.0 0 14.2 31 220 M M 8 13 41 230
19 94 75 85 8 0 20 0.00 0.0 0 14.0 21 250 M M 5 25 250
20 95 76 86 9 0 21 0.00 0.0 0 12.9 23 180 M M 2 28 180
21 91 75 83 6 0 18 0.00 0.0 0 10.3 21 180 M M 4 3 30 180
22 95 78 87 10 0 22 0.00 0.0 0 10.0 24 170 M M 4 30 180
23 96 77 87 10 0 22 0.00 0.0 0 9.5 20 180 M M 4 23 170
24 96 76 86 9 0 21 0.00 0.0 0 13.8 26 180 M M 7 33 190
25 86 75 81 4 0 16 0.23 0.0 0 10.4 18 190 M M 8 13 23 180
26 81 72 77 0 0 12 0.00 0.0 0 9.5 16 240 M M 7 19 230
27 85 68 77 1 0 12 0.00 0.0 0 8.7 17 180 M M 7 22 180
28 84 74 79 3 0 14 0.18 0.0 0 10.8 20 180 M M 8 138 25 170
29 85 76 81 5 0 16 T 0.0 0 9.7 17 190 M M 8 20 190
30 91 74 83 7 0 18 T 0.0 0 11.3 22 320 M M 6 29 320
31 85 69 77 1 0 12 T 0.0 0 8.1 15 210 M M 7 18 210
================================================================================
SM 2695 2221 0 450 1.10 0.0 324.4 M 192
================================================================================
AV 86.9 71.6 10.5 FASTST M M 6 MAX(MPH)
MISC ----> 31 220 41 230
================================================================================
NOTES:
# LAST OF SEVERAL OCCURRENCES
COLUMN 17 PEAK WIND IN M.P.H.
PRELIMINARY LOCAL CLIMATOLOGICAL DATA (WS FORM: F-6) , PAGE 2
STATION: KENNEDY NY
MONTH: JULY
YEAR: 2022
LATITUDE: 40 39 N
LONGITUDE: 73 47 W
[TEMPERATURE DATA] [PRECIPITATION DATA] SYMBOLS USED IN COLUMN 16
AVERAGE MONTHLY: 79.3 TOTAL FOR MONTH: 1.10 1 = FOG OR MIST
DPTR FM NORMAL: 3.2 DPTR FM NORMAL: -2.76 2 = FOG REDUCING VISIBILITY
HIGHEST: 96 ON 24,23 GRTST 24HR 0.38 ON 18-18 TO 1/4 MILE OR LESS
LOWEST: 65 ON 11, 8 3 = THUNDER
SNOW, ICE PELLETS, HAIL 4 = ICE PELLETS
TOTAL MONTH: 0.0 INCH 5 = HAIL
GRTST 24HR 0.0 6 = FREEZING RAIN OR DRIZZLE
GRTST DEPTH: 0 7 = DUSTSTORM OR SANDSTORM:
VSBY 1/2 MILE OR LESS
8 = SMOKE OR HAZE
[NO. OF DAYS WITH] [WEATHER - DAYS WITH] 9 = BLOWING SNOW
X = TORNADO
MAX 32 OR BELOW: 0 0.01 INCH OR MORE: 7
MAX 90 OR ABOVE: 9 0.10 INCH OR MORE: 4
MIN 32 OR BELOW: 0 0.50 INCH OR MORE: 0
MIN 0 OR BELOW: 0 1.00 INCH OR MORE: 0
[HDD (BASE 65) ]
TOTAL THIS MO. 0 CLEAR (SCALE 0-3) 2
DPTR FM NORMAL 0 PTCLDY (SCALE 4-7) 28
TOTAL FM JUL 1 0 CLOUDY (SCALE 8-10) 1
DPTR FM NORMAL 0
[CDD (BASE 65) ]
TOTAL THIS MO. 450
DPTR FM NORMAL 104 [PRESSURE DATA]
TOTAL FM JAN 1 673 HIGHEST SLP M ON M
DPTR FM NORMAL 118 LOWEST SLP 29.68 ON 12
[REMARKS]
#FINAL-07-22#