000
CXUS51 KOKX 011010
CF6JFK
PRELIMINARY LOCAL CLIMATOLOGICAL DATA (WS FORM: F-6)
STATION: KENNEDY NY
MONTH: JANUARY
YEAR: 2024
LATITUDE: 40 39 N
LONGITUDE: 73 47 W
TEMPERATURE IN F: :PCPN: SNOW: WIND :SUNSHINE: SKY :PK WND
================================================================================
1 2 3 4 5 6A 6B 7 8 9 10 11 12 13 14 15 16 17 18
12Z AVG MX 2MIN
DY MAX MIN AVG DEP HDD CDD WTR SNW DPTH SPD SPD DIR MIN PSBL S-S WX SPD DR
================================================================================
1 47 35 41 6 24 0 T 0.0 0 6.6 15 350 M M 8 18 340
2 42 28 35 1 30 0 0.00 0.0 0 9.8 18 350 M M 1 22 350
3 45 33 39 5 26 0 0.00 0.0 0 8.5 14 300 M M 5 20 300
4 46 28 37 3 28 0 0.00 0.0 0 14.3 29 310 M M 6 34 310
5 38 26 32 -2 33 0 0.00 0.0 0 13.1 23 340 M M 4 28 330
6 39 27 33 -1 32 0 0.54 0.1 0 11.1 29 70 M M 8 1 36 60
7 39 35 37 3 28 0 0.28 T 0 15.6 23 320 M M 9 1 31 310
8 45 32 39 6 26 0 0.00 0.0 0 12.3 33 330 M M 4 41 330
9 54 28 41 8 24 0 1.59 0.0 0 16.6 40 150 M M 8 1 54 160
10 54 43 49 16 16 0 0.28 0.0 0 22.5 36 270 M M 8 1 46 280
11 46 39 43 10 22 0 0.00 0.0 0 14.7 28 270 M M 6 35 270
12 48 34 41 8 24 0 0.06 0.0 0 11.5 31 100 M M 5 1 43 110
13 56 35 46 13 19 0 1.13 0.0 0 22.7 38 280 M M 8 12 49 280
14 44 26 35 2 30 0 T T 0 21.4 37 280 M M 3 48 270
15 29 23 26 -7 39 0 0.06 0.7 0 9.3 17 310 M M 8 1 21 290
16 32 22 27 -5 38 0 0.36 1.3 2 14.2 30 310 M M 9 146 38 320
17 24 18 21 -11 44 0 0.00 0.0 1 18.2 28 260 M M 1 32 260
18 33 22 28 -4 37 0 0.00 0.0 1 11.4 21 270 M M 7 25 270
19 33 25 29 -3 36 0 0.01 0.3 T 11.0 21 350 M M 9 18 24 340
20 26 18 22 -10 43 0 T T T 20.8 30 310 M M 5 39 320
21 32 19 26 -6 39 0 0.00 0.0 T 17.9 29 310 M M 2 35 310
22 36 22 29 -3 36 0 0.00 0.0 T 12.5 22 250 M M 4 27 240
23 40 32 36 4 29 0 0.01 T 0 7.5 18 240 M M 9 4 21 250
24 45 36 41 9 24 0 0.09 0.0 0 5.4 10 120 M M 10 1 13 130
25 55 43 49 17 16 0 0.27 0.0 0 6.1 23 100 M M 10 1 28 100
26 46 41 44 12 21 0 0.21 0.0 0 8.1 21 90 M M 10 12 25 100
27 48 41 45 13 20 0 0.00 0.0 0 5.4 12 20 M M 10 12 13 20
28 41 37 39 7 26 0 0.92 0.0 0 13.7 24 70 M M 10 1 31 60
29 40 35 38 6 27 0 0.03 T 0 15.9 25 330 M M 10 1 34 330
30 38 34 36 4 29 0 T T 0 7.9 18 360 M M 10 23 360
31 39 34 37 5 28 0 T T 0 7.2 13 130 M M 10 1 19 120
================================================================================
SM 1280 951 894 0 5.84 2.4 393.2 M 217
================================================================================
AV 41.3 30.7 12.7 FASTST M M 7 MAX(MPH)
MISC ----> 40 150 54 160
================================================================================
NOTES:
# LAST OF SEVERAL OCCURRENCES
COLUMN 17 PEAK WIND IN M.P.H.
PRELIMINARY LOCAL CLIMATOLOGICAL DATA (WS FORM: F-6) , PAGE 2
STATION: KENNEDY NY
MONTH: JANUARY
YEAR: 2024
LATITUDE: 40 39 N
LONGITUDE: 73 47 W
[TEMPERATURE DATA] [PRECIPITATION DATA] SYMBOLS USED IN COLUMN 16
AVERAGE MONTHLY: 36.0 TOTAL FOR MONTH: 5.84 1 = FOG OR MIST
DPTR FM NORMAL: 3.2 DPTR FM NORMAL: 2.61 2 = FOG REDUCING VISIBILITY
HIGHEST: 56 ON 13 GRTST 24HR 2.91 ON 9-10 TO 1/4 MILE OR LESS
LOWEST: 18 ON 20,17 3 = THUNDER
SNOW, ICE PELLETS, HAIL 4 = ICE PELLETS
TOTAL MONTH: 2.4 INCHES 5 = HAIL
GRTST 24HR 1.3 ON 16-16 6 = FREEZING RAIN OR DRIZZLE
GRTST DEPTH: 2 ON 16 7 = DUSTSTORM OR SANDSTORM:
VSBY 1/2 MILE OR LESS
8 = SMOKE OR HAZE
[NO. OF DAYS WITH] [WEATHER - DAYS WITH] 9 = BLOWING SNOW
X = TORNADO
MAX 32 OR BELOW: 5 0.01 INCH OR MORE: 15
MAX 90 OR ABOVE: 0 0.10 INCH OR MORE: 9
MIN 32 OR BELOW: 16 0.50 INCH OR MORE: 4
MIN 0 OR BELOW: 0 1.00 INCH OR MORE: 2
[HDD (BASE 65) ]
TOTAL THIS MO. 894 CLEAR (SCALE 0-3) 3
DPTR FM NORMAL -102 PTCLDY (SCALE 4-7) 15
TOTAL FM JUL 1 2381 CLOUDY (SCALE 8-10) 13
DPTR FM NORMAL -282
[CDD (BASE 65) ]
TOTAL THIS MO. 0
DPTR FM NORMAL 0 [PRESSURE DATA]
TOTAL FM JAN 1 0 HIGHEST SLP M ON M
DPTR FM NORMAL 0 LOWEST SLP 29.00 ON 10
[REMARKS]
#FINAL-01-24#