000
CXUS53 KGRR 011010
CF6JXN
PRELIMINARY LOCAL CLIMATOLOGICAL DATA (WS FORM: F-6)
STATION: JACKSON
MONTH: DECEMBER
YEAR: 2020
LATITUDE: 42 16 N
LONGITUDE: 84 28 W
TEMPERATURE IN F: :PCPN: SNOW: WIND :SUNSHINE: SKY :PK WND
================================================================================
1 2 3 4 5 6A 6B 7 8 9 10 11 12 13 14 15 16 17 18
12Z AVG MX 2MIN
DY MAX MIN AVG DEP HDD CDD WTR SNW DPTH SPD SPD DIR MIN PSBL S-S WX SPD DR
================================================================================
1 37 29 33 0 32 0 0.00 M M 10.7 18 270 M M 7 8 31 330
2 47 29 38 5 27 0 0.00 M M 10.1 16 230 M M 0 25 220
3 46 30 38 6 27 0 0.00 M M 13.8 24 230 M M 0 36 240
4 46 36 41 9 24 0 0.00 M M 11.4 23 210 M M 9 30 220
5 37 20 29 -3 36 0 0.00 M M 4.6 10 340 M M 6 16 310
6 28 18 23 -8 42 0 0.00 M M 3.6 8 320 M M 8 13 40
7 34 21 28 -3 37 0 0.00 M M 4.6 9 290 M M 8 14 300
8 37 20 29 -1 36 0 0.00 M M 9.0 20 220 M M 10 8 31 240
9 49 28 39 9 26 0 0.00 M M 8.3 20 240 M M 5 128 31 240
10 51 24 38 8 27 0 0.00 M M 3.8 13 160 M M 2 128 18 160
11 50 30 40 11 25 0 0.03 M M 4.6 13 40 M M 2 18 19 20
12 54 33 44 15 21 0 0.60 M M 12.7 32 210 M M 10 18 51 200
13 37 31 34 5 31 0 0.00 M M 6.3 12 220 M M 10 18 290
14 34 21 28 0 37 0 0.01 M M 8.4 16 290 M M 8 27 260
15 28 15 22 -6 43 0 0.00 M M 4.6 12 50 M M 1 18 60
16 30 20 25 -3 40 0 0.02 M M 9.5 17 40 M M 9 18 24 30
17 30 21 26 -1 39 0 0.01 M M 3.4 8 340 M M 10 128 13 20
18 35 20 28 1 37 0 0.00 M M 5.2 15 150 M M 7 128 21 170
19 37 29 33 6 32 0 0.00 M M 8.6 17 180 M M 8 18 23 170
20 37 30 34 7 31 0 0.00 M M 8.3 18 210 M M 8 18 27 220
21 39 33 36 10 29 0 0.02 M M 8.2 16 250 M M 10 18 24 250
22 38 30 34 8 31 0 0.01 M M 7.7 15 160 M M 9 1 22 260
23 50 36 43 17 22 0 T M M 17.1 30 160 M M 6 46 160
24 49 19 34 8 31 0 0.08 M M 14.8 32 220 M M 10 1 46 220
25 23 16 20 -6 45 0 T M M 11.6 22 230 M M 10 18 34 220
26 27 19 23 -2 42 0 T M M 9.7 23 230 M M 10 34 230
27 43 20 32 7 33 0 0.14 M M 8.3 20 210 M M 4 18 27 180
28 44 21 33 8 32 0 0.03 M M 11.4 26 230 M M 8 1 48 240
29 31 19 25 0 40 0 0.06 M M 5.8 17 120 M M 5 1 29 120
30 40 27 34 9 31 0 0.10 M M 15.1 22 230 M M 10 16 35 230
31 31 18 25 1 40 0 0.00 M M 3.8 15 260 M M 7 18 24 280
================================================================================
SM 1199 763 1026 0 1.11 M 265.0 M 217
================================================================================
AV 38.7 24.6 8.5 FASTST M M 7 MAX(MPH)
MISC ----> # 32 210 51 200
================================================================================
NOTES:
# LAST OF SEVERAL OCCURRENCES
COLUMN 17 PEAK WIND IN M.P.H.
PRELIMINARY LOCAL CLIMATOLOGICAL DATA (WS FORM: F-6) , PAGE 2
STATION: JACKSON
MONTH: DECEMBER
YEAR: 2020
LATITUDE: 42 16 N
LONGITUDE: 84 28 W
[TEMPERATURE DATA] [PRECIPITATION DATA] SYMBOLS USED IN COLUMN 16
AVERAGE MONTHLY: 31.6 TOTAL FOR MONTH: 1.11 1 = FOG OR MIST
DPTR FM NORMAL: 3.5 DPTR FM NORMAL: -0.76 2 = FOG REDUCING VISIBILITY
HIGHEST: 54 ON 12 GRTST 24HR 0.63 ON 11-12 TO 1/4 MILE OR LESS
LOWEST: 15 ON 15 3 = THUNDER
SNOW, ICE PELLETS, HAIL 4 = ICE PELLETS
TOTAL MONTH: M 5 = HAIL
GRTST 24HR M ON M 6 = FREEZING RAIN OR DRIZZLE
GRTST DEPTH: M ON M 7 = DUSTSTORM OR SANDSTORM:
VSBY 1/2 MILE OR LESS
8 = SMOKE OR HAZE
[NO. OF DAYS WITH] [WEATHER - DAYS WITH] 9 = BLOWING SNOW
X = TORNADO
MAX 32 OR BELOW: 8 0.01 INCH OR MORE: 12
MAX 90 OR ABOVE: 0 0.10 INCH OR MORE: 3
MIN 32 OR BELOW: 27 0.50 INCH OR MORE: 1
MIN 0 OR BELOW: 0 1.00 INCH OR MORE: 0
[HDD (BASE 65) ]
TOTAL THIS MO. 1026 CLEAR (SCALE 0-3) 5
DPTR FM NORMAL -118 PTCLDY (SCALE 4-7) 10
TOTAL FM JUL 1 2304 CLOUDY (SCALE 8-10) 16
DPTR FM NORMAL -242
[CDD (BASE 65) ]
TOTAL THIS MO. 0
DPTR FM NORMAL 0 [PRESSURE DATA]
TOTAL FM JAN 1 665 HIGHEST SLP 30.59 ON 29
DPTR FM NORMAL 73 LOWEST SLP 29.48 ON 24
[REMARKS]
#FINAL-12-20#