000
CXUS55 KPUB 011210
CF6LAA
PRELIMINARY LOCAL CLIMATOLOGICAL DATA (WS FORM: F-6)
STATION: LAMAR CO
MONTH: SEPTEMBER
YEAR: 2021
LATITUDE: 38 4 N
LONGITUDE: 102 41 W
TEMPERATURE IN F: :PCPN: SNOW: WIND :SUNSHINE: SKY :PK WND
================================================================================
1 2 3 4 5 6A 6B 7 8 9 10 11 12 13 14 15 16 17 18
12Z AVG MX 2MIN
DY MAX MIN AVG DEP HDD CDD WTR SNW DPTH SPD SPD DIR MIN PSBL S-S WX SPD DR
================================================================================
1 100 55 78 4 0 13 T M M 14.0 30 170 M M 2 3 41 180
2 93 67 80 7 0 15 0.03 M M 8.4 20 240 M M 2 25 240
3 86 62 74 1 0 9 0.87 M M 10.3 24 320 M M 4 13 34 330
4 82 62 72 -1 0 7 0.03 M M 5.9 13 110 M M 5 1 19 60
5 91 59 75 3 0 10 0.00 M M 4.3 13 200 M M 0 1 17 160
6 97 55 76 4 0 11 0.00 M M 4.4 15 70 M M 0 1 20 70
7 91 56 74 2 0 9 0.00 M M 8.4 20 60 M M 0 28 40
8 92 49 71 -1 0 6 0.00 M M 6.1 20 180 M M 0 26 180
9 99 54 77 6 0 12 0.00 M M 5.0 15 280 M M 0 21 290
10 103 48 76 5 0 11 0.00 M M 7.4 16 160 M M 0 24 130
11 104 52 78 8 0 13 0.00 M M 5.5 16 350 M M 0 22 340
12 96 63 80 10 0 15 0.16 M M 9.3 28 230 M M 1 138 36 40
13 98 56 77 7 0 12 0.00 M M 11.7 28 360 M M 0 34 360
14 86 63 75 6 0 10 T M M 12.7 22 90 M M 1 32 80
15 93 60 77 8 0 12 0.00 M M 9.7 21 170 M M 3 8 29 170
16 98 63 81 13 0 16 0.00 M M 12.4 26 180 M M 0 41 170
17 75 55 65 -3 0 0 0.00 M M 11.1 31 10 M M 7 44 10
18 95 60 78 10 0 13 0.00 M M 11.5 29 180 M M 3 41 180
19 97 62 80 13 0 15 0.00 M M 8.8 24 190 M M 0 8 34 190
20 77 58 68 1 0 3 0.00 M M 13.9 29 10 M M 3 42 360
21 72 41 57 -9 8 0 0.01 M M 9.1 24 360 M M 3 35 360
22 82 35 59 -7 6 0 0.00 M M 3.9 18 200 M M 0 24 190
23 90 36 63 -2 2 0 0.00 M M 5.7 14 170 M M 0 19 170
24 82 45 64 -1 1 0 0.00 M M 8.3 20 60 M M 0 28 40
25 88 42 65 1 0 0 0.00 M M 5.8 16 160 M M 0 27 170
26 96 47 72 8 0 7 0.00 M M 7.1 22 180 M M 0 28 190
27 93 46 70 7 0 5 0.00 M M 8.5 21 190 M M 0 8 27 200
28 88 63 76 13 0 11 T M M 11.5 26 180 M M 4 36 180
29 86 50 68 6 0 3 T M M 10.1 33 10 M M 1 51 20
30 72 47 60 -2 5 0 T M M 8.3 23 10 M M 5 34 350
================================================================================
SM 2702 1611 22 238 1.10 M 259.1 M 44
================================================================================
AV 90.1 53.7 8.6 FASTST M M 1 MAX(MPH)
MISC ----> 33 10 51 20
================================================================================
NOTES:
# LAST OF SEVERAL OCCURRENCES
COLUMN 17 PEAK WIND IN M.P.H.
PRELIMINARY LOCAL CLIMATOLOGICAL DATA (WS FORM: F-6) , PAGE 2
STATION: LAMAR CO
MONTH: SEPTEMBER
YEAR: 2021
LATITUDE: 38 4 N
LONGITUDE: 102 41 W
[TEMPERATURE DATA] [PRECIPITATION DATA] SYMBOLS USED IN COLUMN 16
AVERAGE MONTHLY: 71.9 TOTAL FOR MONTH: 1.10 1 = FOG OR MIST
DPTR FM NORMAL: 3.7 DPTR FM NORMAL: 0.07 2 = FOG REDUCING VISIBILITY
HIGHEST: 104 ON 11 GRTST 24HR 0.90 ON 3- 4 TO 1/4 MILE OR LESS
LOWEST: 35 ON 22 3 = THUNDER
SNOW, ICE PELLETS, HAIL 4 = ICE PELLETS
TOTAL MONTH: M 5 = HAIL
GRTST 24HR M ON M 6 = FREEZING RAIN OR DRIZZLE
GRTST DEPTH: M ON M 7 = DUSTSTORM OR SANDSTORM:
VSBY 1/2 MILE OR LESS
8 = SMOKE OR HAZE
[NO. OF DAYS WITH] [WEATHER - DAYS WITH] 9 = BLOWING SNOW
X = TORNADO
MAX 32 OR BELOW: 0 0.01 INCH OR MORE: 5
MAX 90 OR ABOVE: 18 0.10 INCH OR MORE: 2
MIN 32 OR BELOW: 0 0.50 INCH OR MORE: 1
MIN 0 OR BELOW: 0 1.00 INCH OR MORE: 0
[HDD (BASE 65) ]
TOTAL THIS MO. 22 CLEAR (SCALE 0-3) 24
DPTR FM NORMAL -38 PTCLDY (SCALE 4-7) 6
TOTAL FM JUL 1 22 CLOUDY (SCALE 8-10) 0
DPTR FM NORMAL -41
[CDD (BASE 65) ]
TOTAL THIS MO. 238
DPTR FM NORMAL 81 [PRESSURE DATA]
TOTAL FM JAN 1 1407 HIGHEST SLP 30.46 ON 21
DPTR FM NORMAL 104 LOWEST SLP 29.49 ON 19
[REMARKS]
#FINAL-09-21#