000
CXUS53 KIND 011532
CLMLAF
CLIMATE REPORT
NATIONAL WEATHER SERVICE INDIANAPOLIS IN
1132 AM EDT MON APR 01 2024
...................................
...THE LAFAYETTE IN CLIMATE SUMMARY FOR THE MONTH OF MARCH 2024...
CLIMATE NORMAL PERIOD 1991 TO 2020
CLIMATE RECORD PERIOD 9999 TO 9999
WEATHER OBSERVED NORMAL DEPART LAST YEAR`S
VALUE DATE(S) VALUE FROM VALUE DATE(S)
NORMAL
................................................................
TEMPERATURE (F)
HIGHEST 75 03/04 70 03/06
03/13
LOWEST 24 03/01 14 03/18
03/21
03/28
03/19
AVG. MAXIMUM 58.0 49.5 8.5 49.9
AVG. MINIMUM 35.5 30.4 5.1 30.9
MEAN 46.7 40.0 6.7 40.4
DAYS MAX >= 90 0 0.0 0.0 0
DAYS MAX <= 32 0 2.0 -2.0 1
DAYS MIN <= 32 13 18.0 -5.0 18
DAYS MIN <= 0 0 0.1 -0.1 0
PRECIPITATION (INCHES)
TOTALS 2.95 2.73 0.22 4.06
DAILY AVG. 0.10 0.09 0.01 0.14
DAYS >= .01 10 10.6 -0.6 10
DAYS >= .10 7 5.6 1.4 6
DAYS >= .50 3 1.8 1.2 2
DAYS >= 1.00 0 0.5 -0.5 2
GREATEST
24 HR. TOTAL 0.62 03/08 TO 03/09
DEGREE DAYS
HEATING TOTAL 560 779 -219 754
SINCE 7/1 4254 5207 -953 MM
COOLING TOTAL 1 2 -1 0
SINCE 1/1 1 2 -1 MM
................................................................
WIND (MPH)
AVERAGE WIND SPEED 9.5
HIGHEST WIND SPEED/DIRECTION 28/250 DATE 03/14
28/280 03/16
28/270 03/19
HIGHEST GUST SPEED/DIRECTION 47/220 DATE 03/16
SKY COVER
AVERAGE SKY COVER 0.47
AVERAGE RH (PERCENT) 63
WEATHER CONDITIONS. NUMBER OF DAYS WITH
THUNDERSTORM 4 MIXED PRECIP 0
HEAVY RAIN 4 RAIN 6
LIGHT RAIN 11 FREEZING RAIN 0
LT FREEZING RAIN 0 HAIL 0
HEAVY SNOW 0 SNOW 0
LIGHT SNOW 0 SLEET 0
FOG 12 FOG W/VIS <= 1/4 MILE 0
HAZE 3
- INDICATES NEGATIVE NUMBERS.
R INDICATES RECORD WAS SET OR TIED.
MM INDICATES DATA IS MISSING.
T INDICATES TRACE AMOUNT.
$$