000
CXUS53 KGRR 011010
CF6LAN
PRELIMINARY LOCAL CLIMATOLOGICAL DATA (WS FORM: F-6)
STATION: LANSING
MONTH: FEBRUARY
YEAR: 2022
LATITUDE: 42 46 N
LONGITUDE: 84 36 W
TEMPERATURE IN F: :PCPN: SNOW: WIND :SUNSHINE: SKY :PK WND
================================================================================
1 2 3 4 5 6A 6B 7 8 9 10 11 12 13 14 15 16 17 18
12Z AVG MX 2MIN
DY MAX MIN AVG DEP HDD CDD WTR SNW DPTH SPD SPD DIR MIN PSBL S-S WX SPD DR
================================================================================
1 50 25 38 15 27 0 0.16 0.0 3 13.7 23 200 M M 4 18 32 210
2 41 21 31 7 34 0 1.25 13.3 2 9.0 17 350 M M 10 128 24 350
3 21 10 16 -8 49 0 T T 12 12.3 24 40 M M 8 8 32 20
4 21 2 12 -12 53 0 0.01 T 11 4.0 9 360 M M 3 18 16 20
5 23 3 13 -11 52 0 0.01 0.4 10 7.4 21 180 M M 4 18 31 170
6 34 17 26 2 39 0 0.00 0.0 10 13.0 21 190 M M 4 30 200
7 32 24 28 4 37 0 T T 8 11.2 22 260 M M 8 18 27 270
8 32 21 27 3 38 0 T T 8 10.4 20 170 M M 6 8 25 160
9 41 28 35 11 30 0 T T 7 13.0 21 230 M M 6 18 27 230
10 35 27 31 6 34 0 0.02 0.2 6 12.5 23 210 M M 9 18 31 210
11 39 27 33 8 32 0 0.17 1.7 7 15.0 30 210 M M 10 18 40 210
12 30 17 24 -1 41 0 0.01 0.1 6 9.5 23 300 M M 10 18 31 300
13 19 1 10 -15 55 0 0.09 2.6 6 3.8 13 40 M M 8 18 16 30
14 22 -3 10 -16 55 0 T T 8 6.1 17 250 M M 9 8 20 230
15 29 18 24 -2 41 0 T T 7 9.4 20 150 M M 5 8 31 150
16 50 27 39 13 26 0 0.28 0.0 M 17.6 28 210 M M 6 1 39 200
17 46 20 33 7 32 0 0.79 4.3 2 11.5 20 350 M M 10 18 27 10
18 29 13 21 -5 44 0 T 0.5 5 15.7 32 220 M M 7 8 45 210
19 29 10 20 -7 45 0 0.07 1.0 5 16.8 37 280 M M 6 128 55 270
20 48 13 31 4 34 0 0.00 0.0 5 17.0 32 210 M M 1 45 200
21 45 29 37 10 28 0 0.00 0.0 T 9.5 16 90 M M 0 20 90
22 48 29 39 11 26 0 0.66 0.0 0 7.8 30 260 M M 10 1 41 260
23 29 17 23 -5 42 0 T T T 12.3 30 270 M M 10 8 39 260
24 28 16 22 -6 43 0 0.02 0.8 0 11.2 23 60 M M 8 18 29 60
25 27 17 22 -6 43 0 0.17 2.2 3 7.8 16 330 M M 10 18 22 340
26 31 17 24 -5 41 0 T T 3 13.6 25 250 M M 5 32 240
27 38 26 32 3 33 0 0.00 0.0 2 13.3 22 230 M M 2 30 250
28 38 20 29 -1 36 0 0.00 0.0 T 10.2 22 160 M M 5 32 180
================================================================================
SM 955 492 1090 0 3.71 27.1 314.6 M 184
================================================================================
AV 34.1 17.6 11.2 FASTST M M 7 MAX(MPH)
MISC ----> 37 280 55 270
================================================================================
NOTES:
# LAST OF SEVERAL OCCURRENCES
COLUMN 17 PEAK WIND IN M.P.H.
PRELIMINARY LOCAL CLIMATOLOGICAL DATA (WS FORM: F-6) , PAGE 2
STATION: LANSING
MONTH: FEBRUARY
YEAR: 2022
LATITUDE: 42 46 N
LONGITUDE: 84 36 W
[TEMPERATURE DATA] [PRECIPITATION DATA] SYMBOLS USED IN COLUMN 16
AVERAGE MONTHLY: 25.8 TOTAL FOR MONTH: 3.71 1 = FOG OR MIST
DPTR FM NORMAL: -0.1 DPTR FM NORMAL: 2.00 2 = FOG REDUCING VISIBILITY
HIGHEST: 50 ON 16, 1 GRTST 24HR 2.34 ON 2- 3 TO 1/4 MILE OR LESS
LOWEST: -3 ON 14 3 = THUNDER
SNOW, ICE PELLETS, HAIL 4 = ICE PELLETS
TOTAL MONTH: 27.1 INCHES 5 = HAIL
GRTST 24HR 13.3 ON 2- 2 6 = FREEZING RAIN OR DRIZZLE
GRTST DEPTH: 12 ON 3 7 = DUSTSTORM OR SANDSTORM:
VSBY 1/2 MILE OR LESS
8 = SMOKE OR HAZE
[NO. OF DAYS WITH] [WEATHER - DAYS WITH] 9 = BLOWING SNOW
X = TORNADO
MAX 32 OR BELOW: 15 0.01 INCH OR MORE: 14
MAX 90 OR ABOVE: 0 0.10 INCH OR MORE: 7
MIN 32 OR BELOW: 28 0.50 INCH OR MORE: 3
MIN 0 OR BELOW: 1 1.00 INCH OR MORE: 1
[HDD (BASE 65) ]
TOTAL THIS MO. 1090 CLEAR (SCALE 0-3) 4
DPTR FM NORMAL -5 PTCLDY (SCALE 4-7) 13
TOTAL FM JUL 1 4418 CLOUDY (SCALE 8-10) 11
DPTR FM NORMAL -433
[CDD (BASE 65) ]
TOTAL THIS MO. 0
DPTR FM NORMAL 0 [PRESSURE DATA]
TOTAL FM JAN 1 0 HIGHEST SLP 30.57 ON 15
DPTR FM NORMAL 0 LOWEST SLP 29.49 ON 11
[REMARKS]
#FINAL-02-22#