000
CXUS55 KVEF 010911
CLMLAS
CLIMATE REPORT
NATIONAL WEATHER SERVICE LAS VEGAS, NV
211 AM PDT TUE AUG 01 2023
...................................
...THE LAS VEGAS NV CLIMATE SUMMARY FOR THE MONTH OF JULY 2023...
CLIMATE NORMAL PERIOD: 1991 TO 2020
CLIMATE RECORD PERIOD: 1937 TO 2023
WEATHER OBSERVED NORMAL DEPART LAST YEAR`S
VALUE DATE(S) VALUE FROM VALUE DATE(S)
NORMAL
................................................................
TEMPERATURE (F)
RECORD
HIGH 117 07/19/2005
07/24/1942
LOW 56 07/21/1940
07/19/1937
HIGHEST 116 07/16 112 07/12
07/22
LOWEST 77 07/08 72 07/28
AVG. MAXIMUM 109.1 104.5 4.6 104.1
AVG. MINIMUM 85.6 82.0 3.6 82.4
MEAN 97.3 93.2 4.1 93.3
DAYS MAX >= 90 31 30.6 0.4 31
DAYS MAX <= 32 0 0.0 0.0 0
DAYS MIN <= 32 0 0.0 0.0 0
DAYS MIN <= 0 0 0.0 0.0 0
PRECIPITATION (INCHES)
RECORD
MAXIMUM 2.48 1984
MINIMUM 0.00 1993
TOTALS T 0.38 -0.38 0.68
DAILY AVG. T 0.01 -0.01 0.02
DAYS >= .01 0 2.5 -2.5 6
DAYS >= .10 0 1.0 -1.0 3
DAYS >= .50 0 0.2 -0.2 0
DAYS >= 1.00 0 0.0 0.0 0
GREATEST
24 HR. TOTAL T 07/31 TO 07/31 0.32 07/28 TO 07/28
07/23 TO 07/23
07/28 TO 07/29
SNOWFALL (INCHES)
RECORDS
TOTAL 0.0 2002
24 HR TOTAL MM
TOTALS 0.0 0.0 0.0 0.0
SINCE 7/1 0.0
DAYS >= TRACE 0
DAYS >= 1.0 0
GREATEST
SNOW DEPTH 0
24 HR TOTAL 0.0
STORM TOTAL 0.0
DEGREE DAYS
HEATING TOTAL 0 0 0 0
SINCE 7/1 0 0 0 MM
COOLING TOTAL 1011 876 135 883
SINCE 1/1 2135 2118 17 MM
FREEZE DATES
RECORD
EARLIEST 10/21/1949
LATEST 04/12/1967
EARLIEST MM
LATEST 02/01
................................................................
WIND (MPH)
AVERAGE WIND SPEED 7.4
HIGHEST WIND SPEED/DIRECTION 28/030 DATE 07/31
HIGHEST GUST SPEED/DIRECTION 48/360 DATE 07/31
SKY COVER
POSSIBLE SUNSHINE (PERCENT) MM
AVERAGE SKY COVER 0.23
NUMBER OF DAYS FAIR 22
NUMBER OF DAYS PC 8
NUMBER OF DAYS CLOUDY 1
AVERAGE RH (PERCENT) 15
WEATHER CONDITIONS. NUMBER OF DAYS WITH
THUNDERSTORM 4 MIXED PRECIP 0
HEAVY RAIN 0 RAIN 0
LIGHT RAIN 2 FREEZING RAIN 0
LT FREEZING RAIN 0 HAIL 0
HEAVY SNOW 0 SNOW 0
LIGHT SNOW 0 SLEET 0
FOG 0 FOG W/VIS <= 1/4 MILE 0
HAZE 1
- INDICATES NEGATIVE NUMBERS.
R INDICATES RECORD WAS SET OR TIED.
MM INDICATES DATA IS MISSING.
T INDICATES TRACE AMOUNT.
$$