000
CXUS56 KLOX 011655
CF6LAX
PRELIMINARY LOCAL CLIMATOLOGICAL DATA (WS FORM: F-6)
STATION: LOS ANGELES INTL AIRPORT CA
MONTH: NOVEMBER
YEAR: 2020
LATITUDE: 33 55 N
LONGITUDE: 118 24 W
TEMPERATURE IN F: :PCPN: SNOW: WIND :SUNSHINE: SKY :PK WND
================================================================================
1 2 3 4 5 6A 6B 7 8 9 10 11 12 13 14 15 16 17 18
12Z AVG MX 2MIN
DY MAX MIN AVG DEP HDD CDD WTR SNW DPTH SPD SPD DIR MIN PSBL S-S WX SPD DR
================================================================================
1 76 55 66 2 0 1 0.00 0.0 0 5.2 13 260 M M 5 128 15 280
2 69 58 64 0 1 0 0.00 0.0 0 4.2 12 260 M M 7 128 16 240
3 72 57 65 1 0 0 0.00 0.0 0 4.9 17 260 M M 6 128 20 260
4 72 56 64 1 1 0 0.00 0.0 0 4.8 15 260 M M 2 128 17 260
5 88 58 73 10 0 8 0.00 0.0 0 3.4 14 260 M M 6 1 16 270
6 74 58 66 3 0 1 0.00 0.0 0 10.7 26 260 M M 8 18 32 270
7 62 52 57 -6 8 0 0.10 0.0 0 17.3 30 260 M M 5 3 35 280
8 61 48 55 -8 10 0 0.00 0.0 0 19.5 41 270 M M 4 51 260
9 62 45 54 -8 11 0 0.00 0.0 0 5.6 14 270 M M 2 18 200
10 64 46 55 -7 10 0 0.00 0.0 0 6.1 17 270 M M 1 22 280
11 64 46 55 -7 10 0 0.00 0.0 0 5.8 13 270 M M 2 18 240
12 67 47 57 -5 8 0 0.00 0.0 0 6.2 14 270 M M 3 17 240
13 65 48 57 -5 8 0 0.00 0.0 0 6.3 15 270 M M 2 18 280
14 65 50 58 -3 7 0 0.00 0.0 0 5.7 16 260 M M 1 19 240
15 82 51 67 6 0 2 0.00 0.0 0 4.3 14 270 M M 0 16 280
16 91 58 75 14 0 10 0.00 0.0 0 6.3 15 270 M M 0 18 20
17 75 54 65 4 0 0 0.00 0.0 0 5.7 14 270 M M 3 1 20 270
18 64 54 59 -1 6 0 0.00 0.0 0 8.4 16 250 M M 6 12 19 240
19 62 52 57 -3 8 0 0.00 0.0 0 5.5 16 270 M M 6 18 22 280
20 67 50 59 -1 6 0 0.00 0.0 0 3.6 13 270 M M 8 1 17 280
21 71 52 62 2 3 0 0.00 0.0 0 3.5 13 270 M M 6 18 16 280
22 68 48 58 -2 7 0 0.00 0.0 0 4.5 12 250 M M 3 18 16 200
23 62 49 56 -4 9 0 0.00 0.0 0 4.1 14 270 M M 6 128 17 250
24 67 52 60 1 5 0 0.00 0.0 0 5.6 13 280 M M 2 18 17 270
25 63 50 57 -2 8 0 0.00 0.0 0 5.4 13 240 M M 5 128 17 240
26 65 50 58 -1 7 0 0.00 0.0 0 4.5 13 130 M M 2 18 17 280
27 67 43 55 -4 10 0 0.00 0.0 0 5.3 14 290 M M 0 22 280
28 72 48 60 2 5 0 0.00 0.0 0 4.5 13 290 M M 0 16 290
29 74 48 61 3 4 0 0.00 0.0 0 5.2 14 270 M M 2 16 270
30 76 49 63 5 2 0 0.00 0.0 0 4.7 15 270 M M 3 18 270
================================================================================
SM 2087 1532 154 22 0.10 0.0 186.8 M 106
================================================================================
AV 69.6 51.1 6.2 FASTST M M 4 MAX(MPH)
MISC ----> # 41 270 # 51 260
================================================================================
NOTES:
# LAST OF SEVERAL OCCURRENCES
COLUMN 17 PEAK WIND IN M.P.H.
PRELIMINARY LOCAL CLIMATOLOGICAL DATA (WS FORM: F-6) , PAGE 2
STATION: LOS ANGELES INTL AIRPORT CA
MONTH: NOVEMBER
YEAR: 2020
LATITUDE: 33 55 N
LONGITUDE: 118 24 W
[TEMPERATURE DATA] [PRECIPITATION DATA] SYMBOLS USED IN COLUMN 16
AVERAGE MONTHLY: 60.3 TOTAL FOR MONTH: 0.10 1 = FOG OR MIST
DPTR FM NORMAL: -0.8 DPTR FM NORMAL: -1.01 2 = FOG REDUCING VISIBILITY
HIGHEST: 91 ON 16 GRTST 24HR 0.10 ON 7- 7 TO 1/4 MILE OR LESS
LOWEST: 43 ON 27 3 = THUNDER
SNOW, ICE PELLETS, HAIL 4 = ICE PELLETS
TOTAL MONTH: 0.0 INCH 5 = HAIL
GRTST 24HR 0.0 6 = FREEZING RAIN OR DRIZZLE
GRTST DEPTH: 0 7 = DUSTSTORM OR SANDSTORM:
VSBY 1/2 MILE OR LESS
8 = SMOKE OR HAZE
[NO. OF DAYS WITH] [WEATHER - DAYS WITH] 9 = BLOWING SNOW
X = TORNADO
MAX 32 OR BELOW: 0 0.01 INCH OR MORE: 1
MAX 90 OR ABOVE: 1 0.10 INCH OR MORE: 1
MIN 32 OR BELOW: 0 0.50 INCH OR MORE: 0
MIN 0 OR BELOW: 0 1.00 INCH OR MORE: 0
[HDD (BASE 65) ]
TOTAL THIS MO. 154 CLEAR (SCALE 0-3) 15
DPTR FM NORMAL 16 PTCLDY (SCALE 4-7) 15
TOTAL FM JUL 1 160 CLOUDY (SCALE 8-10) 0
DPTR FM NORMAL -22
[CDD (BASE 65) ]
TOTAL THIS MO. 22
DPTR FM NORMAL 3 [PRESSURE DATA]
TOTAL FM JAN 1 881 HIGHEST SLP 30.21 ON 28
DPTR FM NORMAL 331 LOWEST SLP 29.63 ON 6
[REMARKS]
#FINAL-11-20#